 {"id":90254,"date":"2024-05-04T07:08:31","date_gmt":"2024-05-04T05:08:31","guid":{"rendered":"https:\/\/foodandgood.fr\/etablissement\/gites-lecrin-la-jouvence\/"},"modified":"2024-07-04T16:13:28","modified_gmt":"2024-07-04T14:13:28","slug":"gites-lecrin-la-jouvence","status":"publish","type":"etablissement","link":"https:\/\/foodandgood.fr\/nl\/etablissement\/gites-lecrin-la-jouvence\/","title":{"rendered":"G\u00eetes l\u2019Ecrin & la Jouvence"},"excerpt":{"rendered":"","protected":false},"author":4,"comment_status":"closed","ping_status":"closed","template":"","meta":{"_acf_changed":false,"beyondwords_generate_audio":"","beyondwords_integration_method":"","beyondwords_project_id":"","beyondwords_content_id":"","beyondwords_preview_token":"","beyondwords_player_content":"","beyondwords_player_style":"","beyondwords_language_code":"","beyondwords_language_id":"","beyondwords_title_voice_id":"","beyondwords_body_voice_id":"","beyondwords_summary_voice_id":"","beyondwords_error_message":"","beyondwords_disabled":"","beyondwords_delete_content":"","beyondwords_podcast_id":"","beyondwords_hash":"","publish_post_to_speechkit":"","speechkit_hash":"","speechkit_generate_audio":"","speechkit_project_id":"","speechkit_podcast_id":"","speechkit_error_message":"","speechkit_disabled":"","speechkit_access_key":"","speechkit_error":"","speechkit_info":"","speechkit_response":"","speechkit_retries":"","speechkit_status":"","speechkit_updated_at":"","_speechkit_link":"","_speechkit_text":""},"class_list":["post-90254","etablissement","type-etablissement","status-publish","hentry","type-etablissement-logies-en-ontbijt","type-etablissement-riquewihr-nl"],"acf":{"id_eta_scn":"","id_app_foodandgood":"","id_exponum":"","abo":[],"etoile_michelin":[],"titre_presentation":"Gites in het hart van Riquewihr","presentation":"Gite l'Ecrin: Verwen jezelf in het hart van Riquewihr, de parel van de Elzas wijngaarden, in dit comfortabele appartement van 40 m\u00b2, onlangs gerenoveerd, op de 1e verdieping van een prachtig typisch vakwerkhuis.\nWij garanderen je de beste prijs-kwaliteitverhouding in Riquewihr, zodat jouw vakantie er een wordt van ontspanning en plezier.\nJe hebt een aparte slaapkamer (bed: 2 slaapplaatsen), een volledig uitgeruste keuken die uitkomt op de woonkamer (slaapbank: nog eens 2 slaapplaatsen) en een badkamer met douche.\nHet appartement is voorzien van alle moderne gemakken.\nBeddengoed en handdoeken zijn aanwezig.\n\nGite la jouvence : Verwen uzelf in het hart van Riquewihr, de parel van de Elzasser wijngaarden, in dit comfortabele, gerenoveerde appartement van 45 m\u00b2, met een uitzonderlijk uitzicht vanaf de 1e verdieping van een prachtig vakwerkhuis.U beschikt over een aparte slaapkamer (1 bed 190x140), een woonkamer met een slaapbank (met 2 extra bedden 190x140), die uitkomt op een volledig uitgeruste keuken, en een badkamer met douche en apart toilet.\nHet appartement is van alle gemakken voorzien (tv, gratis WiFi, wasmachine, vaatwasser, magnetron, enz.)\nBeddengoed en handdoeken zijn aanwezig.","types_prestation":false,"photo":null,"photo_bis":90199,"photo_3":90211,"adresse":{"address":"G\u00eete L\u2019\u00c9crin, Rue du G\u00e9n\u00e9ral de Gaulle, Riquewihr, France","lat":48.1665685,"lng":7.2981365,"zoom":7,"place_id":"ChIJmVWCYS9hkUcR4W8tALECLjw","name":"G\u00eete L\u2019\u00c9crin","street_number":17,"street_name":"Rue du G\u00e9n\u00e9ral de Gaulle","city":"Riquewihr","state":"Grand Est","post_code":68340,"country":"France","country_short":"FR"},"horaires":"Maandag: 24 uur per dag geopend\nDinsdag: 24 uur per dag geopend\nWoensdag: 24 uur per dag geopend\nDonderdag: 24 uur per dag geopend\nVrijdag: 24 uur per dag geopend\nZaterdag: 24 uur per dag geopend\nZondag: 24 uur per dag geopend","tel":"06 51 68 84 75","boutons":[{"title":"Website","link":"https:\/\/sites.google.com\/view\/gite-a-riquewihr\/accueil"}],"boutons_reservation":"","boutons_social":null,"articles":[{"title":"","text":"","image":""}]},"_links":{"self":[{"href":"https:\/\/foodandgood.fr\/nl\/wp-json\/wp\/v2\/etablissement\/90254","targetHints":{"allow":["GET"]}}],"collection":[{"href":"https:\/\/foodandgood.fr\/nl\/wp-json\/wp\/v2\/etablissement"}],"about":[{"href":"https:\/\/foodandgood.fr\/nl\/wp-json\/wp\/v2\/types\/etablissement"}],"author":[{"embeddable":true,"href":"https:\/\/foodandgood.fr\/nl\/wp-json\/wp\/v2\/users\/4"}],"replies":[{"embeddable":true,"href":"https:\/\/foodandgood.fr\/nl\/wp-json\/wp\/v2\/comments?post=90254"}],"version-history":[{"count":1,"href":"https:\/\/foodandgood.fr\/nl\/wp-json\/wp\/v2\/etablissement\/90254\/revisions"}],"predecessor-version":[{"id":90261,"href":"https:\/\/foodandgood.fr\/nl\/wp-json\/wp\/v2\/etablissement\/90254\/revisions\/90261"}],"wp:attachment":[{"href":"https:\/\/foodandgood.fr\/nl\/wp-json\/wp\/v2\/media?parent=90254"}],"curies":[{"name":"wp","href":"https:\/\/api.w.org\/{rel}","templated":true}]}}

Gîtes l’Ecrin & la Jouvence

Gîte L’Écrin, Rue du Général de Gaulle, Riquewihr, France

Gîte L’Écrin

Rue du Général de Gaulle
