 {"id":89238,"date":"2024-07-03T15:45:21","date_gmt":"2024-07-03T13:45:21","guid":{"rendered":"https:\/\/foodandgood.fr\/etablissement\/dimitri-vismarkt\/"},"modified":"2025-04-14T11:10:57","modified_gmt":"2025-04-14T09:10:57","slug":"dimitri-vismarkt","status":"publish","type":"etablissement","link":"https:\/\/foodandgood.fr\/nl\/dimitri-vismarkt\/","title":{"rendered":"Poissonnerie Dimitri"},"excerpt":{"rendered":"<p>Visboer van vader op zoon, Dimitri Oudart en zijn vrouw Sandrine verwelkomen u van dinsdag tot zaterdag en bieden u producten van eco-verantwoorde visserij zorgvuldig geselecteerd tijdens dagelijkse aankomsten om u optimale versheid te garanderen. Voor al uw speciale gelegenheden kunt u 48 voordien een bestelling plaatsen.<\/p>\n","protected":false},"author":13,"comment_status":"closed","ping_status":"closed","template":"","meta":{"_acf_changed":false,"beyondwords_generate_audio":"","beyondwords_integration_method":"","beyondwords_project_id":"","beyondwords_content_id":"","beyondwords_preview_token":"","beyondwords_player_content":"","beyondwords_player_style":"","beyondwords_language_code":"","beyondwords_language_id":"","beyondwords_title_voice_id":"","beyondwords_body_voice_id":"","beyondwords_summary_voice_id":"","beyondwords_error_message":"","beyondwords_disabled":"","beyondwords_delete_content":"","beyondwords_podcast_id":"","beyondwords_hash":"","publish_post_to_speechkit":"","speechkit_hash":"","speechkit_generate_audio":"","speechkit_project_id":"","speechkit_podcast_id":"","speechkit_error_message":"","speechkit_disabled":"","speechkit_access_key":"","speechkit_error":"","speechkit_info":"","speechkit_response":"","speechkit_retries":"","speechkit_status":"","speechkit_updated_at":"","_speechkit_link":"","_speechkit_text":""},"class_list":["post-89238","etablissement","type-etablissement","status-publish","hentry","type-etablissement-delicatessen-nl"],"acf":{"id_eta_scn":"","id_app_foodandgood":547,"id_exponum":"","abo":["FGood","APP"],"etoile_michelin":[],"titre_presentation":"Ecologisch verantwoord vissen","presentation":"Visboer van vader op zoon, Dimitri Oudart en zijn vrouw Sandrine verwelkomen u van dinsdag tot zaterdag en bieden u producten van eco-verantwoorde visserij zorgvuldig geselecteerd tijdens dagelijkse aankomsten om u optimale versheid te garanderen. Voor al uw speciale gelegenheden kunt u 48 voordien een bestelling plaatsen.\n\nU kunt ook proeven op het terrein tussen 11:00 en 14:00, oesters, garnalen, borden met gerookte zalm, enz ...\n\nVoor de eindejaarsfeesten kunt u genieten van verse verrines coquilles, Nuage de St Jacques en garnalen of kerstei met zalm en truffel.","types_prestation":false,"photo":98129,"photo_bis":98123,"photo_3":"","adresse":{"address":"March\u00e9 Couvert Colmar, Rue des \u00c9coles, Colmar, France","lat":48.0746862,"lng":7.3595877,"zoom":7,"place_id":"ChIJR7KsjS1lkUcRc4EnhC1rJR4","name":"March\u00e9 Couvert Colmar","street_number":13,"street_name":"Rue des \u00c9coles","city":"Colmar","state":"Grand Est","post_code":68000,"country":"France","country_short":"FR"},"horaires":"Maandag: Gesloten\nDinsdag: 08:00 - 18:00\nWoensdag: 08:00 - 18:00\nDonderdag: 07:00 - 18:00\nVrijdag: 08:00 - 19:00\nZaterdag: 08:00 - 17:00\nZondag: 10:00 - 14:00","tel":"03 89 41 51 85","boutons":[{"title":"Website","link":"https:\/\/www.marche-couvert-colmar.fr\/"}],"boutons_reservation":"","boutons_social":null,"articles":[{"title":"","text":"","image":""}]},"_links":{"self":[{"href":"https:\/\/foodandgood.fr\/nl\/wp-json\/wp\/v2\/etablissement\/89238","targetHints":{"allow":["GET"]}}],"collection":[{"href":"https:\/\/foodandgood.fr\/nl\/wp-json\/wp\/v2\/etablissement"}],"about":[{"href":"https:\/\/foodandgood.fr\/nl\/wp-json\/wp\/v2\/types\/etablissement"}],"author":[{"embeddable":true,"href":"https:\/\/foodandgood.fr\/nl\/wp-json\/wp\/v2\/users\/13"}],"replies":[{"embeddable":true,"href":"https:\/\/foodandgood.fr\/nl\/wp-json\/wp\/v2\/comments?post=89238"}],"version-history":[{"count":1,"href":"https:\/\/foodandgood.fr\/nl\/wp-json\/wp\/v2\/etablissement\/89238\/revisions"}],"predecessor-version":[{"id":98136,"href":"https:\/\/foodandgood.fr\/nl\/wp-json\/wp\/v2\/etablissement\/89238\/revisions\/98136"}],"wp:attachment":[{"href":"https:\/\/foodandgood.fr\/nl\/wp-json\/wp\/v2\/media?parent=89238"}],"curies":[{"name":"wp","href":"https:\/\/api.w.org\/{rel}","templated":true}]}}

Marché Couvert Colmar, Rue des Écoles, Colmar, France

Marché Couvert Colmar

Rue des Écoles
