 {"id":72940,"date":"2022-03-21T16:00:48","date_gmt":"2022-03-21T15:00:48","guid":{"rendered":"https:\/\/foodandgood.fr\/etablissement\/de-zes-bergen\/"},"modified":"2024-06-12T14:11:36","modified_gmt":"2024-06-12T12:11:36","slug":"de-zes-bergen","status":"publish","type":"etablissement","link":"https:\/\/foodandgood.fr\/nl\/de-zes-bergen\/","title":{"rendered":"Les Six Montagnes"},"excerpt":{"rendered":"","protected":false},"author":1,"comment_status":"closed","ping_status":"closed","template":"","meta":{"_acf_changed":false,"beyondwords_generate_audio":"","beyondwords_integration_method":"","beyondwords_project_id":"","beyondwords_content_id":"","beyondwords_preview_token":"","beyondwords_player_content":"","beyondwords_player_style":"","beyondwords_language_code":"","beyondwords_language_id":"","beyondwords_title_voice_id":"","beyondwords_body_voice_id":"","beyondwords_summary_voice_id":"","beyondwords_error_message":"","beyondwords_disabled":"","beyondwords_delete_content":"","beyondwords_podcast_id":"","beyondwords_hash":"","publish_post_to_speechkit":"","speechkit_hash":"","speechkit_generate_audio":"","speechkit_project_id":"","speechkit_podcast_id":"","speechkit_error_message":"","speechkit_disabled":"","speechkit_access_key":"","speechkit_error":"","speechkit_info":"","speechkit_response":"","speechkit_retries":"","speechkit_status":"","speechkit_updated_at":"","_speechkit_link":"","_speechkit_text":""},"class_list":["post-72940","etablissement","type-etablissement","status-publish","has-post-thumbnail","hentry","type-etablissement-brunch-nl","type-etablissement-elzasser-keuken","type-etablissement-italiaans-eten"],"acf":{"id_eta_scn":"","id_app_foodandgood":"","id_exponum":"","abo":[],"etoile_michelin":[],"titre_presentation":"Tussen de Elzas en Itali\u00eb","presentation":"<p class=\"font_8 wixui-rich-text__text\"><span class=\"wixui-rich-text__text\"><span class=\"color_15 wixui-rich-text__text\">Ons restaurant ligt in de historische wijk van de oude binnenstad van Colmar, in het hart van Klein Veneti\u00eb.  <\/span><\/span><span class=\"wixui-rich-text__text\"><span class=\"color_15 wixui-rich-text__text\">Onze keuken wordt ter plekke bereid met verse producten in samenwerking met lokale producenten.  <\/span><\/span><span class=\"wixui-rich-text__text\"><span class=\"color_15 wixui-rich-text__text\">Onze oesters komen rechtstreeks van onze producent op het Ile de R\u00e9.\n<\/span><\/span><span class=\"wixui-rich-text__text\"><span class=\"color_15 wixui-rich-text__text\">Onze chef-kok, die de kwaliteit van je gerechten hoog in het vaandel heeft staan, helpt je de smaken van de wereld te ontdekken en te delen!<\/span><\/span><\/p>\nSt\u00e9phane komt oorspronkelijk uit Napels en heeft een passie voor het combineren van de Franse keuken met het Italiaanse erfgoed van zijn grootmoeder. Elk gerecht dat hij bereidt vertelt een verhaal en cre\u00ebert een unieke culinaire puzzel waarin producten van land en zee subtiel worden gecombineerd. Kom en proef de authenticiteit en creativiteit van zijn keuken in Les 6 Montagnes!","types_prestation":false,"photo":63978,"photo_bis":81478,"photo_3":4703,"adresse":{"address":"Les Six Montagnes, Rue Landeck, Colmar, France","lat":48.07394790000001,"lng":7.356301500000001,"zoom":7,"place_id":"ChIJF9EAbJtlkUcRYTDNU-Ry6ec","name":"Les Six Montagnes","street_number":1,"street_name":"Rue Landeck","city":"Colmar","state":"Grand Est","post_code":68000,"country":"France","country_short":"FR"},"horaires":"Maandag: 09:00 - 22:00\nDinsdag: 09:00 - 22:00\nWoensdag: 09:00 - 22:00\nDonderdag: 09:00 - 22:00\nVrijdag: 09:00 - 22:00\nZaterdag: 09:00 - 22:00\nZondag: 09:00 - 22:00","tel":"03 68 61 13 70","boutons":[{"title":"Website","link":"https:\/\/www.les-six-montagnes.com\/"},{"title":"Kaart","link":"https:\/\/www.les-six-montagnes.com\/la-carte"}],"boutons_reservation":"","boutons_social":null,"articles":[{"title":"","text":"<h2>Een uitstapje naar de brouwerij in Colmar<\/h2>\n<span style=\"font-weight: 400;\">Chef Phuong Vu-Ngoc combineert zijn Elzasser en Vietnamese afkomst in een creatieve, bistronomische keuken. Hij heeft van vis zijn specialiteit gemaakt en biedt nu het hele jaar door oesters aan, rechtstreeks van de producent: L'Ostr\u00e9ica op het Ile de R\u00e9, binnen 48 uur geleverd van zee tot bord. Hoofdgerechten: Couteaux \u00e0 la proven\u00e7ale of Pluma Ib\u00e9rique Thaise stijl!<\/span>\n\nLees al het laatste nieuws over de brouwerij in Colmar op hun <a href=\"https:\/\/www.les-six-montagnes.com\">website<\/a>.","image":""}]},"_links":{"self":[{"href":"https:\/\/foodandgood.fr\/nl\/wp-json\/wp\/v2\/etablissement\/72940","targetHints":{"allow":["GET"]}}],"collection":[{"href":"https:\/\/foodandgood.fr\/nl\/wp-json\/wp\/v2\/etablissement"}],"about":[{"href":"https:\/\/foodandgood.fr\/nl\/wp-json\/wp\/v2\/types\/etablissement"}],"author":[{"embeddable":true,"href":"https:\/\/foodandgood.fr\/nl\/wp-json\/wp\/v2\/users\/1"}],"replies":[{"embeddable":true,"href":"https:\/\/foodandgood.fr\/nl\/wp-json\/wp\/v2\/comments?post=72940"}],"version-history":[{"count":1,"href":"https:\/\/foodandgood.fr\/nl\/wp-json\/wp\/v2\/etablissement\/72940\/revisions"}],"predecessor-version":[{"id":81451,"href":"https:\/\/foodandgood.fr\/nl\/wp-json\/wp\/v2\/etablissement\/72940\/revisions\/81451"}],"wp:featuredmedia":[{"embeddable":true,"href":"https:\/\/foodandgood.fr\/nl\/wp-json\/wp\/v2\/media\/63978"}],"wp:attachment":[{"href":"https:\/\/foodandgood.fr\/nl\/wp-json\/wp\/v2\/media?parent=72940"}],"curies":[{"name":"wp","href":"https:\/\/api.w.org\/{rel}","templated":true}]}}

Tussen de Elzas en Italië

<p class="font_8 wixui-rich-text__text"><span class="wixui-rich-text__text"><span class="color_15 wixui-rich-text__text">Ons restaurant ligt in de historische wijk van de oude binnenstad van Colmar, in het hart van Klein Venetië.  </span></span><span class="wixui-rich-text__text"><span class="color_15 wixui-rich-text__text">Onze keuken wordt ter plekke bereid met verse producten in samenwerking met lokale producenten.  </span></span><span class="wixui-rich-text__text"><span class="color_15 wixui-rich-text__text">Onze oesters komen rechtstreeks van onze producent op het Ile de Ré.
</span></span><span class="wixui-rich-text__text"><span class="color_15 wixui-rich-text__text">Onze chef-kok, die de kwaliteit van je gerechten hoog in het vaandel heeft staan, helpt je de smaken van de wereld te ontdekken en te delen!</span></span></p>
Stéphane komt oorspronkelijk uit Napels en heeft een passie voor het combineren van de Franse keuken met het Italiaanse erfgoed van zijn grootmoeder. Elk gerecht dat hij bereidt vertelt een verhaal en creëert een unieke culinaire puzzel waarin producten van land en zee subtiel worden gecombineerd. Kom en proef de authenticiteit en creativiteit van zijn keuken in Les 6 Montagnes!

<h2>Een uitstapje naar de brouwerij in Colmar</h2>
<span style="font-weight: 400;">Chef Phuong Vu-Ngoc combineert zijn Elzasser en Vietnamese afkomst in een creatieve, bistronomische keuken. Hij heeft van vis zijn specialiteit gemaakt en biedt nu het hele jaar door oesters aan, rechtstreeks van de producent: L'Ostréica op het Ile de Ré, binnen 48 uur geleverd van zee tot bord. Hoofdgerechten: Couteaux à la provençale of Pluma Ibérique Thaise stijl!</span>

Lees al het laatste nieuws over de brouwerij in Colmar op hun <a href="https://www.les-six-montagnes.com">website</a>.
