 {"id":72771,"date":"2024-04-10T11:14:38","date_gmt":"2024-04-10T09:14:38","guid":{"rendered":"https:\/\/foodandgood.fr\/etablissement\/herrscher-michel-traiteur\/"},"modified":"2024-06-03T14:23:21","modified_gmt":"2024-06-03T12:23:21","slug":"herrscher-michel-traiteur","status":"publish","type":"etablissement","link":"https:\/\/foodandgood.fr\/nl\/herrscher-michel-traiteur\/","title":{"rendered":"Boucher charcutier traiteur Michel Herrscher"},"excerpt":{"rendered":"<p>Onder leiding van Michel Herrscher (2e generatie) is de slagerij en delicatessenwinkel van de familie Herrscher sinds het begin tot bloei gekomen.<\/p>\n","protected":false},"author":13,"comment_status":"closed","ping_status":"closed","template":"","meta":{"_acf_changed":false,"beyondwords_generate_audio":"","beyondwords_integration_method":"","beyondwords_project_id":"","beyondwords_content_id":"","beyondwords_preview_token":"","beyondwords_player_content":"","beyondwords_player_style":"","beyondwords_language_code":"","beyondwords_language_id":"","beyondwords_title_voice_id":"","beyondwords_body_voice_id":"","beyondwords_summary_voice_id":"","beyondwords_error_message":"","beyondwords_disabled":"","beyondwords_delete_content":"","beyondwords_podcast_id":"","beyondwords_hash":"","publish_post_to_speechkit":"","speechkit_hash":"","speechkit_generate_audio":"","speechkit_project_id":"","speechkit_podcast_id":"","speechkit_error_message":"","speechkit_disabled":"","speechkit_access_key":"","speechkit_error":"","speechkit_info":"","speechkit_response":"","speechkit_retries":"","speechkit_status":"","speechkit_updated_at":"","_speechkit_link":"","_speechkit_text":""},"class_list":["post-72771","etablissement","type-etablissement","status-publish","has-post-thumbnail","hentry","type-etablissement-catering-shops","type-etablissement-slagerij"],"acf":{"id_eta_scn":"","id_app_foodandgood":"","id_exponum":"","abo":["FGood"],"etoile_michelin":[],"titre_presentation":"Van buurtslagers tot diversiteit","presentation":"<p class=\"p2\">Onder leiding van Michel Herrscher (2e generatie) is de slagerij en delicatessenwinkel van de familie Herrscher sinds het begin tot bloei gekomen. De \"kleine buurtslager\" levert nu aan de vestigingen van Herrscher, maar ook aan de slagerij- en delicatessenafdeling van Grands Frais d'Alsace, distributeurs en restauranthouders - waarvan sommige bekend zijn en het atelier gebruiken voor de verwerking van wild op maat.<\/p>\n<p class=\"p2\">De specialiteit om onderweg te eten is pat\u00e9 en cro\u00fbte: traditioneel of biologisch, of de uitstekende forelpat\u00e9 (op bestelling). En natuurlijk warme pat\u00e9, eenvoudig geserveerd met een frisse salade.<\/p>","types_prestation":false,"photo":67010,"photo_bis":178752,"photo_3":178758,"adresse":{"address":"Restaurant Michel Herrscher, Rue Emile Schwoerer, Colmar, France","lat":48.1021953,"lng":7.366780299999998,"zoom":7,"place_id":"ChIJe0zk-RVmkUcR27Qael08UFA","name":"Restaurant Michel Herrscher","street_number":12,"street_name":"Rue Emile Schwoerer","city":"Colmar","state":"Grand Est","post_code":68000,"country":"France","country_short":"FR"},"horaires":"Maandag: 11:30 - 14:00\nDinsdag: 11:30 - 14:00\nWoensdag: 11:30 - 14:00\nDonderdag: 11:30 - 14:00\nVrijdag: 11:30 - 14:00\nZaterdag: Gesloten\nZondag: Gesloten","tel":"03 89 20 42 76","boutons":[{"title":"Website","link":"https:\/\/choucroute-alsace.com\/"}],"boutons_reservation":"","boutons_social":null,"articles":null},"_links":{"self":[{"href":"https:\/\/foodandgood.fr\/nl\/wp-json\/wp\/v2\/etablissement\/72771","targetHints":{"allow":["GET"]}}],"collection":[{"href":"https:\/\/foodandgood.fr\/nl\/wp-json\/wp\/v2\/etablissement"}],"about":[{"href":"https:\/\/foodandgood.fr\/nl\/wp-json\/wp\/v2\/types\/etablissement"}],"author":[{"embeddable":true,"href":"https:\/\/foodandgood.fr\/nl\/wp-json\/wp\/v2\/users\/13"}],"replies":[{"embeddable":true,"href":"https:\/\/foodandgood.fr\/nl\/wp-json\/wp\/v2\/comments?post=72771"}],"version-history":[{"count":1,"href":"https:\/\/foodandgood.fr\/nl\/wp-json\/wp\/v2\/etablissement\/72771\/revisions"}],"predecessor-version":[{"id":75062,"href":"https:\/\/foodandgood.fr\/nl\/wp-json\/wp\/v2\/etablissement\/72771\/revisions\/75062"}],"wp:featuredmedia":[{"embeddable":true,"href":"https:\/\/foodandgood.fr\/nl\/wp-json\/wp\/v2\/media\/67011"}],"wp:attachment":[{"href":"https:\/\/foodandgood.fr\/nl\/wp-json\/wp\/v2\/media?parent=72771"}],"curies":[{"name":"wp","href":"https:\/\/api.w.org\/{rel}","templated":true}]}}

<p class="p2">Onder leiding van Michel Herrscher (2e generatie) is de slagerij en delicatessenwinkel van de familie Herrscher sinds het begin tot bloei gekomen. De "kleine buurtslager" levert nu aan de vestigingen van Herrscher, maar ook aan de slagerij- en delicatessenafdeling van Grands Frais d'Alsace, distributeurs en restauranthouders - waarvan sommige bekend zijn en het atelier gebruiken voor de verwerking van wild op maat.</p>
<p class="p2">De specialiteit om onderweg te eten is paté en croûte: traditioneel of biologisch, of de uitstekende forelpaté (op bestelling). En natuurlijk warme paté, eenvoudig geserveerd met een frisse salade.</p>
