 {"id":72717,"date":"2024-04-10T10:55:10","date_gmt":"2024-04-10T08:55:10","guid":{"rendered":"https:\/\/foodandgood.fr\/etablissement\/ribeauville-kelder\/"},"modified":"2025-04-14T11:10:05","modified_gmt":"2025-04-14T09:10:05","slug":"ribeauville-kelder","status":"publish","type":"etablissement","link":"https:\/\/foodandgood.fr\/nl\/ribeauville-kelder\/","title":{"rendered":"Cave de Ribeauvill\u00e9"},"excerpt":{"rendered":"<p>De Cave de Ribeauvill\u00e9 was de eerste wijnco\u00f6peratie in Frankrijk die in 1895 werd opgericht onder Duitse leiding.<\/p>\n","protected":false},"author":13,"comment_status":"closed","ping_status":"closed","template":"","meta":{"_acf_changed":false,"beyondwords_generate_audio":"","beyondwords_integration_method":"","beyondwords_project_id":"","beyondwords_content_id":"","beyondwords_preview_token":"","beyondwords_player_content":"","beyondwords_player_style":"","beyondwords_language_code":"","beyondwords_language_id":"","beyondwords_title_voice_id":"","beyondwords_body_voice_id":"","beyondwords_summary_voice_id":"","beyondwords_error_message":"","beyondwords_disabled":"","beyondwords_delete_content":"","beyondwords_podcast_id":"","beyondwords_hash":"","publish_post_to_speechkit":"","speechkit_hash":"","speechkit_generate_audio":"","speechkit_project_id":"","speechkit_podcast_id":"","speechkit_error_message":"","speechkit_disabled":"","speechkit_access_key":"","speechkit_error":"","speechkit_info":"","speechkit_response":"","speechkit_retries":"","speechkit_status":"","speechkit_updated_at":"","_speechkit_link":"","_speechkit_text":""},"class_list":["post-72717","etablissement","type-etablissement","status-publish","has-post-thumbnail","hentry","type-etablissement-wijnhandelaar","type-etablissement-wijnmaker"],"acf":{"id_eta_scn":"","id_app_foodandgood":534,"id_exponum":"","abo":["FGood","APP"],"etoile_michelin":[],"titre_presentation":"Een juweel in de kroon van de Elzas-wijnbouw","presentation":"<p class=\"p1\">De Ribeauvill\u00e9-kelder, gelegen in het hart van de Elzas in Frankrijk, is een bezienswaardigheid voor wijnliefhebbers en wijnfanaten. De co\u00f6peratie werd opgericht in 1895 en is een van de oudste wijnco\u00f6peraties in Frankrijk. Ze staat niet alleen symbool voor de wijntraditie van de Elzas, maar ook voor de geest van samenwerking en solidariteit tussen de wijnbouwers uit de regio.<\/p>","types_prestation":false,"photo":96677,"photo_bis":175109,"photo_3":175125,"adresse":{"address":"Cave de Ribeauvill\u00e9, Rue de Colmar, Ribeauvill\u00e9, France","lat":48.19207129999999,"lng":7.327365200000002,"zoom":7,"place_id":"ChIJG3qYGcRdkUcRd-_zkzieO-k","name":"Cave de Ribeauvill\u00e9","street_number":2,"street_name":"Rue de Colmar","city":"Ribeauvill\u00e9","state":"Grand Est","post_code":68150,"country":"France","country_short":"FR"},"horaires":"Maandag: 08:00 - 12:00, 14:00 - 18:00\nDinsdag: 08:00 - 12:00, 14:00 - 18:00\nWoensdag: 08:00 - 12:00, 14:00 - 18:00\nDonderdag: 08:00 - 12., 14:00 - 18:00 00, 14:00 - 18:00\nVrijdag: 08:00 - 12:00, 14:00 - 18:00\nZaterdag: 09:30 - 12:30, 14:30 - 18:30\nZondag: 09:30 - 12:30, 14:30 - 18:30","tel":"03 89 73 61 80","boutons":[{"title":"Website","link":"http:\/\/www.vins-ribeauville.com\/"}],"boutons_reservation":"","boutons_social":null,"articles":null},"_links":{"self":[{"href":"https:\/\/foodandgood.fr\/nl\/wp-json\/wp\/v2\/etablissement\/72717","targetHints":{"allow":["GET"]}}],"collection":[{"href":"https:\/\/foodandgood.fr\/nl\/wp-json\/wp\/v2\/etablissement"}],"about":[{"href":"https:\/\/foodandgood.fr\/nl\/wp-json\/wp\/v2\/types\/etablissement"}],"author":[{"embeddable":true,"href":"https:\/\/foodandgood.fr\/nl\/wp-json\/wp\/v2\/users\/13"}],"replies":[{"embeddable":true,"href":"https:\/\/foodandgood.fr\/nl\/wp-json\/wp\/v2\/comments?post=72717"}],"version-history":[{"count":1,"href":"https:\/\/foodandgood.fr\/nl\/wp-json\/wp\/v2\/etablissement\/72717\/revisions"}],"predecessor-version":[{"id":75588,"href":"https:\/\/foodandgood.fr\/nl\/wp-json\/wp\/v2\/etablissement\/72717\/revisions\/75588"}],"wp:featuredmedia":[{"embeddable":true,"href":"https:\/\/foodandgood.fr\/nl\/wp-json\/wp\/v2\/media\/64920"}],"wp:attachment":[{"href":"https:\/\/foodandgood.fr\/nl\/wp-json\/wp\/v2\/media?parent=72717"}],"curies":[{"name":"wp","href":"https:\/\/api.w.org\/{rel}","templated":true}]}}

Cave de Ribeauvillé

<p>De Cave de Ribeauvillé was de eerste wijncoöperatie in Frankrijk die in 1895 werd opgericht onder Duitse leiding.</p>

<p class="p1">De Ribeauvillé-kelder, gelegen in het hart van de Elzas in Frankrijk, is een bezienswaardigheid voor wijnliefhebbers en wijnfanaten. De coöperatie werd opgericht in 1895 en is een van de oudste wijncoöperaties in Frankrijk. Ze staat niet alleen symbool voor de wijntraditie van de Elzas, maar ook voor de geest van samenwerking en solidariteit tussen de wijnbouwers uit de regio.</p>

Cave de Ribeauvillé, Rue de Colmar, Ribeauvillé, France

Ribeauvillé
