 {"id":50499,"date":"2023-07-03T14:20:37","date_gmt":"2023-07-03T12:20:37","guid":{"rendered":"https:\/\/foodandgood.fr\/etablissement\/hostellerie-groff-aux-deux-clefs\/"},"modified":"2024-06-24T12:36:04","modified_gmt":"2024-06-24T10:36:04","slug":"hostellerie-groff-aux-deux-clefs","status":"publish","type":"etablissement","link":"https:\/\/foodandgood.fr\/nl\/hostellerie-groff-aux-deux-clefs\/","title":{"rendered":"Hostellerie Groff Aux Deux Clefs"},"excerpt":{"rendered":"<p>Hostellerie Groff werd in 1934 opgericht door Joseph, een ambachtelijke slager, en Adelphine, een kokkin. Sinds de oprichting bijna 90 jaar geleden heeft het een rijke geschiedenis. Voorbestemd om van generatie op generatie te worden doorgegeven, werd het etablissement in de jaren 1970 overgenomen door G\u00e9rard, Monique en Alice Groff, die het restaurant en hotel ontwikkelden. In 2000 breidden hun dochters Catherine en Fran\u00e7oise het bedrijf uit met twee driesterrenhotels in Biesheim, elk met 24 kamers.<\/p>\n","protected":false},"author":13,"comment_status":"closed","ping_status":"closed","template":"","meta":{"_acf_changed":false,"beyondwords_generate_audio":"","beyondwords_integration_method":"","beyondwords_project_id":"","beyondwords_content_id":"","beyondwords_preview_token":"","beyondwords_player_content":"","beyondwords_player_style":"","beyondwords_language_code":"","beyondwords_language_id":"","beyondwords_title_voice_id":"","beyondwords_body_voice_id":"","beyondwords_summary_voice_id":"","beyondwords_error_message":"","beyondwords_disabled":"","beyondwords_delete_content":"","beyondwords_podcast_id":"","beyondwords_hash":"","publish_post_to_speechkit":"","speechkit_hash":"","speechkit_generate_audio":"","speechkit_project_id":"","speechkit_podcast_id":"","speechkit_error_message":"","speechkit_disabled":"","speechkit_access_key":"","speechkit_error":"","speechkit_info":"","speechkit_response":"","speechkit_retries":"","speechkit_status":"","speechkit_updated_at":"","_speechkit_link":"","_speechkit_text":""},"class_list":["post-50499","etablissement","type-etablissement","status-publish","has-post-thumbnail","hentry","type-etablissement-bistronomie-nl","type-etablissement-slapen"],"acf":{"id_eta_scn":"","id_app_foodandgood":"","id_exponum":"","abo":[],"etoile_michelin":[],"titre_presentation":"Bijna 90 jaar culinaire tradities en gastvrijheid","presentation":"<p class=\"p1\">Hostellerie Groff werd in 1934 opgericht door Joseph, een ambachtelijke slager, en Adelphine, een kokkin. Sinds de oprichting bijna 90 jaar geleden heeft het een rijke geschiedenis. Voorbestemd om van generatie op generatie te worden doorgegeven, werd het etablissement in de jaren 1970 overgenomen door G\u00e9rard, Monique en Alice Groff, die het restaurant en hotel ontwikkelden. In 2000 breidden hun dochters Catherine en Fran\u00e7oise het bedrijf uit met twee driesterrenhotels in Biesheim, elk met 24 kamers. Fran\u00e7oise, de huidige eigenaresse, heeft in 2020 grote renovatiewerkzaamheden uitgevoerd, waaronder een zwembad dat op afspraak toegankelijk is voor gasten die in het restaurant dineren, evenals een terrein beplant met bloemen en bomen en een zomerterras beschermd door een grote lindeboom.<\/p>\n<p class=\"p1\">In het restaurant biedt chef-kok Pascal Gutknecht, die de familie Groff al 15 jaar trouw is, traditionele huisgemaakte gerechten, van het brood tot het ijs! Het menu evolueert met de seizoenen en laat lokale en regionale producten zien. In de eetzaal zorgt Carole Adam goed voor haar klanten.<\/p>\n<p class=\"p1\">Er worden regelmatig thema-avonden met wereldkeuken georganiseerd en er is een charmante schuur beschikbaar voor priv\u00e9- en zakelijke evenementen voor maximaal 60 gasten, die de geest van gastvrijheid belichaamt die het etablissement zo dierbaar is.<\/p>\n\u00a0\n<p class=\"p1\">\u00a9Celine Shnell-een meisje in de Elzas<\/p>","types_prestation":false,"photo":50471,"photo_bis":63490,"photo_3":63514,"adresse":{"address":"Hostellerie Groff Aux Deux Clefs, Nord Route nationale, Biesheim, France","lat":48.04146029999999,"lng":7.539357600000001,"zoom":7,"place_id":"ChIJDTdJj2CODEgRJH1b6T4rXIo","name":"Hostellerie Groff Aux Deux Clefs","street_number":19,"street_name":"Nord Route nationale","street_name_short":"N Route nationale","city":"Biesheim","state":"Grand Est","post_code":68600,"country":"France","country_short":"FR"},"horaires":"Maandag: 06:30 - 22:30\nDinsdag: 06:30 - 22:30\nWoensdag: 06:30 - 22:30\nDonderdag: 06:30 - 22:30\nVrijdag: 06:30 - 22:30\nZaterdag: 06:30 - 22:30\nZondag: 08:30 - 16:00","tel":"03 89 30 30 60","boutons":[{"title":"Website","link":"http:\/\/www.deux-clefs.com\/"},{"title":"Kamers","link":"https:\/\/www.deux-clefs.com\/restaurant-biesheim\/#"},{"title":"Kaart","link":"https:\/\/www.deux-clefs.com\/restaurant-biesheim\/"}],"boutons_reservation":"","boutons_social":null,"articles":[{"title":"","text":"<h2 class=\"p1\"><span class=\"s1\">Avonden onder <\/span><span class=\"s2\">hospices<\/span><\/h2>\n<p class=\"p1\">In de regio Ried en in het charmante dorpje Biesheim organiseert Hostellerie Groff deze zomer een aantal thema-avonden voor haar gasten. De 15 fietsroute kan je er ook rechtstreeks naartoe brengen!<\/p>\n<p class=\"p1\">Komende evenementen, van 19.00 tot 23.00 uur op het terras, als het weer het toelaat:<\/p>\n\n<ul>\n \t<li class=\"p2\">8 en 29 juli en 26 augustus: Anne Balta (zangeres)<\/li>\n \t<li class=\"p2\">14 juli en 14 augustus: MELODI'OM (akoestisch duo)<\/li>\n \t<li class=\"p2\">22 juli: Maryl\u00e8ne Marques (zangeres)<\/li>\n \t<li class=\"p2\">5 augustus: Duo KC en Fred (pianist en zanger)<\/li>\n \t<li class=\"p2\">19 augustus: Nicolas Kloss (gitarist)<\/li>\n \t<li class=\"p2\">2 september: Duet met Carole Boyer<\/li>\n \t<li class=\"p1\">Vergeet niet te reserveren!<\/li>\n<\/ul>","image":50476}]},"_links":{"self":[{"href":"https:\/\/foodandgood.fr\/nl\/wp-json\/wp\/v2\/etablissement\/50499","targetHints":{"allow":["GET"]}}],"collection":[{"href":"https:\/\/foodandgood.fr\/nl\/wp-json\/wp\/v2\/etablissement"}],"about":[{"href":"https:\/\/foodandgood.fr\/nl\/wp-json\/wp\/v2\/types\/etablissement"}],"author":[{"embeddable":true,"href":"https:\/\/foodandgood.fr\/nl\/wp-json\/wp\/v2\/users\/13"}],"replies":[{"embeddable":true,"href":"https:\/\/foodandgood.fr\/nl\/wp-json\/wp\/v2\/comments?post=50499"}],"version-history":[{"count":1,"href":"https:\/\/foodandgood.fr\/nl\/wp-json\/wp\/v2\/etablissement\/50499\/revisions"}],"predecessor-version":[{"id":55326,"href":"https:\/\/foodandgood.fr\/nl\/wp-json\/wp\/v2\/etablissement\/50499\/revisions\/55326"}],"wp:featuredmedia":[{"embeddable":true,"href":"https:\/\/foodandgood.fr\/nl\/wp-json\/wp\/v2\/media\/50471"}],"wp:attachment":[{"href":"https:\/\/foodandgood.fr\/nl\/wp-json\/wp\/v2\/media?parent=50499"}],"curies":[{"name":"wp","href":"https:\/\/api.w.org\/{rel}","templated":true}]}}

<p>Hostellerie Groff werd in 1934 opgericht door Joseph, een ambachtelijke slager, en Adelphine, een kokkin. Sinds de oprichting bijna 90 jaar geleden heeft het een rijke geschiedenis. Voorbestemd om van generatie op generatie te worden doorgegeven, werd het etablissement in de jaren 1970 overgenomen door Gérard, Monique en Alice Groff, die het restaurant en hotel ontwikkelden. In 2000 breidden hun dochters Catherine en Françoise het bedrijf uit met twee driesterrenhotels in Biesheim, elk met 24 kamers.</p>

<p class="p1">Hostellerie Groff werd in 1934 opgericht door Joseph, een ambachtelijke slager, en Adelphine, een kokkin. Sinds de oprichting bijna 90 jaar geleden heeft het een rijke geschiedenis. Voorbestemd om van generatie op generatie te worden doorgegeven, werd het etablissement in de jaren 1970 overgenomen door Gérard, Monique en Alice Groff, die het restaurant en hotel ontwikkelden. In 2000 breidden hun dochters Catherine en Françoise het bedrijf uit met twee driesterrenhotels in Biesheim, elk met 24 kamers. Françoise, de huidige eigenaresse, heeft in 2020 grote renovatiewerkzaamheden uitgevoerd, waaronder een zwembad dat op afspraak toegankelijk is voor gasten die in het restaurant dineren, evenals een terrein beplant met bloemen en bomen en een zomerterras beschermd door een grote lindeboom.</p>
<p class="p1">In het restaurant biedt chef-kok Pascal Gutknecht, die de familie Groff al 15 jaar trouw is, traditionele huisgemaakte gerechten, van het brood tot het ijs! Het menu evolueert met de seizoenen en laat lokale en regionale producten zien. In de eetzaal zorgt Carole Adam goed voor haar klanten.</p>
<p class="p1">Er worden regelmatig thema-avonden met wereldkeuken georganiseerd en er is een charmante schuur beschikbaar voor privé- en zakelijke evenementen voor maximaal 60 gasten, die de geest van gastvrijheid belichaamt die het etablissement zo dierbaar is.</p>
 
<p class="p1">©Celine Shnell-een meisje in de Elzas</p>

<h2 class="p1"><span class="s1">Avonden onder </span><span class="s2">hospices</span></h2>
<p class="p1">In de regio Ried en in het charmante dorpje Biesheim organiseert Hostellerie Groff deze zomer een aantal thema-avonden voor haar gasten. De 15 fietsroute kan je er ook rechtstreeks naartoe brengen!</p>
<p class="p1">Komende evenementen, van 19.00 tot 23.00 uur op het terras, als het weer het toelaat:</p>

<ul>
 	<li class="p2">8 en 29 juli en 26 augustus: Anne Balta (zangeres)</li>
 	<li class="p2">14 juli en 14 augustus: MELODI'OM (akoestisch duo)</li>
 	<li class="p2">22 juli: Marylène Marques (zangeres)</li>
 	<li class="p2">5 augustus: Duo KC en Fred (pianist en zanger)</li>
 	<li class="p2">19 augustus: Nicolas Kloss (gitarist)</li>
 	<li class="p2">2 september: Duet met Carole Boyer</li>
 	<li class="p1">Vergeet niet te reserveren!</li>
</ul>
