 {"id":169813,"date":"2025-09-01T10:07:24","date_gmt":"2025-09-01T08:07:24","guid":{"rendered":"https:\/\/foodandgood.fr\/?post_type=etablissement&#038;p=169813"},"modified":"2025-12-01T09:24:57","modified_gmt":"2025-12-01T08:24:57","slug":"centre-thermal-saint-eloy","status":"publish","type":"etablissement","link":"https:\/\/foodandgood.fr\/centre-thermal-saint-eloy\/","title":{"rendered":"Centre Thermal Saint-Eloy"},"excerpt":{"rendered":"","protected":false},"author":13,"comment_status":"closed","ping_status":"closed","template":"","meta":{"_acf_changed":false,"beyondwords_generate_audio":"0","beyondwords_integration_method":"","beyondwords_project_id":"","beyondwords_content_id":"","beyondwords_preview_token":"","beyondwords_player_content":"","beyondwords_player_style":"small","beyondwords_language_code":"fr_FR","beyondwords_language_id":"","beyondwords_title_voice_id":"1950","beyondwords_body_voice_id":"1950","beyondwords_summary_voice_id":"1950","beyondwords_error_message":"","beyondwords_disabled":"","beyondwords_delete_content":"","beyondwords_podcast_id":"","beyondwords_hash":"","publish_post_to_speechkit":"","speechkit_hash":"","speechkit_generate_audio":"","speechkit_project_id":"","speechkit_podcast_id":"","speechkit_error_message":"","speechkit_disabled":"","speechkit_access_key":"","speechkit_error":"","speechkit_info":"","speechkit_response":"","speechkit_retries":"","speechkit_status":"","speechkit_updated_at":"","_speechkit_link":"","_speechkit_text":""},"class_list":["post-169813","etablissement","type-etablissement","status-publish","hentry","type-etablissement-centre-thermal"],"acf":{"id_eta_scn":"","id_app_foodandgood":"","id_exponum":"","abo":[],"etoile_michelin":[],"titre_presentation":"Centre Thermal Saint-\u00c9loy d'Amn\u00e9ville","presentation":"Situ\u00e9 au c\u0153ur du bois de Coulange, le Centre Thermal Saint-\u00c9loy accueille chaque ann\u00e9e plusieurs milliers de curistes pour des s\u00e9jours de soins sp\u00e9cialis\u00e9s. Son eau, jaillissant \u00e0 41 \u00b0C depuis 900 m de profondeur, est riche en min\u00e9raux et reconnue pour ses bienfaits th\u00e9rapeutiques. L'\u00e9tablissement est agr\u00e9\u00e9 pour les cures rhumatologie et voies respiratoires\/ORL, conventionn\u00e9es par l'Assurance Maladie. Il propose \u00e9galement des s\u00e9jours bien-\u00eatre et dispose depuis 2025 d'un espace pr\u00e9mium r\u00e9nov\u00e9, avec des cabines de soins \u00e0 la boue et aux douches sp\u00e9cifiques.","types_prestation":false,"photo":169863,"photo_bis":169881,"photo_3":"","adresse":{"address":"Point gps Centre Thermal Saint-Eloy Amn\u00e9ville, Rue des Thermes, Amn\u00e9ville, France","lat":49.2421515,"lng":6.1354468,"zoom":5,"place_id":"ChIJlTT5pqwnlUcR5uXe2JmMh5Q","name":"Point gps Centre Thermal Saint-Eloy Amn\u00e9ville","street_name":"Rue des Thermes","city":"Amn\u00e9ville","state":"Grand Est","post_code":57360,"country":"France","country_short":"FR"},"horaires":"Aucune info trouv\u00e9e","tel":"03 87 70 99 43","boutons":[{"title":"Site Internet","link":"http:\/\/www.cure-amneville.com\/"}],"boutons_reservation":"","boutons_social":[{"type":"facebook-f","link":"https:\/\/www.facebook.com\/sainteloyamneville"},{"type":"linkedin","link":"https:\/\/www.linkedin.com\/company\/polethermalamneville\/"}],"articles":null},"_links":{"self":[{"href":"https:\/\/foodandgood.fr\/nl\/wp-json\/wp\/v2\/etablissement\/169813","targetHints":{"allow":["GET"]}}],"collection":[{"href":"https:\/\/foodandgood.fr\/nl\/wp-json\/wp\/v2\/etablissement"}],"about":[{"href":"https:\/\/foodandgood.fr\/nl\/wp-json\/wp\/v2\/types\/etablissement"}],"author":[{"embeddable":true,"href":"https:\/\/foodandgood.fr\/nl\/wp-json\/wp\/v2\/users\/13"}],"replies":[{"embeddable":true,"href":"https:\/\/foodandgood.fr\/nl\/wp-json\/wp\/v2\/comments?post=169813"}],"version-history":[{"count":3,"href":"https:\/\/foodandgood.fr\/nl\/wp-json\/wp\/v2\/etablissement\/169813\/revisions"}],"predecessor-version":[{"id":180519,"href":"https:\/\/foodandgood.fr\/nl\/wp-json\/wp\/v2\/etablissement\/169813\/revisions\/180519"}],"wp:attachment":[{"href":"https:\/\/foodandgood.fr\/nl\/wp-json\/wp\/v2\/media?parent=169813"}],"curies":[{"name":"wp","href":"https:\/\/api.w.org\/{rel}","templated":true}]}}

Centre Thermal Saint-Éloy d'Amnéville

Situé au cœur du bois de Coulange, le Centre Thermal Saint-Éloy accueille chaque année plusieurs milliers de curistes pour des séjours de soins spécialisés. Son eau, jaillissant à 41 °C depuis 900 m de profondeur, est riche en minéraux et reconnue pour ses bienfaits thérapeutiques. L'établissement est agréé pour les cures rhumatologie et voies respiratoires/ORL, conventionnées par l'Assurance Maladie. Il propose également des séjours bien-être et dispose depuis 2025 d'un espace prémium rénové, avec des cabines de soins à la boue et aux douches spécifiques.

Point gps Centre Thermal Saint-Eloy Amnéville, Rue des Thermes, Amnéville, France

Point gps Centre Thermal Saint-Eloy Amnéville

Amnéville

Aucune info trouvée
