 {"id":99308,"date":"2024-07-23T16:34:29","date_gmt":"2024-07-23T14:34:29","guid":{"rendered":"https:\/\/foodandgood.fr\/etablissement\/ferme-de-la-rouge-maison\/"},"modified":"2024-09-03T15:06:24","modified_gmt":"2024-09-03T13:06:24","slug":"ferme-de-la-rouge-maison","status":"publish","type":"etablissement","link":"https:\/\/foodandgood.fr\/it\/ferme-de-la-rouge-maison\/","title":{"rendered":"Ferme De La Rouge Maison"},"excerpt":{"rendered":"","protected":false},"author":1,"comment_status":"closed","ping_status":"closed","template":"","meta":{"_acf_changed":false,"beyondwords_generate_audio":"","beyondwords_integration_method":"","beyondwords_project_id":"","beyondwords_content_id":"","beyondwords_preview_token":"","beyondwords_player_content":"","beyondwords_player_style":"","beyondwords_language_code":"","beyondwords_language_id":"","beyondwords_title_voice_id":"","beyondwords_body_voice_id":"","beyondwords_summary_voice_id":"","beyondwords_error_message":"","beyondwords_disabled":"","beyondwords_delete_content":"","beyondwords_podcast_id":"","beyondwords_hash":"","publish_post_to_speechkit":"","speechkit_hash":"","speechkit_generate_audio":"","speechkit_project_id":"","speechkit_podcast_id":"","speechkit_error_message":"","speechkit_disabled":"","speechkit_access_key":"","speechkit_error":"","speechkit_info":"","speechkit_response":"","speechkit_retries":"","speechkit_status":"","speechkit_updated_at":"","_speechkit_link":"","_speechkit_text":""},"class_list":["post-99308","etablissement","type-etablissement","status-publish","has-post-thumbnail","hentry","type-etablissement-carneficina"],"acf":{"id_eta_scn":"","id_app_foodandgood":"","id_exponum":"","abo":[],"etoile_michelin":[],"titre_presentation":"Fattoria di famiglia","presentation":"<p>Azienda agricola multiculturale che alleva bovini biondi dell'Aquitania con 35 fattrici.\nAbbiamo 70 ettari di coltivazioni e 40 ettari di pascolo per gli animali.\nSiamo allevatori, riproduttori e ingrassatori.  <\/p>\n<p>Gli animali sono nutriti principalmente con erba proveniente dalle nostre coltivazioni prive di OGM.\nPascolano dal 15 aprile al 15 novembre, a seconda del tempo. <\/p>\n<p>Offriamo carne di manzo, di vitello e di maiale sottovuoto, con tracciabilit\u00e0 completa sull'etichetta.\nTutti i nostri salumi sono preparati con le nostre miscele di spezie. <\/p>\n","types_prestation":false,"photo":99379,"photo_bis":99383,"photo_3":99384,"adresse":{"address":"Ferme de la Rouge Maison, Rue de Blamont, Autrepierre, France","lat":48.60965820000001,"lng":6.8042362,"zoom":7,"place_id":"ChIJ0RLc9ItxlEcRX4erOZirJ78","name":"Ferme de la Rouge Maison","street_number":2,"street_name":"Rue de Blamont","city":"Autrepierre","state":"Grand Est","post_code":54450,"country":"France","country_short":"FR"},"horaires":"<p><br><br><br><br><br><br> Luned\u00ec: Chiuso Marted\u00ec: Chiuso Mercoled\u00ec: Chiuso Gioved\u00ec: Chiuso Venerd\u00ec: Chiuso Sabato: 15:00 - 17:00 Domenica: Chiuso<\/p>\n","tel":"06 40 29 04 05","boutons":[{"title":"Sito web","link":"https:\/\/fermerougemaison.fr\/"}],"boutons_reservation":"","boutons_social":null,"articles":[{"title":"","text":"","image":""}]},"_links":{"self":[{"href":"https:\/\/foodandgood.fr\/it\/wp-json\/wp\/v2\/etablissement\/99308","targetHints":{"allow":["GET"]}}],"collection":[{"href":"https:\/\/foodandgood.fr\/it\/wp-json\/wp\/v2\/etablissement"}],"about":[{"href":"https:\/\/foodandgood.fr\/it\/wp-json\/wp\/v2\/types\/etablissement"}],"author":[{"embeddable":true,"href":"https:\/\/foodandgood.fr\/it\/wp-json\/wp\/v2\/users\/1"}],"replies":[{"embeddable":true,"href":"https:\/\/foodandgood.fr\/it\/wp-json\/wp\/v2\/comments?post=99308"}],"version-history":[{"count":1,"href":"https:\/\/foodandgood.fr\/it\/wp-json\/wp\/v2\/etablissement\/99308\/revisions"}],"predecessor-version":[{"id":99374,"href":"https:\/\/foodandgood.fr\/it\/wp-json\/wp\/v2\/etablissement\/99308\/revisions\/99374"}],"wp:featuredmedia":[{"embeddable":true,"href":"https:\/\/foodandgood.fr\/it\/wp-json\/wp\/v2\/media\/99379"}],"wp:attachment":[{"href":"https:\/\/foodandgood.fr\/it\/wp-json\/wp\/v2\/media?parent=99308"}],"curies":[{"name":"wp","href":"https:\/\/api.w.org\/{rel}","templated":true}]}}

<p>Azienda agricola multiculturale che alleva bovini biondi dell'Aquitania con 35 fattrici.
Abbiamo 70 ettari di coltivazioni e 40 ettari di pascolo per gli animali.
Siamo allevatori, riproduttori e ingrassatori.  </p>
<p>Gli animali sono nutriti principalmente con erba proveniente dalle nostre coltivazioni prive di OGM.
Pascolano dal 15 aprile al 15 novembre, a seconda del tempo. </p>
<p>Offriamo carne di manzo, di vitello e di maiale sottovuoto, con tracciabilità completa sull'etichetta.
Tutti i nostri salumi sono preparati con le nostre miscele di spezie. </p>

<p><br><br><br><br><br><br> Lunedì: Chiuso Martedì: Chiuso Mercoledì: Chiuso Giovedì: Chiuso Venerdì: Chiuso Sabato: 15:00 - 17:00 Domenica: Chiuso</p>
