 {"id":94916,"date":"2024-07-12T16:31:23","date_gmt":"2024-07-12T14:31:23","guid":{"rendered":"https:\/\/foodandgood.fr\/etablissement\/larpeggio\/"},"modified":"2025-04-14T11:11:34","modified_gmt":"2025-04-14T09:11:34","slug":"larpeggio","status":"publish","type":"etablissement","link":"https:\/\/foodandgood.fr\/it\/larpeggio\/","title":{"rendered":"L'Arp\u00e8ge"},"excerpt":{"rendered":"","protected":false},"author":12,"comment_status":"closed","ping_status":"closed","template":"","meta":{"_acf_changed":false,"beyondwords_generate_audio":"","beyondwords_integration_method":"","beyondwords_project_id":"","beyondwords_content_id":"","beyondwords_preview_token":"","beyondwords_player_content":"","beyondwords_player_style":"","beyondwords_language_code":"","beyondwords_language_id":"","beyondwords_title_voice_id":"","beyondwords_body_voice_id":"","beyondwords_summary_voice_id":"","beyondwords_error_message":"","beyondwords_disabled":"","beyondwords_delete_content":"","beyondwords_podcast_id":"","beyondwords_hash":"","publish_post_to_speechkit":"","speechkit_hash":"","speechkit_generate_audio":"","speechkit_project_id":"","speechkit_podcast_id":"","speechkit_error_message":"","speechkit_disabled":"","speechkit_access_key":"","speechkit_error":"","speechkit_info":"","speechkit_response":"","speechkit_retries":"","speechkit_status":"","speechkit_updated_at":"","_speechkit_link":"","_speechkit_text":""},"class_list":["post-94916","etablissement","type-etablissement","status-publish","hentry","type-etablissement-cucina-francese","type-etablissement-cucina-gastronomica"],"acf":{"id_eta_scn":"","id_app_foodandgood":322,"id_exponum":"","abo":[],"etoile_michelin":[],"titre_presentation":"Una mappa ambiziosa e rispettosa dell'ambiente  ","presentation":"Aperto di recente al numero 1 di rue Saint Martin, L'Arp\u00e8ge \u00e8 un gioiello gastronomico nel cuore di Colmar. Questo ristorante, gestito dai talentuosi Ida Fischer e Gr\u00e9goire Sanchez, offre un'esperienza culinaria eccezionale in un ambiente unico e incantevole.\n\nVarcando la grande porta in legno de L'Arp\u00e8ge, scoprirai un magnifico cortile, decorato con gusto e colore. Questo spazio intimo e accogliente \u00e8 la cornice perfetta per un'esperienza gastronomica eccezionale. Il cortile, con i suoi tocchi di verde e l'ambiente rilassante, diventa un rifugio per chi cerca di sfuggire al trambusto della citt\u00e0.","types_prestation":false,"photo":94845,"photo_bis":94819,"photo_3":94889,"adresse":{"address":"L\u2019Arp\u00e8ge, Rue Saint-Martin, Colmar, France","lat":48.0775576,"lng":7.357294199999999,"zoom":7,"place_id":"ChIJWeWxl45lkUcRW6YuIJUNTVI","name":"L\u2019Arp\u00e8ge","street_number":1,"street_name":"Rue Saint-Martin","city":"Colmar","state":"Grand Est","post_code":68000,"country":"France","country_short":"FR"},"horaires":"Luned\u00ec: Chiuso\nMarted\u00ec: 12:00 - 14:00\nMercoled\u00ec: 12:00 - 13:45\nGioved\u00ec: 12:00 - 13:45, 19:00 - 21:00\nVenerd\u00ec: 12:00 - 13:45, 19:00 - 21:00\nSabato: 12:00 - 13:45, 19:00 - 21:00\nDomenica: Chiuso","tel":"03 89 24 29 64","boutons":[{"title":"Sito web","link":"http:\/\/larpegebio.com\/"}],"boutons_reservation":"","boutons_social":null,"articles":[{"title":"","text":"Il menu de L'Arp\u00e8ge \u00e8 all'altezza delle pi\u00f9 alte aspettative. Con un'attenzione particolare ai prodotti biologici, ai prodotti di stagione e alle composizioni raffinate, ogni piatto \u00e8 un'opera d'arte culinaria. Tra gli antipasti, il gravlax di salmone biologico con crema al wasabi e muffin all'aneto spicca per la sua freschezza e il perfetto equilibrio di sapori. I secondi piatti non sono da meno, con creazioni come il filetto d'anatra strofinato con spezie, servito con gnocchi alla romana e fichi conservati nel vino porto. Ogni boccone \u00e8 un'esplosione di sapori, a testimonianza del talento e della creativit\u00e0 dei nostri chef.\n\nI dolci concludono degnamente la festa. Il dessert al mango, pistacchio e ribes nero, ad esempio, \u00e8 una vera e propria poesia dolce, che combina in armonia consistenze e sapori.","image":94870},{"title":"","text":"Il menu de L'Arp\u00e8ge \u00e8 all'altezza delle pi\u00f9 alte aspettative. Con un'attenzione particolare ai prodotti biologici, ai prodotti di stagione e alle composizioni raffinate, ogni piatto \u00e8 un'opera d'arte culinaria. Tra gli antipasti, il gravlax di salmone biologico con crema al wasabi e muffin all'aneto spicca per la sua freschezza e il perfetto equilibrio di sapori. I secondi piatti non sono da meno, con creazioni come il filetto d'anatra strofinato con spezie, servito con gnocchi alla romana e fichi conservati nel vino porto. Ogni boccone \u00e8 un'esplosione di sapori, a testimonianza del talento e della creativit\u00e0 dei nostri chef.\n\nI dolci concludono degnamente la festa. Il dessert al mango, pistacchio e ribes nero, ad esempio, \u00e8 una vera e propria poesia dolce, che combina in armonia consistenze e sapori.","image":94882}]},"_links":{"self":[{"href":"https:\/\/foodandgood.fr\/it\/wp-json\/wp\/v2\/etablissement\/94916","targetHints":{"allow":["GET"]}}],"collection":[{"href":"https:\/\/foodandgood.fr\/it\/wp-json\/wp\/v2\/etablissement"}],"about":[{"href":"https:\/\/foodandgood.fr\/it\/wp-json\/wp\/v2\/types\/etablissement"}],"author":[{"embeddable":true,"href":"https:\/\/foodandgood.fr\/it\/wp-json\/wp\/v2\/users\/12"}],"replies":[{"embeddable":true,"href":"https:\/\/foodandgood.fr\/it\/wp-json\/wp\/v2\/comments?post=94916"}],"version-history":[{"count":2,"href":"https:\/\/foodandgood.fr\/it\/wp-json\/wp\/v2\/etablissement\/94916\/revisions"}],"predecessor-version":[{"id":109307,"href":"https:\/\/foodandgood.fr\/it\/wp-json\/wp\/v2\/etablissement\/94916\/revisions\/109307"}],"wp:attachment":[{"href":"https:\/\/foodandgood.fr\/it\/wp-json\/wp\/v2\/media?parent=94916"}],"curies":[{"name":"wp","href":"https:\/\/api.w.org\/{rel}","templated":true}]}}

L'Arpège

Aperto di recente al numero 1 di rue Saint Martin, L'Arpège è un gioiello gastronomico nel cuore di Colmar. Questo ristorante, gestito dai talentuosi Ida Fischer e Grégoire Sanchez, offre un'esperienza culinaria eccezionale in un ambiente unico e incantevole.

Varcando la grande porta in legno de L'Arpège, scoprirai un magnifico cortile, decorato con gusto e colore. Questo spazio intimo e accogliente è la cornice perfetta per un'esperienza gastronomica eccezionale. Il cortile, con i suoi tocchi di verde e l'ambiente rilassante, diventa un rifugio per chi cerca di sfuggire al trambusto della città.

L’Arpège, Rue Saint-Martin, Colmar, France

L’Arpège

Lunedì: Chiuso
Martedì: 12:00 - 14:00
Mercoledì: 12:00 - 13:45
Giovedì: 12:00 - 13:45, 19:00 - 21:00
Venerdì: 12:00 - 13:45, 19:00 - 21:00
Sabato: 12:00 - 13:45, 19:00 - 21:00
Domenica: Chiuso

Il menu de L'Arpège è all'altezza delle più alte aspettative. Con un'attenzione particolare ai prodotti biologici, ai prodotti di stagione e alle composizioni raffinate, ogni piatto è un'opera d'arte culinaria. Tra gli antipasti, il gravlax di salmone biologico con crema al wasabi e muffin all'aneto spicca per la sua freschezza e il perfetto equilibrio di sapori. I secondi piatti non sono da meno, con creazioni come il filetto d'anatra strofinato con spezie, servito con gnocchi alla romana e fichi conservati nel vino porto. Ogni boccone è un'esplosione di sapori, a testimonianza del talento e della creatività dei nostri chef.

I dolci concludono degnamente la festa. Il dessert al mango, pistacchio e ribes nero, ad esempio, è una vera e propria poesia dolce, che combina in armonia consistenze e sapori.
