 {"id":94255,"date":"2024-05-04T07:08:28","date_gmt":"2024-05-04T05:08:28","guid":{"rendered":"https:\/\/foodandgood.fr\/etablissement\/cote-lac-domaine-du-lac\/"},"modified":"2024-07-12T10:59:36","modified_gmt":"2024-07-12T08:59:36","slug":"cote-lac-domaine-du-lac","status":"publish","type":"etablissement","link":"https:\/\/foodandgood.fr\/it\/cote-lac-domaine-du-lac\/","title":{"rendered":"C\u00f4te Lac \u2013 Domaine Du Lac"},"excerpt":{"rendered":"","protected":false},"author":4,"comment_status":"closed","ping_status":"closed","template":"","meta":{"_acf_changed":false,"beyondwords_generate_audio":"","beyondwords_integration_method":"","beyondwords_project_id":"","beyondwords_content_id":"","beyondwords_preview_token":"","beyondwords_player_content":"","beyondwords_player_style":"","beyondwords_language_code":"","beyondwords_language_id":"","beyondwords_title_voice_id":"","beyondwords_body_voice_id":"","beyondwords_summary_voice_id":"","beyondwords_error_message":"","beyondwords_disabled":"","beyondwords_delete_content":"","beyondwords_podcast_id":"","beyondwords_hash":"","publish_post_to_speechkit":"","speechkit_hash":"","speechkit_generate_audio":"","speechkit_project_id":"","speechkit_podcast_id":"","speechkit_error_message":"","speechkit_disabled":"","speechkit_access_key":"","speechkit_error":"","speechkit_info":"","speechkit_response":"","speechkit_retries":"","speechkit_status":"","speechkit_updated_at":"","_speechkit_link":"","_speechkit_text":""},"class_list":["post-94255","etablissement","type-etablissement","status-publish","hentry","type-etablissement-bistronomia-it","type-etablissement-dormire"],"acf":{"id_eta_scn":"","id_app_foodandgood":"","id_exponum":"","abo":[],"etoile_michelin":[],"titre_presentation":"Calma e relax  ","presentation":"Le nostre camere sono arredate in stile contemporaneo. e colorato. Alcune dispongono di una terrazza esposta a sud con una magnifica e rigenerante vista sul lago.\n\nIl nostro ristorante LES TERRASSES ti accoglie ogni giorno per i tuoi pasti di lavoro o in famiglia, o semplicemente per i buongustai di passaggio. Scopri una cucina gustosa basata su prodotti di stagione: men\u00f9 del giorno, men\u00f9 bistrot, \u00e0 la carte o catering.","types_prestation":false,"photo":null,"photo_bis":94265,"photo_3":94259,"adresse":{"address":"Domaine Du Lac, 244 Rue de la R\u00e9publique, 68500 Guebwiller, France","lat":47.92016599999999,"lng":7.196288999999999,"zoom":7,"place_id":"ChIJOS5yJ4p-kUcR_9gl1NO778E","name":"Domaine Du Lac","street_number":244,"street_name":"Rue de la R\u00e9publique","city":"Guebwiller","state":"Grand Est","post_code":68500,"country":"France","country_short":"FR"},"horaires":"","tel":"03 89 76 15 00","boutons":[{"title":"Sito web","link":"http:\/\/www.domainedulac-alsace.com\/"}],"boutons_reservation":"","boutons_social":null,"articles":[{"title":"","text":"","image":""}]},"_links":{"self":[{"href":"https:\/\/foodandgood.fr\/it\/wp-json\/wp\/v2\/etablissement\/94255","targetHints":{"allow":["GET"]}}],"collection":[{"href":"https:\/\/foodandgood.fr\/it\/wp-json\/wp\/v2\/etablissement"}],"about":[{"href":"https:\/\/foodandgood.fr\/it\/wp-json\/wp\/v2\/types\/etablissement"}],"author":[{"embeddable":true,"href":"https:\/\/foodandgood.fr\/it\/wp-json\/wp\/v2\/users\/4"}],"replies":[{"embeddable":true,"href":"https:\/\/foodandgood.fr\/it\/wp-json\/wp\/v2\/comments?post=94255"}],"version-history":[{"count":1,"href":"https:\/\/foodandgood.fr\/it\/wp-json\/wp\/v2\/etablissement\/94255\/revisions"}],"predecessor-version":[{"id":94333,"href":"https:\/\/foodandgood.fr\/it\/wp-json\/wp\/v2\/etablissement\/94255\/revisions\/94333"}],"wp:attachment":[{"href":"https:\/\/foodandgood.fr\/it\/wp-json\/wp\/v2\/media?parent=94255"}],"curies":[{"name":"wp","href":"https:\/\/api.w.org\/{rel}","templated":true}]}}

Côte Lac – Domaine Du Lac

Le nostre camere sono arredate in stile contemporaneo. e colorato. Alcune dispongono di una terrazza esposta a sud con una magnifica e rigenerante vista sul lago.

Il nostro ristorante LES TERRASSES ti accoglie ogni giorno per i tuoi pasti di lavoro o in famiglia, o semplicemente per i buongustai di passaggio. Scopri una cucina gustosa basata su prodotti di stagione: menù del giorno, menù bistrot, à la carte o catering.

Domaine Du Lac, 244 Rue de la République, 68500 Guebwiller, France

Rue de la République
