 {"id":91312,"date":"2024-05-04T07:08:31","date_gmt":"2024-05-04T05:08:31","guid":{"rendered":"https:\/\/foodandgood.fr\/etablissement\/lassis-rit-oberges-du-moulin\/"},"modified":"2024-08-28T06:26:50","modified_gmt":"2024-08-28T04:26:50","slug":"lassis-rit-oberges-du-moulin","status":"publish","type":"etablissement","link":"https:\/\/foodandgood.fr\/it\/lassis-rit-oberges-du-moulin\/","title":{"rendered":"O'Berges Du Moulin"},"excerpt":{"rendered":"","protected":false},"author":4,"comment_status":"closed","ping_status":"closed","template":"","meta":{"_acf_changed":false,"beyondwords_generate_audio":"","beyondwords_integration_method":"","beyondwords_project_id":"","beyondwords_content_id":"","beyondwords_preview_token":"","beyondwords_player_content":"","beyondwords_player_style":"","beyondwords_language_code":"","beyondwords_language_id":"","beyondwords_title_voice_id":"","beyondwords_body_voice_id":"","beyondwords_summary_voice_id":"","beyondwords_error_message":"","beyondwords_disabled":"","beyondwords_delete_content":"","beyondwords_podcast_id":"","beyondwords_hash":"","publish_post_to_speechkit":"","speechkit_hash":"","speechkit_generate_audio":"","speechkit_project_id":"","speechkit_podcast_id":"","speechkit_error_message":"","speechkit_disabled":"","speechkit_access_key":"","speechkit_error":"","speechkit_info":"","speechkit_response":"","speechkit_retries":"","speechkit_status":"","speechkit_updated_at":"","_speechkit_link":"","_speechkit_text":""},"class_list":["post-91312","etablissement","type-etablissement","status-publish","hentry","type-etablissement-bistronomia-it"],"acf":{"id_eta_scn":"","id_app_foodandgood":"","id_exponum":"","abo":[],"etoile_michelin":[],"titre_presentation":"Sapori autentici e cucina di ispirazione provenzale","presentation":"\"L'Oberges du Moulin\" occupa le mura dell'ex segheria, sulla riva del Muehlgiessen, un ramo dell'Ill che un tempo alimentava il mulino La Wantzenau. Il progetto \u00e8 nato da un'idea di S\u00e9bastien Werl\u00e9, chef fedele del Moulin, e Philippe Clauss, proprietario e chef del Restaurant au Moulin. L'atmosfera \u00e8 calda e ordinata e la sala da pranzo si affaccia sul fiume. La terrazza, ombreggiata da un ontano secolare, \u00e8 la cornice bucolica ideale per gustare i sapori autentici della cucina di ispirazione provenzale.","types_prestation":false,"photo":null,"photo_bis":91321,"photo_3":91333,"adresse":{"address":"O'Berges du moulin, Impasse du Moulin, La Wantzenau, France","lat":48.6496629,"lng":7.8087038,"zoom":7,"place_id":"ChIJxWsBHsjHlkcRCouyT4TYimI","name":"O'Berges du moulin","street_number":5,"street_name":"Impasse du Moulin","street_name_short":"Imp. du Moulin","city":"La Wantzenau","state":"Grand Est","post_code":67610,"country":"France","country_short":"FR"},"horaires":"Luned\u00ec: 11:45 - 13:45, 19:00 - 21:15 Marted\u00ec: 11:45 - 13:45, 19:00 - 21:15 Mercoled\u00ec: 11:45 - 13:45 Gioved\u00ec: 11:45 - 13:45, 19:00 - 21:15 Venerd\u00ec: 11:45 - 13:45, 19:00 - 21:15 Sabato: Chiuso Domenica: Chiuso","tel":"03 88 76 97 89","boutons":[{"title":"Sito web","link":"http:\/\/www.oberges-moulin.fr\/"},{"title":"Buoni regalo","link":"https:\/\/oberges-moulin.fr\/bons-cadeaux\/"}],"boutons_reservation":"","boutons_social":null,"articles":[{"title":"","text":"","image":""}]},"_links":{"self":[{"href":"https:\/\/foodandgood.fr\/it\/wp-json\/wp\/v2\/etablissement\/91312","targetHints":{"allow":["GET"]}}],"collection":[{"href":"https:\/\/foodandgood.fr\/it\/wp-json\/wp\/v2\/etablissement"}],"about":[{"href":"https:\/\/foodandgood.fr\/it\/wp-json\/wp\/v2\/types\/etablissement"}],"author":[{"embeddable":true,"href":"https:\/\/foodandgood.fr\/it\/wp-json\/wp\/v2\/users\/4"}],"replies":[{"embeddable":true,"href":"https:\/\/foodandgood.fr\/it\/wp-json\/wp\/v2\/comments?post=91312"}],"version-history":[{"count":2,"href":"https:\/\/foodandgood.fr\/it\/wp-json\/wp\/v2\/etablissement\/91312\/revisions"}],"predecessor-version":[{"id":112304,"href":"https:\/\/foodandgood.fr\/it\/wp-json\/wp\/v2\/etablissement\/91312\/revisions\/112304"}],"wp:attachment":[{"href":"https:\/\/foodandgood.fr\/it\/wp-json\/wp\/v2\/media?parent=91312"}],"curies":[{"name":"wp","href":"https:\/\/api.w.org\/{rel}","templated":true}]}}

"L'Oberges du Moulin" occupa le mura dell'ex segheria, sulla riva del Muehlgiessen, un ramo dell'Ill che un tempo alimentava il mulino La Wantzenau. Il progetto è nato da un'idea di Sébastien Werlé, chef fedele del Moulin, e Philippe Clauss, proprietario e chef del Restaurant au Moulin. L'atmosfera è calda e ordinata e la sala da pranzo si affaccia sul fiume. La terrazza, ombreggiata da un ontano secolare, è la cornice bucolica ideale per gustare i sapori autentici della cucina di ispirazione provenzale.

Lunedì: 11:45 - 13:45, 19:00 - 21:15 Martedì: 11:45 - 13:45, 19:00 - 21:15 Mercoledì: 11:45 - 13:45 Giovedì: 11:45 - 13:45, 19:00 - 21:15 Venerdì: 11:45 - 13:45, 19:00 - 21:15 Sabato: Chiuso Domenica: Chiuso
