 {"id":90513,"date":"2024-05-04T07:08:31","date_gmt":"2024-05-04T05:08:31","guid":{"rendered":"https:\/\/foodandgood.fr\/etablissement\/kornacker-sarl-auberge-du-mehrbachel\/"},"modified":"2024-08-21T18:14:16","modified_gmt":"2024-08-21T16:14:16","slug":"kornacker-sarl-auberge-du-mehrbachel","status":"publish","type":"etablissement","link":"https:\/\/foodandgood.fr\/it\/kornacker-sarl-auberge-du-mehrbachel\/","title":{"rendered":"Auberge <br>Du Mehrbachel"},"excerpt":{"rendered":"","protected":false},"author":4,"comment_status":"closed","ping_status":"closed","template":"","meta":{"_acf_changed":false,"beyondwords_generate_audio":"","beyondwords_integration_method":"","beyondwords_project_id":"","beyondwords_content_id":"","beyondwords_preview_token":"","beyondwords_player_content":"","beyondwords_player_style":"","beyondwords_language_code":"","beyondwords_language_id":"","beyondwords_title_voice_id":"","beyondwords_body_voice_id":"","beyondwords_summary_voice_id":"","beyondwords_error_message":"","beyondwords_disabled":"","beyondwords_delete_content":"","beyondwords_podcast_id":"","beyondwords_hash":"","publish_post_to_speechkit":"","speechkit_hash":"","speechkit_generate_audio":"","speechkit_project_id":"","speechkit_podcast_id":"","speechkit_error_message":"","speechkit_disabled":"","speechkit_access_key":"","speechkit_error":"","speechkit_info":"","speechkit_response":"","speechkit_retries":"","speechkit_status":"","speechkit_updated_at":"","_speechkit_link":"","_speechkit_text":""},"class_list":["post-90513","etablissement","type-etablissement","status-publish","hentry","type-etablissement-benessere-termale","type-etablissement-cucina-alsaziana","type-etablissement-ferme-auberge-it"],"acf":{"id_eta_scn":"","id_app_foodandgood":"","id_exponum":"","abo":[],"etoile_michelin":[],"titre_presentation":"Viaggia in modo diverso e scopri il Parco Naturale Regionale dei Ballons des Vosges","presentation":"La famiglia Kornacker ti accoglie nella sua locanda da 5 generazioni. Situato in una piccola valle a Saint-Amarin, sotto le creste dei Vosgi e il Grand Ballon, l'hotel offre una sosta insolita a meno di un'ora da Mulhouse e Colmar. L'Auberge \u00e8 la base ideale per organizzare le tue vacanze a piedi ed esplorare la Route des Cr\u00eates e la Strada del Vino dell'Alsazia. L'hotel*** ti affasciner\u00e0. Dispone di 19 camere luminose e spaziose. La spa e la sauna offrono un dolce invito alla calma e al riposo dopo una giornata di escursioni o di lavoro. Nel ristorante potrai gustare la tradizionale cucina alsaziana e assaggiare i prodotti della fattoria di famiglia situata a 200 m dall'Auberge. In qualit\u00e0 di membro dell'associazione \"H\u00f4tel au naturel\", la famiglia Kornacker ha adottato un approccio eco-responsabile, rispettando l'ambiente (facendo attenzione agli sprechi d'acqua o di carta, ecc.) e promuovendo la regione (utilizzando prodotti locali provenienti dall'azienda agricola di famiglia e da produttori locali, promuovendo percorsi a piedi nel parco, ecc.)  \u00a0","types_prestation":false,"photo":null,"photo_bis":90537,"photo_3":90525,"adresse":{"address":"Logis Auberge du Mehrb\u00e4chel, Mehrb\u00e4chel, Saint-Amarin, France","lat":47.8919241,"lng":7.0460816,"zoom":7,"place_id":"ChIJpUMo85zUk0cRkweyxTOrCoA","name":"Logis Auberge du Mehrb\u00e4chel","street_number":72,"street_name":"Mehrb\u00e4chel","city":"Saint-Amarin","state":"Grand Est","post_code":68550,"country":"France","country_short":"FR"},"horaires":"Luned\u00ec: Chiuso Marted\u00ec: 19:00 - 20:30 Mercoled\u00ec: 12:00 - 13:30, 19:00 - 20:30 Gioved\u00ec: 12:00 - 13:30, 19:00 - 20:30 Venerd\u00ec: 12:00 - 13:30, 19:00 - 20:30 Sabato: 12:00 - 13:30, 19:00 - 20:30 Domenica: 12:00 - 13:30","tel":"03 89 82 60 68","boutons":[{"title":"Sito web","link":"https:\/\/www.logishotels.com\/fr\/hotel\/-1208?partid=1535"},{"title":"Buoni regalo","link":"https:\/\/aji-box.com\/-\/auberge-du-mehrbachel\/"}],"boutons_reservation":"","boutons_social":null,"articles":[{"title":"","text":"","image":""}]},"_links":{"self":[{"href":"https:\/\/foodandgood.fr\/it\/wp-json\/wp\/v2\/etablissement\/90513","targetHints":{"allow":["GET"]}}],"collection":[{"href":"https:\/\/foodandgood.fr\/it\/wp-json\/wp\/v2\/etablissement"}],"about":[{"href":"https:\/\/foodandgood.fr\/it\/wp-json\/wp\/v2\/types\/etablissement"}],"author":[{"embeddable":true,"href":"https:\/\/foodandgood.fr\/it\/wp-json\/wp\/v2\/users\/4"}],"replies":[{"embeddable":true,"href":"https:\/\/foodandgood.fr\/it\/wp-json\/wp\/v2\/comments?post=90513"}],"version-history":[{"count":3,"href":"https:\/\/foodandgood.fr\/it\/wp-json\/wp\/v2\/etablissement\/90513\/revisions"}],"predecessor-version":[{"id":111786,"href":"https:\/\/foodandgood.fr\/it\/wp-json\/wp\/v2\/etablissement\/90513\/revisions\/111786"}],"wp:attachment":[{"href":"https:\/\/foodandgood.fr\/it\/wp-json\/wp\/v2\/media?parent=90513"}],"curies":[{"name":"wp","href":"https:\/\/api.w.org\/{rel}","templated":true}]}}

La famiglia Kornacker ti accoglie nella sua locanda da 5 generazioni. Situato in una piccola valle a Saint-Amarin, sotto le creste dei Vosgi e il Grand Ballon, l'hotel offre una sosta insolita a meno di un'ora da Mulhouse e Colmar. L'Auberge è la base ideale per organizzare le tue vacanze a piedi ed esplorare la Route des Crêtes e la Strada del Vino dell'Alsazia. L'hotel*** ti affascinerà. Dispone di 19 camere luminose e spaziose. La spa e la sauna offrono un dolce invito alla calma e al riposo dopo una giornata di escursioni o di lavoro. Nel ristorante potrai gustare la tradizionale cucina alsaziana e assaggiare i prodotti della fattoria di famiglia situata a 200 m dall'Auberge. In qualità di membro dell'associazione "Hôtel au naturel", la famiglia Kornacker ha adottato un approccio eco-responsabile, rispettando l'ambiente (facendo attenzione agli sprechi d'acqua o di carta, ecc.) e promuovendo la regione (utilizzando prodotti locali provenienti dall'azienda agricola di famiglia e da produttori locali, promuovendo percorsi a piedi nel parco, ecc.)

Logis Auberge du Mehrbächel, Mehrbächel, Saint-Amarin, France

Logis Auberge du Mehrbächel

Mehrbächel

Lunedì: Chiuso Martedì: 19:00 - 20:30 Mercoledì: 12:00 - 13:30, 19:00 - 20:30 Giovedì: 12:00 - 13:30, 19:00 - 20:30 Venerdì: 12:00 - 13:30, 19:00 - 20:30 Sabato: 12:00 - 13:30, 19:00 - 20:30 Domenica: 12:00 - 13:30
