 {"id":89498,"date":"2024-05-04T07:08:28","date_gmt":"2024-05-04T05:08:28","guid":{"rendered":"https:\/\/foodandgood.fr\/etablissement\/domaine-alphonse-meyer\/"},"modified":"2024-07-03T17:02:18","modified_gmt":"2024-07-03T15:02:18","slug":"domaine-alphonse-meyer","status":"publish","type":"etablissement","link":"https:\/\/foodandgood.fr\/it\/domaine-alphonse-meyer\/","title":{"rendered":"Domaine Alphonse Meyer"},"excerpt":{"rendered":"","protected":false},"author":4,"comment_status":"closed","ping_status":"closed","template":"","meta":{"_acf_changed":false,"beyondwords_generate_audio":"","beyondwords_integration_method":"","beyondwords_project_id":"","beyondwords_content_id":"","beyondwords_preview_token":"","beyondwords_player_content":"","beyondwords_player_style":"","beyondwords_language_code":"","beyondwords_language_id":"","beyondwords_title_voice_id":"","beyondwords_body_voice_id":"","beyondwords_summary_voice_id":"","beyondwords_error_message":"","beyondwords_disabled":"","beyondwords_delete_content":"","beyondwords_podcast_id":"","beyondwords_hash":"","publish_post_to_speechkit":"","speechkit_hash":"","speechkit_generate_audio":"","speechkit_project_id":"","speechkit_podcast_id":"","speechkit_error_message":"","speechkit_disabled":"","speechkit_access_key":"","speechkit_error":"","speechkit_info":"","speechkit_response":"","speechkit_retries":"","speechkit_status":"","speechkit_updated_at":"","_speechkit_link":"","_speechkit_text":""},"class_list":["post-89498","etablissement","type-etablissement","status-publish","hentry","type-etablissement-commerciante-di-vino","type-etablissement-autour-du-vin-it","type-etablissement-pernottamento-e-prima-colazione","type-etablissement-vinificatore"],"acf":{"id_eta_scn":"","id_app_foodandgood":"","id_exponum":"","abo":[],"etoile_michelin":[],"titre_presentation":"Viticoltori di padre in figlio dal 1624","presentation":"Viticoltori di padre in figlio dal 1624, tutti i nostri vini provengono esclusivamente dalle nostre vigne e sono imbottigliati nella tenuta.\nI nostri vigneti si estendono per quasi 13 ettari nei comuni di Zimmerbach e Turckheim.\nDai terroir tradizionali ai Lieux-dits e ai Grand Cru, tutti lasciano il segno su ognuno dei nostri vini.\n<div>\n\nInoltre, per le tue vacanze in Alsazia, abbiamo un'incantevole g\u00eete nel centro storico di Turckheim, accanto alla chiesa.\n\n<\/div>\n<div>Al primo piano di un'antica casa a graticcio dalla tipica architettura alsaziana<\/div>","types_prestation":false,"photo":null,"photo_bis":89448,"photo_3":89436,"adresse":{"address":"Vins d'Alsace Alphonse Meyer et Fils - Vignerons Ind\u00e9pendants, Place de l'\u00c9glise, Turckheim, France","lat":48.08752390000001,"lng":7.2782845,"zoom":7,"place_id":"ChIJnXqXdP5jkUcRm3ehVXsnv7w","name":"Vins d'Alsace Alphonse Meyer et Fils - Vignerons Ind\u00e9pendants","street_number":2,"street_name":"Place de l'\u00c9glise","street_name_short":"Pl. de l'\u00c9glise","city":"Turckheim","state":"Grand Est","post_code":68230,"country":"France","country_short":"FR"},"horaires":"Luned\u00ec: 10:00 - 12:00, 14:00 - 19:00\nMarted\u00ec: 10:00 - 12:00, 14:00 - 19:00\nMercoled\u00ec: 10:00 - 12:00, 14:00 - 19:00\nGioved\u00ec: 10:00 - 12:00, 14:00 - 19:00\nVenerd\u00ec: 10:00 - 12:00, 14:00 - 19:00\nSabato: 14:00 - 19:00\nDomenica: 10:00 - 12:00","tel":"03 89 71 14 34","boutons":[{"title":"Sito web","link":"http:\/\/www.meyer-wines.fr\/"}],"boutons_reservation":"","boutons_social":null,"articles":[{"title":"","text":"","image":""}]},"_links":{"self":[{"href":"https:\/\/foodandgood.fr\/it\/wp-json\/wp\/v2\/etablissement\/89498","targetHints":{"allow":["GET"]}}],"collection":[{"href":"https:\/\/foodandgood.fr\/it\/wp-json\/wp\/v2\/etablissement"}],"about":[{"href":"https:\/\/foodandgood.fr\/it\/wp-json\/wp\/v2\/types\/etablissement"}],"author":[{"embeddable":true,"href":"https:\/\/foodandgood.fr\/it\/wp-json\/wp\/v2\/users\/4"}],"replies":[{"embeddable":true,"href":"https:\/\/foodandgood.fr\/it\/wp-json\/wp\/v2\/comments?post=89498"}],"version-history":[{"count":1,"href":"https:\/\/foodandgood.fr\/it\/wp-json\/wp\/v2\/etablissement\/89498\/revisions"}],"predecessor-version":[{"id":89503,"href":"https:\/\/foodandgood.fr\/it\/wp-json\/wp\/v2\/etablissement\/89498\/revisions\/89503"}],"wp:attachment":[{"href":"https:\/\/foodandgood.fr\/it\/wp-json\/wp\/v2\/media?parent=89498"}],"curies":[{"name":"wp","href":"https:\/\/api.w.org\/{rel}","templated":true}]}}

Viticoltori di padre in figlio dal 1624, tutti i nostri vini provengono esclusivamente dalle nostre vigne e sono imbottigliati nella tenuta.
I nostri vigneti si estendono per quasi 13 ettari nei comuni di Zimmerbach e Turckheim.
Dai terroir tradizionali ai Lieux-dits e ai Grand Cru, tutti lasciano il segno su ognuno dei nostri vini.
<div>

Inoltre, per le tue vacanze in Alsazia, abbiamo un'incantevole gîte nel centro storico di Turckheim, accanto alla chiesa.

</div>
<div>Al primo piano di un'antica casa a graticcio dalla tipica architettura alsaziana</div>

Vins d'Alsace Alphonse Meyer et Fils - Vignerons Indépendants, Place de l'Église, Turckheim, France

Vins d'Alsace Alphonse Meyer et Fils - Vignerons Indépendants

Place de l'Église

Pl. de l'Église

Lunedì: 10:00 - 12:00, 14:00 - 19:00
Martedì: 10:00 - 12:00, 14:00 - 19:00
Mercoledì: 10:00 - 12:00, 14:00 - 19:00
Giovedì: 10:00 - 12:00, 14:00 - 19:00
Venerdì: 10:00 - 12:00, 14:00 - 19:00
Sabato: 14:00 - 19:00
Domenica: 10:00 - 12:00
