 {"id":89226,"date":"2024-07-03T15:43:58","date_gmt":"2024-07-03T13:43:58","guid":{"rendered":"https:\/\/foodandgood.fr\/etablissement\/la-pignata-2\/"},"modified":"2025-04-14T11:10:58","modified_gmt":"2025-04-14T09:10:58","slug":"la-pignata-2","status":"publish","type":"etablissement","link":"https:\/\/foodandgood.fr\/it\/la-pignata-2\/","title":{"rendered":"La Pignata"},"excerpt":{"rendered":"<p>Scoprite tutti i sapori tradizionali dell&#8217;Italia al ristorante &#8220;La Pignata&#8221; di Colmar.<\/p>\n","protected":false},"author":13,"comment_status":"closed","ping_status":"closed","template":"","meta":{"_acf_changed":false,"beyondwords_generate_audio":"","beyondwords_integration_method":"","beyondwords_project_id":"","beyondwords_content_id":"","beyondwords_preview_token":"","beyondwords_player_content":"","beyondwords_player_style":"","beyondwords_language_code":"","beyondwords_language_id":"","beyondwords_title_voice_id":"","beyondwords_body_voice_id":"","beyondwords_summary_voice_id":"","beyondwords_error_message":"","beyondwords_disabled":"","beyondwords_delete_content":"","beyondwords_podcast_id":"","beyondwords_hash":"","publish_post_to_speechkit":"","speechkit_hash":"","speechkit_generate_audio":"","speechkit_project_id":"","speechkit_podcast_id":"","speechkit_error_message":"","speechkit_disabled":"","speechkit_access_key":"","speechkit_error":"","speechkit_info":"","speechkit_response":"","speechkit_retries":"","speechkit_status":"","speechkit_updated_at":"","_speechkit_link":"","_speechkit_text":""},"class_list":["post-89226","etablissement","type-etablissement","status-publish","hentry","type-etablissement-cibo-italiano","type-etablissement-pizzeria-it"],"acf":{"id_eta_scn":"","id_app_foodandgood":"","id_exponum":"","abo":[],"etoile_michelin":[],"titre_presentation":"Che ne dite di una cena in Italia?","presentation":"<h3><b>Tutta l'Italia in un ristorante di Colmar<\/b><\/h3>\n<span style=\"font-weight: 400;\">Alla Pignata, \"Se non vai in Italia, sar\u00e0 l'Italia a venire da te!<\/span>\n\nVieni a immergerti nel pi\u00f9 famoso degli \"stivali\" gustando l'autentica cucina pignata. Potrai condividere un momento delizioso con le specialit\u00e0 italiane come se fossi stato trasportato per un attimo in Italia.\n\n<span style=\"font-weight: 400;\">Vicino agli Champs de Mars e alla stazione, il ristorante \u00e8 sempre molto frequentato. Un consiglio: non dimenticate di prenotare! Antipasti, pasta fresca, pizze, risotti, pesce e carne di prima qualit\u00e0... c'\u00e8 tutta l'Italia, senza eccezioni. La generosa cucina offre una variet\u00e0 di piaceri basati su prodotti freschi e di stagione, con un eccellente rapporto qualit\u00e0-prezzo. I piatti solari de La Pignata sono disponibili anche da asporto. Andiamo!<\/span>","types_prestation":false,"photo":97470,"photo_bis":97404,"photo_3":97440,"adresse":{"address":"La Pignata, Avenue Jean de Lattre de Tassigny, Colmar, France","lat":48.0773319,"lng":7.350470700000001,"zoom":7,"place_id":"ChIJJRGPT9xlkUcRjoJRGY-UoP4","name":"La Pignata","street_number":12,"street_name":"Avenue Jean de Lattre de Tassigny","street_name_short":"Av. Jean de Lattre de Tassigny","city":"Colmar","state":"Grand Est","post_code":68000,"country":"France","country_short":"FR"},"horaires":"Luned\u00ec: Chiuso\nMarted\u00ec: 12:00 - 14:00, 19:00 - 22:00\nMercoled\u00ec: 12:00 - 14:00, 19:00 - 22:00\nGioved\u00ec: 12:00 - 14:00, 19:00 - 22:00\nVenerd\u00ec: 12:00 - 14:00, 19:00 - 22:00\nSabato: 12:00 - 14:00, 19:00 - 22:00\nDomenica: Chiuso","tel":"03 89 29 02 28","boutons":[{"title":"Sito web","link":""}],"boutons_reservation":"","boutons_social":null,"articles":[{"title":"","text":"","image":""}]},"_links":{"self":[{"href":"https:\/\/foodandgood.fr\/it\/wp-json\/wp\/v2\/etablissement\/89226","targetHints":{"allow":["GET"]}}],"collection":[{"href":"https:\/\/foodandgood.fr\/it\/wp-json\/wp\/v2\/etablissement"}],"about":[{"href":"https:\/\/foodandgood.fr\/it\/wp-json\/wp\/v2\/types\/etablissement"}],"author":[{"embeddable":true,"href":"https:\/\/foodandgood.fr\/it\/wp-json\/wp\/v2\/users\/13"}],"replies":[{"embeddable":true,"href":"https:\/\/foodandgood.fr\/it\/wp-json\/wp\/v2\/comments?post=89226"}],"version-history":[{"count":1,"href":"https:\/\/foodandgood.fr\/it\/wp-json\/wp\/v2\/etablissement\/89226\/revisions"}],"predecessor-version":[{"id":97514,"href":"https:\/\/foodandgood.fr\/it\/wp-json\/wp\/v2\/etablissement\/89226\/revisions\/97514"}],"wp:attachment":[{"href":"https:\/\/foodandgood.fr\/it\/wp-json\/wp\/v2\/media?parent=89226"}],"curies":[{"name":"wp","href":"https:\/\/api.w.org\/{rel}","templated":true}]}}

<h3><b>Tutta l'Italia in un ristorante di Colmar</b></h3>
<span style="font-weight: 400;">Alla Pignata, "Se non vai in Italia, sarà l'Italia a venire da te!</span>

Vieni a immergerti nel più famoso degli "stivali" gustando l'autentica cucina pignata. Potrai condividere un momento delizioso con le specialità italiane come se fossi stato trasportato per un attimo in Italia.

<span style="font-weight: 400;">Vicino agli Champs de Mars e alla stazione, il ristorante è sempre molto frequentato. Un consiglio: non dimenticate di prenotare! Antipasti, pasta fresca, pizze, risotti, pesce e carne di prima qualità... c'è tutta l'Italia, senza eccezioni. La generosa cucina offre una varietà di piaceri basati su prodotti freschi e di stagione, con un eccellente rapporto qualità-prezzo. I piatti solari de La Pignata sono disponibili anche da asporto. Andiamo!</span>

Lunedì: Chiuso
Martedì: 12:00 - 14:00, 19:00 - 22:00
Mercoledì: 12:00 - 14:00, 19:00 - 22:00
Giovedì: 12:00 - 14:00, 19:00 - 22:00
Venerdì: 12:00 - 14:00, 19:00 - 22:00
Sabato: 12:00 - 14:00, 19:00 - 22:00
Domenica: Chiuso
