 {"id":74699,"date":"2024-05-30T11:54:25","date_gmt":"2024-05-30T09:54:25","guid":{"rendered":"https:\/\/foodandgood.fr\/etablissement\/albergo-ristorante-frankenbourg\/"},"modified":"2024-09-02T15:13:20","modified_gmt":"2024-09-02T13:13:20","slug":"albergo-ristorante-frankenbourg","status":"publish","type":"etablissement","link":"https:\/\/foodandgood.fr\/it\/albergo-ristorante-frankenbourg\/","title":{"rendered":"Hotel Restaurant Frankenbourg"},"excerpt":{"rendered":"","protected":false},"author":1,"comment_status":"closed","ping_status":"closed","template":"","meta":{"_acf_changed":false,"beyondwords_generate_audio":"","beyondwords_integration_method":"","beyondwords_project_id":"","beyondwords_content_id":"","beyondwords_preview_token":"","beyondwords_player_content":"","beyondwords_player_style":"","beyondwords_language_code":"","beyondwords_language_id":"","beyondwords_title_voice_id":"","beyondwords_body_voice_id":"","beyondwords_summary_voice_id":"","beyondwords_error_message":"","beyondwords_disabled":"","beyondwords_delete_content":"","beyondwords_podcast_id":"","beyondwords_hash":"","publish_post_to_speechkit":"","speechkit_hash":"","speechkit_generate_audio":"","speechkit_project_id":"","speechkit_podcast_id":"","speechkit_error_message":"","speechkit_disabled":"","speechkit_access_key":"","speechkit_error":"","speechkit_info":"","speechkit_response":"","speechkit_retries":"","speechkit_status":"","speechkit_updated_at":"","_speechkit_link":"","_speechkit_text":""},"class_list":["post-74699","etablissement","type-etablissement","status-publish","has-post-thumbnail","hentry","type-etablissement-tabella-eccezionale","type-etablissement-val-dargent-it"],"acf":{"id_eta_scn":"","id_app_foodandgood":"","id_exponum":"","abo":[],"etoile_michelin":[],"titre_presentation":"Nel cuore della natura","presentation":"Abbiamo progettato il nostro ostello con l'ambizione di renderlo un luogo caldo, amichevole, confortevole e piacevole in cui soggiornare. La struttura in legno chiaro, le pietre a vista e le pareti rivestite in canapa e calce creano un'atmosfera tranquilla e rilassante. I toni morbidi e le forme pure permettono alla natura che ci sta a cuore di esprimersi al meglio. Che si tratti dell'accogliente salottino dal fascino rustico, del moderno e accogliente bar o della soleggiata terrazza per gli aperitivi estivi, ogni spazio \u00e8 un invito alla condivisione. Questo valore di convivialit\u00e0 si riflette anche nella cucina audace e gourmet di S\u00e9bastien, scandita armoniosamente dalle stagioni e dalle tradizioni.  <div class=\"mt-1 flex justify-start gap-3 empty:hidden\">\n<div class=\"text-xs flex items-center justify-center gap-1 self-center visible\"><\/div>\n<\/div>","types_prestation":false,"photo":74695,"photo_bis":74641,"photo_3":74646,"adresse":{"address":"Auberge Frankenbourg, Rue du G\u00e9n\u00e9ral de Gaulle, La Vancelle, France","lat":48.2837524,"lng":7.302888400000001,"zoom":7,"place_id":"ChIJM8dIbAlZkUcR6_1N-TWg3yg","name":"Restaurant Frankenbourg","street_number":13,"street_name":"Rue du G\u00e9n\u00e9ral de Gaulle","city":"La Vancelle","state":"Grand Est","post_code":67730,"country":"France","country_short":"FR"},"horaires":"Luned\u00ec: 12:00 - 13:45, 19:00 - 21:00 Marted\u00ec: 12:00 - 13:45 Mercoled\u00ec: Chiuso Gioved\u00ec: Chiuso Venerd\u00ec: 12:00 - 13:45, 19:00 - 21:00 Sabato: 12:00 - 13:45, 19:00 - 21:00 Domenica: 12:00 - 13:45, 19:00 - 21:00","tel":"03 88 57 93 90","boutons":[{"title":"Sito web","link":"http:\/\/www.frankenbourg.com\/"}],"boutons_reservation":"","boutons_social":null,"articles":[{"title":"","text":"Un mix di classico e moderno, le ricette dell'Auberge Frankenbourg riflettono la campagna circostante e le tradizioni che stanno a cuore alla nostra famiglia. La cucina di S\u00e9bastien \u00e8 vivace, saldamente ancorata al territorio ma sempre aperta al mondo. Dopo aver imparato da alcuni dei migliori chef francesi, ha forgiato il proprio stile grazie ai suoi viaggi e alle sue scoperte. \u00c8 una cucina del cuore, sia contemporanea che tradizionale.","image":74651},{"title":"","text":"Per prolungare il tuo pasto o per ammirare la bellezza del paesaggio durante il tuo soggiorno, approfitta delle nostre 11 camere confortevoli ed eleganti. Particolare attenzione \u00e8 stata dedicata all'uso di materiali nobili e alla biancheria da letto e da casa. Gli animali domestici sono i benvenuti a un costo aggiuntivo. Abbiamo una stanza per le persone a mobilit\u00e0 ridotta. La nostra colazione \u00e8 deliziosa e molto personale. Offre prodotti locali, marmellate fatte in casa, dolci al \"burro puro\", una variet\u00e0 di pane, salmone affumicato con legno di faggio e salumi. E non mancano i prodotti caseari tra cui scegliere: yogurt, fromage blanc e formaggi locali sono i partner perfetti per le tue mattine. Unisciti a noi tutte le mattine dalle 8 alle 10 nella lounge Cocate per iniziare al meglio la tua giornata!","image":74656},{"title":"","text":"Basta varcare la soglia dell'Auberge Frankenbourg, situato a 500 metri di altitudine sulle pendici meridionali di Chalmont, per trovarsi in mezzo alla natura. La Vancelle \u00e8 un villaggio privilegiato all'inizio di magnifici percorsi di trekking e mountain bike. In una posizione ideale nel cuore dell'Alsazia, i siti pi\u00f9 belli della regione aspettano solo di essere esplorati. Le principali attrazioni della regione: Ch\u00e2teau du Haut Koenigsbourg \/ Montagne des Singes \/ Volerie des Aigles \/ Le citt\u00e0 di Colmar e Strasburgo \/ I tipici villaggi alsaziani, Kaysersberg, Ribeauvill\u00e9, Riquewihr... \/ La strada del vino \/ La route des cr\u00eates \/ Mont Saint Odile \/ Le miniere Tellure Sainte Marie aux Mines e molto altro ancora!","image":74650}]},"_links":{"self":[{"href":"https:\/\/foodandgood.fr\/it\/wp-json\/wp\/v2\/etablissement\/74699","targetHints":{"allow":["GET"]}}],"collection":[{"href":"https:\/\/foodandgood.fr\/it\/wp-json\/wp\/v2\/etablissement"}],"about":[{"href":"https:\/\/foodandgood.fr\/it\/wp-json\/wp\/v2\/types\/etablissement"}],"author":[{"embeddable":true,"href":"https:\/\/foodandgood.fr\/it\/wp-json\/wp\/v2\/users\/1"}],"replies":[{"embeddable":true,"href":"https:\/\/foodandgood.fr\/it\/wp-json\/wp\/v2\/comments?post=74699"}],"version-history":[{"count":20,"href":"https:\/\/foodandgood.fr\/it\/wp-json\/wp\/v2\/etablissement\/74699\/revisions"}],"predecessor-version":[{"id":113627,"href":"https:\/\/foodandgood.fr\/it\/wp-json\/wp\/v2\/etablissement\/74699\/revisions\/113627"}],"wp:featuredmedia":[{"embeddable":true,"href":"https:\/\/foodandgood.fr\/it\/wp-json\/wp\/v2\/media\/74695"}],"wp:attachment":[{"href":"https:\/\/foodandgood.fr\/it\/wp-json\/wp\/v2\/media?parent=74699"}],"curies":[{"name":"wp","href":"https:\/\/api.w.org\/{rel}","templated":true}]}}

Abbiamo progettato il nostro ostello con l'ambizione di renderlo un luogo caldo, amichevole, confortevole e piacevole in cui soggiornare. La struttura in legno chiaro, le pietre a vista e le pareti rivestite in canapa e calce creano un'atmosfera tranquilla e rilassante. I toni morbidi e le forme pure permettono alla natura che ci sta a cuore di esprimersi al meglio. Che si tratti dell'accogliente salottino dal fascino rustico, del moderno e accogliente bar o della soleggiata terrazza per gli aperitivi estivi, ogni spazio è un invito alla condivisione. Questo valore di convivialità si riflette anche nella cucina audace e gourmet di Sébastien, scandita armoniosamente dalle stagioni e dalle tradizioni.  <div class="mt-1 flex justify-start gap-3 empty:hidden">
<div class="text-xs flex items-center justify-center gap-1 self-center visible"></div>
</div>

Auberge Frankenbourg, Rue du Général de Gaulle, La Vancelle, France

Rue du Général de Gaulle

Lunedì: 12:00 - 13:45, 19:00 - 21:00 Martedì: 12:00 - 13:45 Mercoledì: Chiuso Giovedì: Chiuso Venerdì: 12:00 - 13:45, 19:00 - 21:00 Sabato: 12:00 - 13:45, 19:00 - 21:00 Domenica: 12:00 - 13:45, 19:00 - 21:00

Un mix di classico e moderno, le ricette dell'Auberge Frankenbourg riflettono la campagna circostante e le tradizioni che stanno a cuore alla nostra famiglia. La cucina di Sébastien è vivace, saldamente ancorata al territorio ma sempre aperta al mondo. Dopo aver imparato da alcuni dei migliori chef francesi, ha forgiato il proprio stile grazie ai suoi viaggi e alle sue scoperte. È una cucina del cuore, sia contemporanea che tradizionale.

Per prolungare il tuo pasto o per ammirare la bellezza del paesaggio durante il tuo soggiorno, approfitta delle nostre 11 camere confortevoli ed eleganti. Particolare attenzione è stata dedicata all'uso di materiali nobili e alla biancheria da letto e da casa. Gli animali domestici sono i benvenuti a un costo aggiuntivo. Abbiamo una stanza per le persone a mobilità ridotta. La nostra colazione è deliziosa e molto personale. Offre prodotti locali, marmellate fatte in casa, dolci al "burro puro", una varietà di pane, salmone affumicato con legno di faggio e salumi. E non mancano i prodotti caseari tra cui scegliere: yogurt, fromage blanc e formaggi locali sono i partner perfetti per le tue mattine. Unisciti a noi tutte le mattine dalle 8 alle 10 nella lounge Cocate per iniziare al meglio la tua giornata!

Basta varcare la soglia dell'Auberge Frankenbourg, situato a 500 metri di altitudine sulle pendici meridionali di Chalmont, per trovarsi in mezzo alla natura. La Vancelle è un villaggio privilegiato all'inizio di magnifici percorsi di trekking e mountain bike. In una posizione ideale nel cuore dell'Alsazia, i siti più belli della regione aspettano solo di essere esplorati. Le principali attrazioni della regione: Château du Haut Koenigsbourg / Montagne des Singes / Volerie des Aigles / Le città di Colmar e Strasburgo / I tipici villaggi alsaziani, Kaysersberg, Ribeauvillé, Riquewihr... / La strada del vino / La route des crêtes / Mont Saint Odile / Le miniere Tellure Sainte Marie aux Mines e molto altro ancora!
