 {"id":74421,"date":"2024-05-30T11:47:32","date_gmt":"2024-05-30T09:47:32","guid":{"rendered":"https:\/\/foodandgood.fr\/etablissement\/il-laboratorio-di-guillaume\/"},"modified":"2024-05-30T16:29:23","modified_gmt":"2024-05-30T14:29:23","slug":"il-laboratorio-di-guillaume","status":"publish","type":"etablissement","link":"https:\/\/foodandgood.fr\/it\/il-laboratorio-di-guillaume\/","title":{"rendered":"L'Atelier de Guillaume"},"excerpt":{"rendered":"","protected":false},"author":1,"comment_status":"closed","ping_status":"closed","template":"","meta":{"_acf_changed":false,"beyondwords_generate_audio":"","beyondwords_integration_method":"","beyondwords_project_id":"","beyondwords_content_id":"","beyondwords_preview_token":"","beyondwords_player_content":"","beyondwords_player_style":"","beyondwords_language_code":"","beyondwords_language_id":"","beyondwords_title_voice_id":"","beyondwords_body_voice_id":"","beyondwords_summary_voice_id":"","beyondwords_error_message":"","beyondwords_disabled":"","beyondwords_delete_content":"","beyondwords_podcast_id":"","beyondwords_hash":"","publish_post_to_speechkit":"","speechkit_hash":"","speechkit_generate_audio":"","speechkit_project_id":"","speechkit_podcast_id":"","speechkit_error_message":"","speechkit_disabled":"","speechkit_access_key":"","speechkit_error":"","speechkit_info":"","speechkit_response":"","speechkit_retries":"","speechkit_status":"","speechkit_updated_at":"","_speechkit_link":"","_speechkit_text":""},"class_list":["post-74421","etablissement","type-etablissement","status-publish","has-post-thumbnail","hentry","type-etablissement-catering-shops-it","type-etablissement-cucina-francese","type-etablissement-cucina-gastronomica"],"acf":{"id_eta_scn":"","id_app_foodandgood":"","id_exponum":29498,"abo":["NON"],"etoile_michelin":[],"titre_presentation":"Uno chef con pi\u00f9 cappelli","presentation":"Situato sui prati all'ingresso del tunnel Maurice Lemaire a Sainte-Marie-aux-Mines, L'Atelier de Guillaume ti accoglie in un'atmosfera neo-retr\u00f2 ispirata al forte passato industriale e tessile della Val d'Argent.\n\nL'intima sala del ristorante \u00e8 un raffinato mix di rivestimenti in legno e mattoni, che ricorda le botteghe di un tempo. Inondata di luce, quest'ultima si apre su una terrazza alberata, dove la vista si immerge nei prati della Val de Li\u00e8pvre dove potrai ammirare la natura selvaggia.\n\nUno sguardo attraverso il tetto di vetro ti permetter\u00e0 di vedere il ma\u00eetre de maison e la sua brigata che preparano la tua fuga gastronomica.\n\nCon una grande esperienza nel mondo della gastronomia, Guillaume e il suo team offrono anche un servizio di catering ed eventi. Con L'Atelier de Guillaume avrai a che fare con veri professionisti, sempre alla ricerca di creativit\u00e0 e gusto.","types_prestation":false,"photo":74417,"photo_bis":74373,"photo_3":74378,"adresse":{"address":"L'Atelier de Guillaume, Sur les Pr\u00e9s, Sainte-Marie-aux-Mines, France","lat":48.2540013,"lng":7.2050476,"zoom":7,"place_id":"ChIJob-HeNzjk0cRy0K08LV77Ac","name":"L'Atelier de Guillaume","street_name":"Sur les Pr\u00e9s","city":"Sainte-Marie-aux-Mines","state":"Grand Est","post_code":68160,"country":"France","country_short":"FR"},"horaires":"Luned\u00ec: 09:00 - 16:00\nMarted\u00ec: 09:00 - 16:00\nMercoled\u00ec: 09:00 - 16:00\nGioved\u00ec: 09:00 - 16:00\nVenerd\u00ec: 09:00 - 16:00\nSabato: Chiuso\nDomenica: Chiuso","tel":"03 89 22 37 08","boutons":[{"title":"Sito web","link":"https:\/\/www.atelierdeguillaume.fr\/"},{"title":"Catering ed eventi","link":"https:\/\/www.atelierdeguillaume.fr\/traiteur-et-evenementiel\/"}],"boutons_reservation":"","boutons_social":null,"articles":[{"title":"","text":"Provengono da una cucina di mercato in cui la stagionalit\u00e0 \u00e8 l'unica cosa che conta, e sono inoltre guidati dai loro produttori e fornitori, il pi\u00f9 possibile lontani dal corto circuito. Il loro biglietto \u00e8 quindi effimero.\n\nGuillaume e il suo team sono veri epicurei, buongustai e amanti dei prodotti, e ogni settimana mettono a punto un menu originale che combina prodotti del mare e della terra. Ispirati dalla loro creativit\u00e0 e dal loro desiderio di sorprenderti, offrono 2 antipasti, 2 piatti principali e 2 dessert. \u00c8 disponibile anche un menu di 3 o 4 portate.","image":74383},{"title":"","text":"Con L'Atelier de Guillaume avrai a che fare con veri professionisti, sempre alla ricerca di creativit\u00e0 e gusto. Guillaume e il suo team sono veri epicurei, appassionati dei loro prodotti e impegnati a trasformare e sublimare tutto ci\u00f2 che la natura ha da offrire.\n\nStoviglie, vasellame, mobili, decorazioni, illuminazione...\nAnche la disposizione della sala \u00e8 fondamentale per il successo del tuo evento.\n\nConsapevoli del tempo che passa e dello stress che pu\u00f2 comportare l'organizzazione di un evento, offriamo un supporto passo dopo passo per i tuoi eventi con servizi <em>\"chiavi in mano\"<\/em> o <em>\"\u00e0 la carte<\/em>\".\nIl passo da un semplice buffet locale a un menu gourmet \u00e8 breve!","image":74388},{"title":"","text":"Caff\u00e8 di benvenuto, vassoi di pasti, pranzi o cene di lavoro, spuntini, cocktail a pranzo o a cena, inaugurazioni, seminari, serate con i clienti o con il team, team building...\n\nL'Atelier de Guillaume ha la soluzione che stai cercando, offrendo una cucina creativa e ben studiata che unisce prodotti di qualit\u00e0, creativit\u00e0 e rispetto per le tradizioni della cucina francese. L'intero team si impegna a trasformare e condividere i prodotti della terra e del mare per creare un'esperienza di gusto indimenticabile.","image":74393}]},"_links":{"self":[{"href":"https:\/\/foodandgood.fr\/it\/wp-json\/wp\/v2\/etablissement\/74421","targetHints":{"allow":["GET"]}}],"collection":[{"href":"https:\/\/foodandgood.fr\/it\/wp-json\/wp\/v2\/etablissement"}],"about":[{"href":"https:\/\/foodandgood.fr\/it\/wp-json\/wp\/v2\/types\/etablissement"}],"author":[{"embeddable":true,"href":"https:\/\/foodandgood.fr\/it\/wp-json\/wp\/v2\/users\/1"}],"replies":[{"embeddable":true,"href":"https:\/\/foodandgood.fr\/it\/wp-json\/wp\/v2\/comments?post=74421"}],"version-history":[{"count":1,"href":"https:\/\/foodandgood.fr\/it\/wp-json\/wp\/v2\/etablissement\/74421\/revisions"}],"predecessor-version":[{"id":74895,"href":"https:\/\/foodandgood.fr\/it\/wp-json\/wp\/v2\/etablissement\/74421\/revisions\/74895"}],"wp:featuredmedia":[{"embeddable":true,"href":"https:\/\/foodandgood.fr\/it\/wp-json\/wp\/v2\/media\/74417"}],"wp:attachment":[{"href":"https:\/\/foodandgood.fr\/it\/wp-json\/wp\/v2\/media?parent=74421"}],"curies":[{"name":"wp","href":"https:\/\/api.w.org\/{rel}","templated":true}]}}

Uno chef con più cappelli

Situato sui prati all'ingresso del tunnel Maurice Lemaire a Sainte-Marie-aux-Mines, L'Atelier de Guillaume ti accoglie in un'atmosfera neo-retrò ispirata al forte passato industriale e tessile della Val d'Argent.

L'intima sala del ristorante è un raffinato mix di rivestimenti in legno e mattoni, che ricorda le botteghe di un tempo. Inondata di luce, quest'ultima si apre su una terrazza alberata, dove la vista si immerge nei prati della Val de Lièpvre dove potrai ammirare la natura selvaggia.

Uno sguardo attraverso il tetto di vetro ti permetterà di vedere il maître de maison e la sua brigata che preparano la tua fuga gastronomica.

Con una grande esperienza nel mondo della gastronomia, Guillaume e il suo team offrono anche un servizio di catering ed eventi. Con L'Atelier de Guillaume avrai a che fare con veri professionisti, sempre alla ricerca di creatività e gusto.

L'Atelier de Guillaume, Sur les Prés, Sainte-Marie-aux-Mines, France

Sur les Prés

Lunedì: 09:00 - 16:00
Martedì: 09:00 - 16:00
Mercoledì: 09:00 - 16:00
Giovedì: 09:00 - 16:00
Venerdì: 09:00 - 16:00
Sabato: Chiuso
Domenica: Chiuso

Provengono da una cucina di mercato in cui la stagionalità è l'unica cosa che conta, e sono inoltre guidati dai loro produttori e fornitori, il più possibile lontani dal corto circuito. Il loro biglietto è quindi effimero.

Guillaume e il suo team sono veri epicurei, buongustai e amanti dei prodotti, e ogni settimana mettono a punto un menu originale che combina prodotti del mare e della terra. Ispirati dalla loro creatività e dal loro desiderio di sorprenderti, offrono 2 antipasti, 2 piatti principali e 2 dessert. È disponibile anche un menu di 3 o 4 portate.

Con L'Atelier de Guillaume avrai a che fare con veri professionisti, sempre alla ricerca di creatività e gusto. Guillaume e il suo team sono veri epicurei, appassionati dei loro prodotti e impegnati a trasformare e sublimare tutto ciò che la natura ha da offrire.

Stoviglie, vasellame, mobili, decorazioni, illuminazione...
Anche la disposizione della sala è fondamentale per il successo del tuo evento.

Consapevoli del tempo che passa e dello stress che può comportare l'organizzazione di un evento, offriamo un supporto passo dopo passo per i tuoi eventi con servizi <em>"chiavi in mano"</em> o <em>"à la carte</em>".
Il passo da un semplice buffet locale a un menu gourmet è breve!

Caffè di benvenuto, vassoi di pasti, pranzi o cene di lavoro, spuntini, cocktail a pranzo o a cena, inaugurazioni, seminari, serate con i clienti o con il team, team building...

L'Atelier de Guillaume ha la soluzione che stai cercando, offrendo una cucina creativa e ben studiata che unisce prodotti di qualità, creatività e rispetto per le tradizioni della cucina francese. L'intero team si impegna a trasformare e condividere i prodotti della terra e del mare per creare un'esperienza di gusto indimenticabile.
