 {"id":72820,"date":"2024-04-10T11:52:40","date_gmt":"2024-04-10T09:52:40","guid":{"rendered":"https:\/\/foodandgood.fr\/etablissement\/ristorante-chateau-r\/"},"modified":"2025-04-14T11:10:01","modified_gmt":"2025-04-14T09:10:01","slug":"ristorante-chateau-r","status":"publish","type":"etablissement","link":"https:\/\/foodandgood.fr\/it\/ristorante-chateau-r\/","title":{"rendered":"H\u00f4tel-Restaurant Ch\u00e2teau R"},"excerpt":{"rendered":"<p>Ghulam Mirany \u00e8 arrivato in Francia all&#8217;et\u00e0 di 16 anni. Ha studiato contabilit\u00e0 e gestione a Tours e Mulhouse, prima di passare a diversi settori, tra cui quello immobiliare, agroalimentare e vitivinicolo.<\/p>\n","protected":false},"author":13,"comment_status":"closed","ping_status":"closed","template":"","meta":{"_acf_changed":false,"beyondwords_generate_audio":"","beyondwords_integration_method":"","beyondwords_project_id":"","beyondwords_content_id":"","beyondwords_preview_token":"","beyondwords_player_content":"","beyondwords_player_style":"","beyondwords_language_code":"","beyondwords_language_id":"","beyondwords_title_voice_id":"","beyondwords_body_voice_id":"","beyondwords_summary_voice_id":"","beyondwords_error_message":"","beyondwords_disabled":"","beyondwords_delete_content":"","beyondwords_podcast_id":"","beyondwords_hash":"","publish_post_to_speechkit":"","speechkit_hash":"","speechkit_generate_audio":"","speechkit_project_id":"","speechkit_podcast_id":"","speechkit_error_message":"","speechkit_disabled":"","speechkit_access_key":"","speechkit_error":"","speechkit_info":"","speechkit_response":"","speechkit_retries":"","speechkit_status":"","speechkit_updated_at":"","_speechkit_link":"","_speechkit_text":""},"class_list":["post-72820","etablissement","type-etablissement","status-publish","has-post-thumbnail","hentry","type-etablissement-cucina-gastronomica","type-etablissement-dormire"],"acf":{"id_eta_scn":"","id_app_foodandgood":"","id_exponum":"","abo":[],"etoile_michelin":[],"titre_presentation":"L'inizio della grande gastronomia","presentation":"Non appena varcherai le porte dello Ch\u00e2teau R, sarai accolto da un'atmosfera calda ed elegante. L'architettura tradizionale alsaziana si fonde armoniosamente con l'arredamento contemporaneo, creando un'atmosfera unica e raffinata. Le ampie finestre lasciano entrare la luce naturale e offrono una vista mozzafiato sui vigneti circostanti, contribuendo all'esperienza sensoriale complessiva.\n\nGhulam Mirany \u00e8 arrivato in Francia all'et\u00e0 di 16 anni e ha intrapreso una carriera diversificata, lavorando nei settori immobiliare, agroalimentare e vitivinicolo dopo aver studiato contabilit\u00e0 e gestione a Tours e Mulhouse. Uno dei suoi progetti di punta \u00e8 stata la ristrutturazione dell'ex Petit Wettolsheim, situato tra i Trois Ch\u00e2teaux e lo Ch\u00e2teau du Hohlandsbourg, che ha trasformato in Ch\u00e2teau R, prendendo le iniziali dallo Ch\u00e2teau de Reichenstein a Kientzheim, di sua propriet\u00e0.\n\nIn un'armonia di contrasti senza note false, la firma moderna del nuovo ristorante esalta il fascino della casa. Lo chef Antony Djemaa, coadiuvato da Maxime Lebon, la pasticcera Camille Besson e il sommelier St\u00e9phane Gonella traggono ispirazione dalla magia e dal prestigio del locale per esprimere la loro creativit\u00e0 attraverso una gastronomia raffinata. La loro cucina, basata su prodotti freschi e di stagione, si sposa perfettamente con gli eccezionali vini della regione. La loro ultima ambizione: vincere una stella Michelin, il massimo riconoscimento per il loro talento e la loro passione per l'arte culinaria.","types_prestation":false,"photo":66128,"photo_bis":96816,"photo_3":96798,"adresse":{"address":"H\u00f4tel - Restaurant du Ch\u00e2teau R, Route d'Eguisheim, Wettolsheim, France","lat":48.0575458,"lng":7.307034600000001,"zoom":7,"place_id":"ChIJ24NwKaJlkUcRw4O07-q4SRw","name":"H\u00f4tel - Restaurant du Ch\u00e2teau R","street_number":57,"street_name":"Route d'Eguisheim","street_name_short":"Rte d'Eguisheim","city":"Wettolsheim","state":"Grand Est","post_code":68920,"country":"France","country_short":"FR"},"horaires":"Luned\u00ec: Chiuso\nMarted\u00ec: Chiuso\nMercoled\u00ec: 11:00 - 14:00, 18:00 - 21:00\nGioved\u00ec: 11:00 - 14:00, 18:00 - 21:00\nVenerd\u00ec: 11:00 - 14:00, 18:00 - 21:00\nSabato: 11:00 - 14:00, 18:00 - 21:00\nDomenica: 11:00 - 15:00","tel":"03 89 80 80 80","boutons":[{"title":"Sito web","link":"https:\/\/www.chateau-r.fr\/"}],"boutons_reservation":"","boutons_social":null,"articles":[{"title":"","text":"La cucina dello Ch\u00e2teau R riflette il suo ambiente: classica e moderna, con un tocco di audacia. Lo chef, rinomato per la sua creativit\u00e0 e competenza, utilizza prodotti locali e di stagione per creare piatti che stuzzicano il palato e deliziano i sensi. Ogni piatto \u00e8 un'opera d'arte culinaria, presentata con cura e realizzata con precisione.\n\nIl menu dello Ch\u00e2teau R offre una variegata selezione di piatti che riflettono il ricco patrimonio gastronomico della regione. Che tu sia un amante della carne, del pesce o del vegetariano, troverai sicuramente quello che cerchi tra le varie opzioni proposte. I piatti sono esaltati da combinazioni di sapori innovativi e da tecniche di cottura impeccabili, per offrire un'esperienza di gusto eccezionale in ogni boccone.","image":66140},{"title":"","text":"Mirany, in collaborazione con rinomati produttori di vino alsaziani, ha lanciato il suo marchio di vino, CH\u00c2TEAU R, nel 2018. La sua tenuta possiede vigneti Grands Crus a Kientzheim, Turckheim e Wettolsheim, gestiti in modo biologico e curati da cavalli. L'accento \u00e8 posto sul terroir piuttosto che sul vitigno, con basse rese per ettaro per preservare il terroir alsaziano. Allo stesso tempo, la tenuta possiede Les Bulles de Marrakech in collaborazione con Jean-Marc e Annick Buecher, che organizzano eventi culinari internazionali il marted\u00ec, offrendo un'esperienza di gusto unica.","image":75035}]},"_links":{"self":[{"href":"https:\/\/foodandgood.fr\/it\/wp-json\/wp\/v2\/etablissement\/72820","targetHints":{"allow":["GET"]}}],"collection":[{"href":"https:\/\/foodandgood.fr\/it\/wp-json\/wp\/v2\/etablissement"}],"about":[{"href":"https:\/\/foodandgood.fr\/it\/wp-json\/wp\/v2\/types\/etablissement"}],"author":[{"embeddable":true,"href":"https:\/\/foodandgood.fr\/it\/wp-json\/wp\/v2\/users\/13"}],"replies":[{"embeddable":true,"href":"https:\/\/foodandgood.fr\/it\/wp-json\/wp\/v2\/comments?post=72820"}],"version-history":[{"count":1,"href":"https:\/\/foodandgood.fr\/it\/wp-json\/wp\/v2\/etablissement\/72820\/revisions"}],"predecessor-version":[{"id":75046,"href":"https:\/\/foodandgood.fr\/it\/wp-json\/wp\/v2\/etablissement\/72820\/revisions\/75046"}],"wp:featuredmedia":[{"embeddable":true,"href":"https:\/\/foodandgood.fr\/it\/wp-json\/wp\/v2\/media\/66132"}],"wp:attachment":[{"href":"https:\/\/foodandgood.fr\/it\/wp-json\/wp\/v2\/media?parent=72820"}],"curies":[{"name":"wp","href":"https:\/\/api.w.org\/{rel}","templated":true}]}}

Hôtel-Restaurant Château R

<p>Ghulam Mirany è arrivato in Francia all&#8217;età di 16 anni. Ha studiato contabilità e gestione a Tours e Mulhouse, prima di passare a diversi settori, tra cui quello immobiliare, agroalimentare e vitivinicolo.</p>

Non appena varcherai le porte dello Château R, sarai accolto da un'atmosfera calda ed elegante. L'architettura tradizionale alsaziana si fonde armoniosamente con l'arredamento contemporaneo, creando un'atmosfera unica e raffinata. Le ampie finestre lasciano entrare la luce naturale e offrono una vista mozzafiato sui vigneti circostanti, contribuendo all'esperienza sensoriale complessiva.

Ghulam Mirany è arrivato in Francia all'età di 16 anni e ha intrapreso una carriera diversificata, lavorando nei settori immobiliare, agroalimentare e vitivinicolo dopo aver studiato contabilità e gestione a Tours e Mulhouse. Uno dei suoi progetti di punta è stata la ristrutturazione dell'ex Petit Wettolsheim, situato tra i Trois Châteaux e lo Château du Hohlandsbourg, che ha trasformato in Château R, prendendo le iniziali dallo Château de Reichenstein a Kientzheim, di sua proprietà.

In un'armonia di contrasti senza note false, la firma moderna del nuovo ristorante esalta il fascino della casa. Lo chef Antony Djemaa, coadiuvato da Maxime Lebon, la pasticcera Camille Besson e il sommelier Stéphane Gonella traggono ispirazione dalla magia e dal prestigio del locale per esprimere la loro creatività attraverso una gastronomia raffinata. La loro cucina, basata su prodotti freschi e di stagione, si sposa perfettamente con gli eccezionali vini della regione. La loro ultima ambizione: vincere una stella Michelin, il massimo riconoscimento per il loro talento e la loro passione per l'arte culinaria.

Hôtel - Restaurant du Château R, Route d'Eguisheim, Wettolsheim, France

Hôtel - Restaurant du Château R

Lunedì: Chiuso
Martedì: Chiuso
Mercoledì: 11:00 - 14:00, 18:00 - 21:00
Giovedì: 11:00 - 14:00, 18:00 - 21:00
Venerdì: 11:00 - 14:00, 18:00 - 21:00
Sabato: 11:00 - 14:00, 18:00 - 21:00
Domenica: 11:00 - 15:00

La cucina dello Château R riflette il suo ambiente: classica e moderna, con un tocco di audacia. Lo chef, rinomato per la sua creatività e competenza, utilizza prodotti locali e di stagione per creare piatti che stuzzicano il palato e deliziano i sensi. Ogni piatto è un'opera d'arte culinaria, presentata con cura e realizzata con precisione.

Il menu dello Château R offre una variegata selezione di piatti che riflettono il ricco patrimonio gastronomico della regione. Che tu sia un amante della carne, del pesce o del vegetariano, troverai sicuramente quello che cerchi tra le varie opzioni proposte. I piatti sono esaltati da combinazioni di sapori innovativi e da tecniche di cottura impeccabili, per offrire un'esperienza di gusto eccezionale in ogni boccone.

Mirany, in collaborazione con rinomati produttori di vino alsaziani, ha lanciato il suo marchio di vino, CHÂTEAU R, nel 2018. La sua tenuta possiede vigneti Grands Crus a Kientzheim, Turckheim e Wettolsheim, gestiti in modo biologico e curati da cavalli. L'accento è posto sul terroir piuttosto che sul vitigno, con basse rese per ettaro per preservare il terroir alsaziano. Allo stesso tempo, la tenuta possiede Les Bulles de Marrakech in collaborazione con Jean-Marc e Annick Buecher, che organizzano eventi culinari internazionali il martedì, offrendo un'esperienza di gusto unica.
