 {"id":72807,"date":"2024-04-10T11:14:38","date_gmt":"2024-04-10T09:14:38","guid":{"rendered":"https:\/\/foodandgood.fr\/etablissement\/herrscher-michel-traiteur\/"},"modified":"2024-06-03T14:23:23","modified_gmt":"2024-06-03T12:23:23","slug":"herrscher-michel-traiteur","status":"publish","type":"etablissement","link":"https:\/\/foodandgood.fr\/it\/herrscher-michel-traiteur\/","title":{"rendered":"Boucher charcutier traiteur Michel Herrscher"},"excerpt":{"rendered":"<p>Sotto la guida di Michel Herrscher (seconda generazione), la macelleria e salumeria della famiglia Herrscher \u00e8 fiorita fin dagli inizi.<\/p>\n","protected":false},"author":13,"comment_status":"closed","ping_status":"closed","template":"","meta":{"_acf_changed":false,"beyondwords_generate_audio":"","beyondwords_integration_method":"","beyondwords_project_id":"","beyondwords_content_id":"","beyondwords_preview_token":"","beyondwords_player_content":"","beyondwords_player_style":"","beyondwords_language_code":"","beyondwords_language_id":"","beyondwords_title_voice_id":"","beyondwords_body_voice_id":"","beyondwords_summary_voice_id":"","beyondwords_error_message":"","beyondwords_disabled":"","beyondwords_delete_content":"","beyondwords_podcast_id":"","beyondwords_hash":"","publish_post_to_speechkit":"","speechkit_hash":"","speechkit_generate_audio":"","speechkit_project_id":"","speechkit_podcast_id":"","speechkit_error_message":"","speechkit_disabled":"","speechkit_access_key":"","speechkit_error":"","speechkit_info":"","speechkit_response":"","speechkit_retries":"","speechkit_status":"","speechkit_updated_at":"","_speechkit_link":"","_speechkit_text":""},"class_list":["post-72807","etablissement","type-etablissement","status-publish","has-post-thumbnail","hentry","type-etablissement-carneficina","type-etablissement-catering-shops-it"],"acf":{"id_eta_scn":"","id_app_foodandgood":"","id_exponum":"","abo":["FGood"],"etoile_michelin":[],"titre_presentation":"Dai macellai di quartiere alla diversit\u00e0","presentation":"<p class=\"p2\">Sotto la guida di Michel Herrscher (seconda generazione), la macelleria e salumeria della famiglia Herrscher \u00e8 fiorita fin dagli inizi. Il \"piccolo macellaio di quartiere\" oggi rifornisce gli stabilimenti Herrscher, i reparti macelleria e salumeria di Grands Frais d'Alsace, i distributori e i ristoratori, alcuni dei quali sono famosi e utilizzano il laboratorio per la lavorazione della selvaggina su misura.<\/p>\n<p class=\"p2\">La specialit\u00e0 da mangiare al volo \u00e8 il p\u00e2t\u00e9 en cro\u00fbte: tradizionale o biologico, oppure l'ottimo p\u00e2t\u00e9 di trota (su ordinazione). E naturalmente il pat\u00e9 caldo, servito semplicemente con un'insalata fresca.<\/p>","types_prestation":false,"photo":67010,"photo_bis":178752,"photo_3":178758,"adresse":{"address":"Restaurant Michel Herrscher, Rue Emile Schwoerer, Colmar, France","lat":48.1021953,"lng":7.366780299999998,"zoom":7,"place_id":"ChIJe0zk-RVmkUcR27Qael08UFA","name":"Restaurant Michel Herrscher","street_number":12,"street_name":"Rue Emile Schwoerer","city":"Colmar","state":"Grand Est","post_code":68000,"country":"France","country_short":"FR"},"horaires":"Luned\u00ec: 11:30 - 14:00\nMarted\u00ec: 11:30 - 14:00\nMercoled\u00ec: 11:30 - 14:00\nGioved\u00ec: 11:30 - 14:00\nVenerd\u00ec: 11:30 - 14:00\nSabato: Chiuso\nDomenica: Chiuso","tel":"03 89 20 42 76","boutons":[{"title":"Sito web","link":"https:\/\/choucroute-alsace.com\/"}],"boutons_reservation":"","boutons_social":null,"articles":null},"_links":{"self":[{"href":"https:\/\/foodandgood.fr\/it\/wp-json\/wp\/v2\/etablissement\/72807","targetHints":{"allow":["GET"]}}],"collection":[{"href":"https:\/\/foodandgood.fr\/it\/wp-json\/wp\/v2\/etablissement"}],"about":[{"href":"https:\/\/foodandgood.fr\/it\/wp-json\/wp\/v2\/types\/etablissement"}],"author":[{"embeddable":true,"href":"https:\/\/foodandgood.fr\/it\/wp-json\/wp\/v2\/users\/13"}],"replies":[{"embeddable":true,"href":"https:\/\/foodandgood.fr\/it\/wp-json\/wp\/v2\/comments?post=72807"}],"version-history":[{"count":1,"href":"https:\/\/foodandgood.fr\/it\/wp-json\/wp\/v2\/etablissement\/72807\/revisions"}],"predecessor-version":[{"id":75065,"href":"https:\/\/foodandgood.fr\/it\/wp-json\/wp\/v2\/etablissement\/72807\/revisions\/75065"}],"wp:featuredmedia":[{"embeddable":true,"href":"https:\/\/foodandgood.fr\/it\/wp-json\/wp\/v2\/media\/67014"}],"wp:attachment":[{"href":"https:\/\/foodandgood.fr\/it\/wp-json\/wp\/v2\/media?parent=72807"}],"curies":[{"name":"wp","href":"https:\/\/api.w.org\/{rel}","templated":true}]}}

<p>Sotto la guida di Michel Herrscher (seconda generazione), la macelleria e salumeria della famiglia Herrscher è fiorita fin dagli inizi.</p>

Dai macellai di quartiere alla diversità

<p class="p2">Sotto la guida di Michel Herrscher (seconda generazione), la macelleria e salumeria della famiglia Herrscher è fiorita fin dagli inizi. Il "piccolo macellaio di quartiere" oggi rifornisce gli stabilimenti Herrscher, i reparti macelleria e salumeria di Grands Frais d'Alsace, i distributori e i ristoratori, alcuni dei quali sono famosi e utilizzano il laboratorio per la lavorazione della selvaggina su misura.</p>
<p class="p2">La specialità da mangiare al volo è il pâté en croûte: tradizionale o biologico, oppure l'ottimo pâté di trota (su ordinazione). E naturalmente il paté caldo, servito semplicemente con un'insalata fresca.</p>

Lunedì: 11:30 - 14:00
Martedì: 11:30 - 14:00
Mercoledì: 11:30 - 14:00
Giovedì: 11:30 - 14:00
Venerdì: 11:30 - 14:00
Sabato: Chiuso
Domenica: Chiuso
