 {"id":72765,"date":"2024-04-10T10:55:10","date_gmt":"2024-04-10T08:55:10","guid":{"rendered":"https:\/\/foodandgood.fr\/etablissement\/cantina-ribeauville\/"},"modified":"2025-04-14T11:10:04","modified_gmt":"2025-04-14T09:10:04","slug":"cantina-ribeauville","status":"publish","type":"etablissement","link":"https:\/\/foodandgood.fr\/it\/cantina-ribeauville\/","title":{"rendered":"Cave de Ribeauvill\u00e9"},"excerpt":{"rendered":"<p>La Cave de Ribeauvill\u00e9 \u00e8 stata la prima cooperativa vinicola in Francia, fondata nel 1895 sotto la guida di un tedesco.<\/p>\n","protected":false},"author":13,"comment_status":"closed","ping_status":"closed","template":"","meta":{"_acf_changed":false,"beyondwords_generate_audio":"","beyondwords_integration_method":"","beyondwords_project_id":"","beyondwords_content_id":"","beyondwords_preview_token":"","beyondwords_player_content":"","beyondwords_player_style":"","beyondwords_language_code":"","beyondwords_language_id":"","beyondwords_title_voice_id":"","beyondwords_body_voice_id":"","beyondwords_summary_voice_id":"","beyondwords_error_message":"","beyondwords_disabled":"","beyondwords_delete_content":"","beyondwords_podcast_id":"","beyondwords_hash":"","publish_post_to_speechkit":"","speechkit_hash":"","speechkit_generate_audio":"","speechkit_project_id":"","speechkit_podcast_id":"","speechkit_error_message":"","speechkit_disabled":"","speechkit_access_key":"","speechkit_error":"","speechkit_info":"","speechkit_response":"","speechkit_retries":"","speechkit_status":"","speechkit_updated_at":"","_speechkit_link":"","_speechkit_text":""},"class_list":["post-72765","etablissement","type-etablissement","status-publish","has-post-thumbnail","hentry","type-etablissement-commerciante-di-vino","type-etablissement-vinificatore"],"acf":{"id_eta_scn":"","id_app_foodandgood":534,"id_exponum":"","abo":["FGood","APP"],"etoile_michelin":[],"titre_presentation":"Un gioiello nella corona della viticoltura alsaziana","presentation":"<p class=\"p1\">La cantina Ribeauvill\u00e9, situata nel cuore dell'Alsazia in Francia, \u00e8 un punto di riferimento per gli amanti e gli appassionati di vino. Fondata nel 1895, \u00e8 una delle pi\u00f9 antiche cooperative vinicole di Francia e simboleggia non solo la tradizione vitivinicola dell'Alsazia, ma anche lo spirito di cooperazione e solidariet\u00e0 tra i viticoltori della regione.<\/p>","types_prestation":false,"photo":96677,"photo_bis":175109,"photo_3":175125,"adresse":{"address":"Cave de Ribeauvill\u00e9, Rue de Colmar, Ribeauvill\u00e9, France","lat":48.19207129999999,"lng":7.327365200000002,"zoom":7,"place_id":"ChIJG3qYGcRdkUcRd-_zkzieO-k","name":"Cave de Ribeauvill\u00e9","street_number":2,"street_name":"Rue de Colmar","city":"Ribeauvill\u00e9","state":"Grand Est","post_code":68150,"country":"France","country_short":"FR"},"horaires":"Luned\u00ec: 08:00 - 12:00, 14:00 - 18:00\nMarted\u00ec: 08:00 - 12:00, 14:00 - 18:00\nMercoled\u00ec: 08:00 - 12:00, 14:00 - 18:00\nGioved\u00ec: 08:00 - 12:00, 14:00 - 18:00\nVenerd\u00ec: 08:00 - 12:00, 14:00 - 18:00\nSabato: 09:30 - 12:30, 14:30 - 18:30\nDomenica: 09:30 - 12:30, 14:30 - 18:30","tel":"03 89 73 61 80","boutons":[{"title":"Sito web","link":"http:\/\/www.vins-ribeauville.com\/"}],"boutons_reservation":"","boutons_social":null,"articles":null},"_links":{"self":[{"href":"https:\/\/foodandgood.fr\/it\/wp-json\/wp\/v2\/etablissement\/72765","targetHints":{"allow":["GET"]}}],"collection":[{"href":"https:\/\/foodandgood.fr\/it\/wp-json\/wp\/v2\/etablissement"}],"about":[{"href":"https:\/\/foodandgood.fr\/it\/wp-json\/wp\/v2\/types\/etablissement"}],"author":[{"embeddable":true,"href":"https:\/\/foodandgood.fr\/it\/wp-json\/wp\/v2\/users\/13"}],"replies":[{"embeddable":true,"href":"https:\/\/foodandgood.fr\/it\/wp-json\/wp\/v2\/comments?post=72765"}],"version-history":[{"count":1,"href":"https:\/\/foodandgood.fr\/it\/wp-json\/wp\/v2\/etablissement\/72765\/revisions"}],"predecessor-version":[{"id":75590,"href":"https:\/\/foodandgood.fr\/it\/wp-json\/wp\/v2\/etablissement\/72765\/revisions\/75590"}],"wp:featuredmedia":[{"embeddable":true,"href":"https:\/\/foodandgood.fr\/it\/wp-json\/wp\/v2\/media\/64923"}],"wp:attachment":[{"href":"https:\/\/foodandgood.fr\/it\/wp-json\/wp\/v2\/media?parent=72765"}],"curies":[{"name":"wp","href":"https:\/\/api.w.org\/{rel}","templated":true}]}}

Cave de Ribeauvillé

<p>La Cave de Ribeauvillé è stata la prima cooperativa vinicola in Francia, fondata nel 1895 sotto la guida di un tedesco.</p>

<p class="p1">La cantina Ribeauvillé, situata nel cuore dell'Alsazia in Francia, è un punto di riferimento per gli amanti e gli appassionati di vino. Fondata nel 1895, è una delle più antiche cooperative vinicole di Francia e simboleggia non solo la tradizione vitivinicola dell'Alsazia, ma anche lo spirito di cooperazione e solidarietà tra i viticoltori della regione.</p>

Cave de Ribeauvillé, Rue de Colmar, Ribeauvillé, France

Ribeauvillé

Lunedì: 08:00 - 12:00, 14:00 - 18:00
Martedì: 08:00 - 12:00, 14:00 - 18:00
Mercoledì: 08:00 - 12:00, 14:00 - 18:00
Giovedì: 08:00 - 12:00, 14:00 - 18:00
Venerdì: 08:00 - 12:00, 14:00 - 18:00
Sabato: 09:30 - 12:30, 14:30 - 18:30
Domenica: 09:30 - 12:30, 14:30 - 18:30
