 {"id":72704,"date":"2024-03-20T11:58:25","date_gmt":"2024-03-20T10:58:25","guid":{"rendered":"https:\/\/foodandgood.fr\/etablissement\/ristorante-les-semailles\/"},"modified":"2024-06-07T11:18:12","modified_gmt":"2024-06-07T09:18:12","slug":"ristorante-les-semailles","status":"publish","type":"etablissement","link":"https:\/\/foodandgood.fr\/it\/etablissement\/ristorante-les-semailles\/","title":{"rendered":"Restaurant Les Semailles"},"excerpt":{"rendered":"","protected":false},"author":1,"comment_status":"closed","ping_status":"closed","template":"","meta":{"_acf_changed":false,"beyondwords_generate_audio":"","beyondwords_integration_method":"","beyondwords_project_id":"","beyondwords_content_id":"","beyondwords_preview_token":"","beyondwords_player_content":"","beyondwords_player_style":"","beyondwords_language_code":"","beyondwords_language_id":"","beyondwords_title_voice_id":"","beyondwords_body_voice_id":"","beyondwords_summary_voice_id":"","beyondwords_error_message":"","beyondwords_disabled":"","beyondwords_delete_content":"","beyondwords_podcast_id":"","beyondwords_hash":"","publish_post_to_speechkit":"","speechkit_hash":"","speechkit_generate_audio":"","speechkit_project_id":"","speechkit_podcast_id":"","speechkit_error_message":"","speechkit_disabled":"","speechkit_access_key":"","speechkit_error":"","speechkit_info":"","speechkit_response":"","speechkit_retries":"","speechkit_status":"","speechkit_updated_at":"","_speechkit_link":"","_speechkit_text":""},"class_list":["post-72704","etablissement","type-etablissement","status-publish","has-post-thumbnail","hentry","type-etablissement-cucina-gastronomica"],"acf":{"id_eta_scn":"","id_app_foodandgood":"","id_exponum":"","abo":[],"etoile_michelin":[],"titre_presentation":"Ristorante gastronomico La Wantzenau","presentation":"Con tutta la sua esperienza dietro ai fornelli, Jean-Michel LOESSEL \u00e8 un vero artigiano della cucina. La passione per il suo mestiere \u00e8 evidente in ogni sua creazione, dove sapori, consistenze e armonie si combinano per creare piatti gustosi e generosi. La sua cucina si evolve con le stagioni, adattandosi ai prodotti freschi di stagione per garantire un'esperienza di gusto autentica ad ogni visita.\n\nA \"Les Semailles\", ogni dettaglio \u00e8 studiato per far emergere il meglio del prodotto. Ogni ingrediente \u00e8 scelto con cura, ogni tecnica culinaria \u00e8 perfezionata alla perfezione. Il risultato? Una cucina d'autore, dove originalit\u00e0 e creativit\u00e0 si fondono armoniosamente per deliziare le papille gustative pi\u00f9 esigenti.\n\nL'ambiente del ristorante \"Les Semailles\" rispecchia la sua cucina: caldo, contemporaneo e intimo. In questo ambiente accogliente, gli ospiti possono gustare i loro pasti in tutta tranquillit\u00e0, lontano dalla frenesia della vita quotidiana. Che si tratti di un'occasione speciale o semplicemente di un regalo, \"Les Semailles\" \u00e8 l'indirizzo ideale per una fuga gastronomica memorabile.","types_prestation":false,"photo":64420,"photo_bis":64425,"photo_3":64430,"adresse":{"address":"Les Semailles - Restaurant Gastronomique Strasbourg La Wantzenau, Rue du Petit Magmod, La Wantzenau, France","lat":48.6571881,"lng":7.837084499999999,"zoom":7,"place_id":"ChIJU7MUbizElkcRDWAKKQ04lP4","name":"Les Semailles - Restaurant Gastronomique Strasbourg La Wantzenau","street_number":10,"street_name":"Rue du Petit Magmod","city":"La Wantzenau","state":"Grand Est","post_code":67610,"country":"France","country_short":"FR"},"horaires":"Luned\u00ec 12:00-13:45, 19:00-21:00\nMarted\u00ec Chiuso\nMercoled\u00ec Chiuso\nGioved\u00ec 12:00-13:45, 19:00-21:00\nVenerd\u00ec 12:00-13:45, 19:00-21:00\nSabato 12:00-13:45, 19:00-21:00\ndomenica 12:00-13:45","tel":"03 88 96 38 38","boutons":[{"title":"Sito web","link":"https:\/\/restaurant-semailles.fr\/"},{"title":"buoni regalo","link":"https:\/\/aji-box.com\/boutique\/les-semailles\/"},{"title":"La Carta","link":"https:\/\/restaurant-semailles.fr\/wp-content\/uploads\/2021\/07\/Carte-230422provi.pdf"}],"boutons_reservation":"","boutons_social":null,"articles":[{"title":"","text":"","image":""}]},"_links":{"self":[{"href":"https:\/\/foodandgood.fr\/it\/wp-json\/wp\/v2\/etablissement\/72704","targetHints":{"allow":["GET"]}}],"collection":[{"href":"https:\/\/foodandgood.fr\/it\/wp-json\/wp\/v2\/etablissement"}],"about":[{"href":"https:\/\/foodandgood.fr\/it\/wp-json\/wp\/v2\/types\/etablissement"}],"author":[{"embeddable":true,"href":"https:\/\/foodandgood.fr\/it\/wp-json\/wp\/v2\/users\/1"}],"replies":[{"embeddable":true,"href":"https:\/\/foodandgood.fr\/it\/wp-json\/wp\/v2\/comments?post=72704"}],"version-history":[{"count":1,"href":"https:\/\/foodandgood.fr\/it\/wp-json\/wp\/v2\/etablissement\/72704\/revisions"}],"predecessor-version":[{"id":77456,"href":"https:\/\/foodandgood.fr\/it\/wp-json\/wp\/v2\/etablissement\/72704\/revisions\/77456"}],"wp:featuredmedia":[{"embeddable":true,"href":"https:\/\/foodandgood.fr\/it\/wp-json\/wp\/v2\/media\/64420"}],"wp:attachment":[{"href":"https:\/\/foodandgood.fr\/it\/wp-json\/wp\/v2\/media?parent=72704"}],"curies":[{"name":"wp","href":"https:\/\/api.w.org\/{rel}","templated":true}]}}

Con tutta la sua esperienza dietro ai fornelli, Jean-Michel LOESSEL è un vero artigiano della cucina. La passione per il suo mestiere è evidente in ogni sua creazione, dove sapori, consistenze e armonie si combinano per creare piatti gustosi e generosi. La sua cucina si evolve con le stagioni, adattandosi ai prodotti freschi di stagione per garantire un'esperienza di gusto autentica ad ogni visita.

A "Les Semailles", ogni dettaglio è studiato per far emergere il meglio del prodotto. Ogni ingrediente è scelto con cura, ogni tecnica culinaria è perfezionata alla perfezione. Il risultato? Una cucina d'autore, dove originalità e creatività si fondono armoniosamente per deliziare le papille gustative più esigenti.

L'ambiente del ristorante "Les Semailles" rispecchia la sua cucina: caldo, contemporaneo e intimo. In questo ambiente accogliente, gli ospiti possono gustare i loro pasti in tutta tranquillità, lontano dalla frenesia della vita quotidiana. Che si tratti di un'occasione speciale o semplicemente di un regalo, "Les Semailles" è l'indirizzo ideale per una fuga gastronomica memorabile.

Lunedì 12:00-13:45, 19:00-21:00
Martedì Chiuso
Mercoledì Chiuso
Giovedì 12:00-13:45, 19:00-21:00
Venerdì 12:00-13:45, 19:00-21:00
Sabato 12:00-13:45, 19:00-21:00
domenica 12:00-13:45
