 {"id":61354,"date":"2023-11-23T11:06:03","date_gmt":"2023-11-23T10:06:03","guid":{"rendered":"https:\/\/foodandgood.fr\/etablissement\/bloch-gensburger\/"},"modified":"2024-06-11T11:18:40","modified_gmt":"2024-06-11T09:18:40","slug":"bloch-gensburger","status":"publish","type":"etablissement","link":"https:\/\/foodandgood.fr\/it\/bloch-gensburger\/","title":{"rendered":"Bloch Gensburger"},"excerpt":{"rendered":"","protected":false},"author":1,"comment_status":"closed","ping_status":"closed","template":"","meta":{"_acf_changed":false,"beyondwords_generate_audio":"","beyondwords_integration_method":"","beyondwords_project_id":"","beyondwords_content_id":"","beyondwords_preview_token":"","beyondwords_player_content":"","beyondwords_player_style":"","beyondwords_language_code":"","beyondwords_language_id":"","beyondwords_title_voice_id":"","beyondwords_body_voice_id":"","beyondwords_summary_voice_id":"","beyondwords_error_message":"","beyondwords_disabled":"","beyondwords_delete_content":"","beyondwords_podcast_id":"","beyondwords_hash":"","publish_post_to_speechkit":"","speechkit_hash":"","speechkit_generate_audio":"","speechkit_project_id":"","speechkit_podcast_id":"","speechkit_error_message":"","speechkit_disabled":"","speechkit_access_key":"","speechkit_error":"","speechkit_info":"","speechkit_response":"","speechkit_retries":"","speechkit_status":"","speechkit_updated_at":"","_speechkit_link":"","_speechkit_text":""},"class_list":["post-61354","etablissement","type-etablissement","status-publish","has-post-thumbnail","hentry","type-etablissement-shopping-di-moda"],"acf":{"id_eta_scn":"","id_app_foodandgood":43,"id_exponum":"","abo":[],"etoile_michelin":[],"titre_presentation":"Oltre 100 anni di moda ed eleganza","presentation":"Entrando nella boutique Bloch Gensburger, i colori sono disposti per colore, creando un'armonia visiva che rende lo shopping piacevole e stimolante. Che tu stia cercando un outfit classico, un look raffinato o uno stile pi\u00f9 naturale, qui troverai pezzi adatti ai tuoi gusti e alla tua personalit\u00e0.\n\nIl negozio si distingue per le sue collezioni esclusive, accuratamente selezionate per soddisfare le aspettative dei clienti pi\u00f9 esigenti. Per gli uomini, il negozio offre una gamma di capi di abbigliamento che vanno dai completi eleganti agli abiti pi\u00f9 casual, senza mai scendere a compromessi con la qualit\u00e0. Le donne, invece, possono esplorare una variet\u00e0 di stili, dallo chic senza tempo ai look pi\u00f9 audaci e contemporanei. Gli accessori, che completano ogni outfit, sono scelti con la stessa attenzione ai dettagli, aggiungendo un tocco finale di raffinatezza.\n\nBrigitte e il suo team sono al centro dell'esperienza d'acquisto di BLOCH-GENSBURGER. La loro calorosa accoglienza e i loro consigli esperti rendono ogni visita un'esperienza speciale. Si prendono il tempo necessario per capire le esigenze e le preferenze di ogni cliente, offrendo consigli personalizzati che riflettono la loro esperienza e la loro passione per la moda. Questa attenzione ai dettagli e il servizio su misura sono fattori chiave per assicurarsi la fedelt\u00e0 di clienti esigenti e soddisfatti.","types_prestation":false,"photo":61336,"photo_bis":61320,"photo_3":61344,"adresse":{"address":"Bloch Gensburger, Rue des Boulangers, Colmar, France","lat":48.07794529999999,"lng":7.355492199999998,"zoom":7,"place_id":"ChIJIYJTROdlkUcRQEbTR22cXCQ","name":"Bloch Gensburger","street_number":5,"street_name":"Rue des Boulangers","city":"Colmar","state":"Grand Est","post_code":68000,"country":"France","country_short":"FR"},"horaires":"Luned\u00ec 14:00-18:30\nMarted\u00ec 09:30-18:30\nmercoled\u00ec 09:30-18:30\nGioved\u00ec 09:30-18:30\nVenerd\u00ec 09:30-18:30\nSabato 09:30-18:30\nDomenica Chiuso","tel":"03 89 41 26 47","boutons":[{"title":"Sito web","link":"https:\/\/www.bloch-gensburger.fr\/"},{"title":"buoni regalo","link":""},{"title":"","link":""},{"title":"","link":""}],"boutons_reservation":"","boutons_social":null,"articles":[{"title":"","text":"","image":""},{"title":"","text":"","image":""},{"title":"","text":"","image":""}]},"_links":{"self":[{"href":"https:\/\/foodandgood.fr\/it\/wp-json\/wp\/v2\/etablissement\/61354","targetHints":{"allow":["GET"]}}],"collection":[{"href":"https:\/\/foodandgood.fr\/it\/wp-json\/wp\/v2\/etablissement"}],"about":[{"href":"https:\/\/foodandgood.fr\/it\/wp-json\/wp\/v2\/types\/etablissement"}],"author":[{"embeddable":true,"href":"https:\/\/foodandgood.fr\/it\/wp-json\/wp\/v2\/users\/1"}],"replies":[{"embeddable":true,"href":"https:\/\/foodandgood.fr\/it\/wp-json\/wp\/v2\/comments?post=61354"}],"version-history":[{"count":1,"href":"https:\/\/foodandgood.fr\/it\/wp-json\/wp\/v2\/etablissement\/61354\/revisions"}],"predecessor-version":[{"id":79975,"href":"https:\/\/foodandgood.fr\/it\/wp-json\/wp\/v2\/etablissement\/61354\/revisions\/79975"}],"wp:featuredmedia":[{"embeddable":true,"href":"https:\/\/foodandgood.fr\/it\/wp-json\/wp\/v2\/media\/61336"}],"wp:attachment":[{"href":"https:\/\/foodandgood.fr\/it\/wp-json\/wp\/v2\/media?parent=61354"}],"curies":[{"name":"wp","href":"https:\/\/api.w.org\/{rel}","templated":true}]}}

Entrando nella boutique Bloch Gensburger, i colori sono disposti per colore, creando un'armonia visiva che rende lo shopping piacevole e stimolante. Che tu stia cercando un outfit classico, un look raffinato o uno stile più naturale, qui troverai pezzi adatti ai tuoi gusti e alla tua personalità.

Il negozio si distingue per le sue collezioni esclusive, accuratamente selezionate per soddisfare le aspettative dei clienti più esigenti. Per gli uomini, il negozio offre una gamma di capi di abbigliamento che vanno dai completi eleganti agli abiti più casual, senza mai scendere a compromessi con la qualità. Le donne, invece, possono esplorare una varietà di stili, dallo chic senza tempo ai look più audaci e contemporanei. Gli accessori, che completano ogni outfit, sono scelti con la stessa attenzione ai dettagli, aggiungendo un tocco finale di raffinatezza.

Brigitte e il suo team sono al centro dell'esperienza d'acquisto di BLOCH-GENSBURGER. La loro calorosa accoglienza e i loro consigli esperti rendono ogni visita un'esperienza speciale. Si prendono il tempo necessario per capire le esigenze e le preferenze di ogni cliente, offrendo consigli personalizzati che riflettono la loro esperienza e la loro passione per la moda. Questa attenzione ai dettagli e il servizio su misura sono fattori chiave per assicurarsi la fedeltà di clienti esigenti e soddisfatti.

Lunedì 14:00-18:30
Martedì 09:30-18:30
mercoledì 09:30-18:30
Giovedì 09:30-18:30
Venerdì 09:30-18:30
Sabato 09:30-18:30
Domenica Chiuso
