 {"id":58955,"date":"2023-11-08T11:54:20","date_gmt":"2023-11-08T10:54:20","guid":{"rendered":"https:\/\/foodandgood.fr\/etablissement\/torte-nuziali-clergue\/"},"modified":"2024-06-12T14:44:14","modified_gmt":"2024-06-12T12:44:14","slug":"torte-nuziali-clergue","status":"publish","type":"etablissement","link":"https:\/\/foodandgood.fr\/it\/torte-nuziali-clergue\/","title":{"rendered":"JM Clergue Weddings Cakes & Co"},"excerpt":{"rendered":"<p>Fondata nel 1972, la Maison Clergue ha sede da allora in Place de la Cath\u00e9drale a Colmar. Pasticceria, confetteria e sala da t\u00e8, questa piccola azienda a conduzione familiare rimane fedele ai suoi valori, offrendo ricette di famiglia realizzate con metodi tradizionali.<\/p>\n","protected":false},"author":1,"comment_status":"closed","ping_status":"closed","template":"","meta":{"_acf_changed":false,"beyondwords_generate_audio":"","beyondwords_integration_method":"","beyondwords_project_id":"","beyondwords_content_id":"","beyondwords_preview_token":"","beyondwords_player_content":"","beyondwords_player_style":"","beyondwords_language_code":"","beyondwords_language_id":"","beyondwords_title_voice_id":"","beyondwords_body_voice_id":"","beyondwords_summary_voice_id":"","beyondwords_error_message":"","beyondwords_disabled":"","beyondwords_delete_content":"","beyondwords_podcast_id":"","beyondwords_hash":"","publish_post_to_speechkit":"","speechkit_hash":"","speechkit_generate_audio":"","speechkit_project_id":"","speechkit_podcast_id":"","speechkit_error_message":"","speechkit_disabled":"","speechkit_access_key":"","speechkit_error":"","speechkit_info":"","speechkit_response":"","speechkit_retries":"","speechkit_status":"","speechkit_updated_at":"","_speechkit_link":"","_speechkit_text":""},"class_list":["post-58955","etablissement","type-etablissement","status-publish","has-post-thumbnail","hentry","type-etablissement-catering-shops-it","type-etablissement-dolce-pausa"],"acf":{"id_eta_scn":"","id_app_foodandgood":57,"id_exponum":"","abo":[],"etoile_michelin":[],"titre_presentation":"Crescere per servirvi meglio","presentation":"Fondata nel 1972, la Maison Clergue ha sede da allora in Place de la Cath\u00e9drale a Colmar. Pasticceria, confetteria e sala da t\u00e8, questa piccola azienda a conduzione familiare rimane fedele ai suoi valori, offrendo ricette di famiglia realizzate con metodi tradizionali.\n\nMentre il negozio nel centro della citt\u00e0 accoglie sempre pi\u00f9 turisti, l'azienda ha appena trasferito il suo laboratorio a Sainte-Croix-en-Plaine e ha aperto un piccolo negozio integrato, che Marianne Clergue, nipote dei fondatori, \u00e8 lieta di gestire. Questo nuovo indirizzo offre pasticcini, panini e spuntini ai lavoratori locali, oltre a un facile punto di ritiro per i clienti abituali.\n\nNota: un servizio di catering \u00e8 previsto per il 2024!","types_prestation":false,"photo":58949,"photo_bis":59901,"photo_3":59906,"adresse":{"address":"7d Rue Montgolfier, 68127 Sainte-Croix-en-Plaine, France","lat":48.0228966,"lng":7.380687900000001,"zoom":7,"place_id":"ChIJeWK2MJNvkUcR2Qc_eGofFIw","street_number":"7d","street_name":"Rue Montgolfier","city":"Sainte-Croix-en-Plaine","state":"Grand Est","post_code":68127,"country":"France","country_short":"FR"},"horaires":"Luned\u00ec 7.00-14.00, da marted\u00ec a venerd\u00ec 7.00-18.30 Sabato, domenica 7.00-14.00","tel":"03 89 29 46 61","boutons":[{"title":"Sito web","link":""},{"title":"buoni regalo","link":""},{"title":"","link":""},{"title":"","link":""}],"boutons_reservation":"","boutons_social":null,"articles":[{"title":"","text":"","image":""},{"title":"","text":"","image":""},{"title":"","text":"","image":""}]},"_links":{"self":[{"href":"https:\/\/foodandgood.fr\/it\/wp-json\/wp\/v2\/etablissement\/58955","targetHints":{"allow":["GET"]}}],"collection":[{"href":"https:\/\/foodandgood.fr\/it\/wp-json\/wp\/v2\/etablissement"}],"about":[{"href":"https:\/\/foodandgood.fr\/it\/wp-json\/wp\/v2\/types\/etablissement"}],"author":[{"embeddable":true,"href":"https:\/\/foodandgood.fr\/it\/wp-json\/wp\/v2\/users\/1"}],"replies":[{"embeddable":true,"href":"https:\/\/foodandgood.fr\/it\/wp-json\/wp\/v2\/comments?post=58955"}],"version-history":[{"count":3,"href":"https:\/\/foodandgood.fr\/it\/wp-json\/wp\/v2\/etablissement\/58955\/revisions"}],"predecessor-version":[{"id":59914,"href":"https:\/\/foodandgood.fr\/it\/wp-json\/wp\/v2\/etablissement\/58955\/revisions\/59914"}],"wp:featuredmedia":[{"embeddable":true,"href":"https:\/\/foodandgood.fr\/it\/wp-json\/wp\/v2\/media\/58949"}],"wp:attachment":[{"href":"https:\/\/foodandgood.fr\/it\/wp-json\/wp\/v2\/media?parent=58955"}],"curies":[{"name":"wp","href":"https:\/\/api.w.org\/{rel}","templated":true}]}}

<p>Fondata nel 1972, la Maison Clergue ha sede da allora in Place de la Cathédrale a Colmar. Pasticceria, confetteria e sala da tè, questa piccola azienda a conduzione familiare rimane fedele ai suoi valori, offrendo ricette di famiglia realizzate con metodi tradizionali.</p>

Fondata nel 1972, la Maison Clergue ha sede da allora in Place de la Cathédrale a Colmar. Pasticceria, confetteria e sala da tè, questa piccola azienda a conduzione familiare rimane fedele ai suoi valori, offrendo ricette di famiglia realizzate con metodi tradizionali.

Mentre il negozio nel centro della città accoglie sempre più turisti, l'azienda ha appena trasferito il suo laboratorio a Sainte-Croix-en-Plaine e ha aperto un piccolo negozio integrato, che Marianne Clergue, nipote dei fondatori, è lieta di gestire. Questo nuovo indirizzo offre pasticcini, panini e spuntini ai lavoratori locali, oltre a un facile punto di ritiro per i clienti abituali.

Nota: un servizio di catering è previsto per il 2024!

Lunedì 7.00-14.00, da martedì a venerdì 7.00-18.30 Sabato, domenica 7.00-14.00
