 {"id":57617,"date":"2023-11-02T04:47:02","date_gmt":"2023-11-02T03:47:02","guid":{"rendered":"https:\/\/foodandgood.fr\/etablissement\/grand-hotel-bad-ems\/"},"modified":"2024-04-26T10:22:03","modified_gmt":"2024-04-26T08:22:03","slug":"grand-hotel-bad-ems","status":"publish","type":"etablissement","link":"https:\/\/foodandgood.fr\/it\/grand-hotel-bad-ems\/","title":{"rendered":"Grand Hotel Bad Ems"},"excerpt":{"rendered":"<p>Nel cuore della romantica Valle del Lahn, nell&#8217;affascinante citt\u00e0 termale di Bad Ems in Germania, sorge il maestoso Grand Hotel Bad Ems.<\/p>\n","protected":false},"author":6,"comment_status":"closed","ping_status":"closed","template":"","meta":{"_acf_changed":false,"beyondwords_generate_audio":"","beyondwords_integration_method":"","beyondwords_project_id":"","beyondwords_content_id":"","beyondwords_preview_token":"","beyondwords_player_content":"","beyondwords_player_style":"","beyondwords_language_code":"","beyondwords_language_id":"","beyondwords_title_voice_id":"","beyondwords_body_voice_id":"","beyondwords_summary_voice_id":"","beyondwords_error_message":"","beyondwords_disabled":"","beyondwords_delete_content":"","beyondwords_podcast_id":"","beyondwords_hash":"","publish_post_to_speechkit":"","speechkit_hash":"","speechkit_generate_audio":"","speechkit_project_id":"","speechkit_podcast_id":"","speechkit_error_message":"","speechkit_disabled":"","speechkit_access_key":"","speechkit_error":"","speechkit_info":"","speechkit_response":"","speechkit_retries":"","speechkit_status":"","speechkit_updated_at":"","_speechkit_link":"","_speechkit_text":""},"class_list":["post-57617","etablissement","type-etablissement","status-publish","has-post-thumbnail","hentry","type-etablissement-benessere-termale","type-etablissement-bistronomia-it","type-etablissement-dormire"],"acf":{"id_eta_scn":"","id_app_foodandgood":"","id_exponum":"","abo":[],"etoile_michelin":[],"titre_presentation":"Un'eredit\u00e0 di lusso e relax nel cuore della storia","presentation":"<p class=\"p1\">Nel cuore della romantica Valle del Lahn, nell'affascinante citt\u00e0 termale di Bad Ems in Germania, sorge il maestoso Grand Hotel Bad Ems. Fin dalla sua creazione, questa storica struttura ha ospitato eminenti personalit\u00e0, tra cui l'imperatore Guglielmo I di Germania, che ne fece la sua residenza estiva.<\/p>\n<p class=\"p1\">Il Grand Hotel Bad Ems, che incarna un'eleganza senza tempo, un lusso raffinato e un'atmosfera rilassante, ha aperto le sue porte nel 1870, in un'epoca in cui le terme europee erano in piena espansione. Situato a Bad Ems, famosa per le sue sorgenti termali curative, l'hotel \u00e8 diventato rapidamente una delle destinazioni pi\u00f9 popolari per i trattamenti termali e le pause benessere.<\/p>\n<p class=\"p1\">Oggi lo stabilimento \u00e8 rinomato per la sua eccezionale spa, che continua la tradizione della citt\u00e0 come localit\u00e0 termale. Le acque di Bad Ems, ricche di minerali, sono utilizzate per una serie di trattamenti terapeutici. La spa offre un'esperienza di benessere completa, con saune, sale vapore, piscine e aree relax.<\/p>","types_prestation":false,"photo":59385,"photo_bis":60489,"photo_3":60507,"adresse":{"address":"R\u00f6merstra\u00dfe 1-3, 56130 Bad Ems, Allemagne","lat":50.33029819999999,"lng":7.728678899999999,"zoom":7,"place_id":"EidSw7ZtZXJzdHJhw59lIDEsIDU2MTMwIEJhZCBFbXMsIEdlcm1hbnkiMBIuChQKEgnX0mRrKHm-RxGDOUlyayM_yxABKhQKEglntFsdL3m-RxGXMBhxTsB2sA","name":"R\u00f6merstra\u00dfe 1","street_number":1,"street_name":"R\u00f6merstra\u00dfe","city":"Bad Ems","state":"Rheinland-Pfalz","state_short":"RP","post_code":56130,"country":"Allemagne","country_short":"DE"},"horaires":"","tel":"+49 (0) 2603 799-0","boutons":[{"title":"sito web","link":"https:\/\/haeckers-grandhotel.com"}],"boutons_reservation":"","boutons_social":null,"articles":[{"title":"","text":"","image":""}]},"_links":{"self":[{"href":"https:\/\/foodandgood.fr\/it\/wp-json\/wp\/v2\/etablissement\/57617","targetHints":{"allow":["GET"]}}],"collection":[{"href":"https:\/\/foodandgood.fr\/it\/wp-json\/wp\/v2\/etablissement"}],"about":[{"href":"https:\/\/foodandgood.fr\/it\/wp-json\/wp\/v2\/types\/etablissement"}],"author":[{"embeddable":true,"href":"https:\/\/foodandgood.fr\/it\/wp-json\/wp\/v2\/users\/6"}],"replies":[{"embeddable":true,"href":"https:\/\/foodandgood.fr\/it\/wp-json\/wp\/v2\/comments?post=57617"}],"version-history":[{"count":2,"href":"https:\/\/foodandgood.fr\/it\/wp-json\/wp\/v2\/etablissement\/57617\/revisions"}],"predecessor-version":[{"id":59630,"href":"https:\/\/foodandgood.fr\/it\/wp-json\/wp\/v2\/etablissement\/57617\/revisions\/59630"}],"wp:featuredmedia":[{"embeddable":true,"href":"https:\/\/foodandgood.fr\/it\/wp-json\/wp\/v2\/media\/59385"}],"wp:attachment":[{"href":"https:\/\/foodandgood.fr\/it\/wp-json\/wp\/v2\/media?parent=57617"}],"curies":[{"name":"wp","href":"https:\/\/api.w.org\/{rel}","templated":true}]}}

<p>Nel cuore della romantica Valle del Lahn, nell&#8217;affascinante città termale di Bad Ems in Germania, sorge il maestoso Grand Hotel Bad Ems.</p>

Un'eredità di lusso e relax nel cuore della storia

<p class="p1">Nel cuore della romantica Valle del Lahn, nell'affascinante città termale di Bad Ems in Germania, sorge il maestoso Grand Hotel Bad Ems. Fin dalla sua creazione, questa storica struttura ha ospitato eminenti personalità, tra cui l'imperatore Guglielmo I di Germania, che ne fece la sua residenza estiva.</p>
<p class="p1">Il Grand Hotel Bad Ems, che incarna un'eleganza senza tempo, un lusso raffinato e un'atmosfera rilassante, ha aperto le sue porte nel 1870, in un'epoca in cui le terme europee erano in piena espansione. Situato a Bad Ems, famosa per le sue sorgenti termali curative, l'hotel è diventato rapidamente una delle destinazioni più popolari per i trattamenti termali e le pause benessere.</p>
<p class="p1">Oggi lo stabilimento è rinomato per la sua eccezionale spa, che continua la tradizione della città come località termale. Le acque di Bad Ems, ricche di minerali, sono utilizzate per una serie di trattamenti terapeutici. La spa offre un'esperienza di benessere completa, con saune, sale vapore, piscine e aree relax.</p>

Römerstraße 1-3, 56130 Bad Ems, Allemagne

Römerstraße 1

Römerstraße
