 {"id":57545,"date":"2023-11-01T18:31:17","date_gmt":"2023-11-01T17:31:17","guid":{"rendered":"https:\/\/foodandgood.fr\/etablissement\/chi-avrebbe-mai-pensato\/"},"modified":"2023-11-08T17:14:36","modified_gmt":"2023-11-08T16:14:36","slug":"chi-avrebbe-mai-pensato","status":"publish","type":"etablissement","link":"https:\/\/foodandgood.fr\/it\/chi-avrebbe-mai-pensato\/","title":{"rendered":"Qui l'eut cru"},"excerpt":{"rendered":"<p>Il Natale \u00e8 sempre stato un momento in cui le famiglie si riuniscono e condividono un buon pasto, ed \u00e8 sempre stato difficile dimenticare il piatto di formaggi, l&#8217;emblematico pasto francese!<\/p>\n","protected":false},"author":6,"comment_status":"closed","ping_status":"closed","template":"","meta":{"_acf_changed":false,"beyondwords_generate_audio":"","beyondwords_integration_method":"","beyondwords_project_id":"","beyondwords_content_id":"","beyondwords_preview_token":"","beyondwords_player_content":"","beyondwords_player_style":"","beyondwords_language_code":"","beyondwords_language_id":"","beyondwords_title_voice_id":"","beyondwords_body_voice_id":"","beyondwords_summary_voice_id":"","beyondwords_error_message":"","beyondwords_disabled":"","beyondwords_delete_content":"","beyondwords_podcast_id":"","beyondwords_hash":"","publish_post_to_speechkit":"","speechkit_hash":"","speechkit_generate_audio":"","speechkit_project_id":"","speechkit_podcast_id":"","speechkit_error_message":"","speechkit_disabled":"","speechkit_access_key":"","speechkit_error":"","speechkit_info":"","speechkit_response":"","speechkit_retries":"","speechkit_status":"","speechkit_updated_at":"","_speechkit_link":"","_speechkit_text":""},"class_list":["post-57545","etablissement","type-etablissement","status-publish","has-post-thumbnail","hentry","type-etablissement-formaggio","type-etablissement-gastronomia"],"acf":{"id_eta_scn":"","id_app_foodandgood":61,"id_exponum":"","abo":[],"etoile_michelin":[],"titre_presentation":"Il tagliere di formaggi per la tavola di Natale","presentation":"<em>Ispirato dal vostro Cr\u00e9mier-Fromager Chi l'avrebbe mai detto a Guebwiller?<\/em>\n\nIl Natale \u00e8 sempre stato un momento in cui le famiglie si riuniscono e condividono un buon pasto, ed \u00e8 sempre stato difficile dimenticare il piatto di formaggi, l'emblematico pasto francese!\n\nIl vostro Cr\u00e9mier Fromager \"Qui l'E\u00fbt Cru\" vi aiuter\u00e0 a comporre il vostro piatto di formaggi in questo articolo.\n\nCon il Natale alle porte e l'apertura dei \"lunghi\" menu delle feste, \u00e8 un vero e proprio grattacapo, tra il numero di invitati, la scelta dei piatti, le proporzioni: quindi, sfruttate al massimo la stravaganza!","types_prestation":false,"photo":58530,"photo_bis":59761,"photo_3":58412,"adresse":{"address":"45 Rue de la R\u00e9publique, 68500 Guebwiller, France","lat":47.90814769999999,"lng":7.212506799999998,"zoom":7,"place_id":"ChIJ3esujel-kUcRTBHDrUKM508","name":"45 Rue de la R\u00e9publique","street_number":45,"street_name":"Rue de la R\u00e9publique","city":"Guebwiller","state":"Grand Est","post_code":68500,"country":"France","country_short":"FR"},"horaires":"NEGOZIO\nLuned\u00ec chiuso\nMarted\u00ec 9.00-12.00 \/ 15.30-18.30\nMercoled\u00ec 9.00-12.00 \/ 15.30-18.30\nGioved\u00ec 9.00-18.30\nVenerd\u00ec 9.00-18.30\nSabato 9.00-18.00\nDomenica 9.30-12.00\n\nRISTORAZIONE\nGioved\u00ec e venerd\u00ec 12:00-14:00\nSabato 12:00-18:00","tel":"03 89 82 59 72","boutons":[{"title":"sito web","link":"https:\/\/www.cremerie-fromagerie-quileutcru.fr\/"},{"title":"Preparativi","link":"https:\/\/www.cremerie-fromagerie-quileutcru.fr\/nos-preparations\/"},{"title":"\u00c0 Tavolo","link":"https:\/\/www.cremerie-fromagerie-quileutcru.fr\/a-table\/"}],"boutons_reservation":"","boutons_social":null,"articles":[{"title":"","text":"<p class=\"p1\"><span class=\"s1\"><b>Quanti formaggi?<\/b><\/span>  \u00c8 una buona idea regolare il numero di formaggi in base al numero di ospiti. Pi\u00f9 sono gli invitati, maggiore sar\u00e0 la variet\u00e0 del piatto. La tradizione, o i puristi un po' pignoli, impongono di offrire un numero dispari di formaggi: 3, 5, 7... A voi la scelta! Noi di Chez Qui l'e\u00fbt cru non lesiniamo sulla quantit\u00e0, soprattutto per un piatto natalizio abbondante, perch\u00e9 se ne avanza... tanto meglio!<\/p>\n<p class=\"p1\"><span class=\"s1\"><b>Quale mezzo di comunicazione?<\/b><\/span>  Legno, senza esitazione! risponde Isabelle. Un piatto o una tavola di legno \u00e8 ancora un \"classico nobile\", dove i formaggi risalteranno al meglio. E non dimentichiamo che la maggior parte dei formaggi viene stagionata su tavole nel caseificio prima di arrivare in tavola. Quindi \u00e8 una strizzata d'occhio in termini di servizio!<\/p>\n<p class=\"p1\"><span class=\"s1\">\n  <b>Presentazione sul set:<\/b>\n<\/span> Isabelle ed Erik sono epicurei. Che si tratti di cucinare a casa, di gustare il menu di una buona locanda di montagna o quello di un ristorante stellato, la conclusione \u00e8 che \"mangiamo prima con gli occhi\". Lo stesso vale per il vostro tagliere di formaggi: ben apparecchiato, proprio come la vostra tavola: tutto \u00e8 importante!<\/p>\n<p class=\"p1\">La grafica dei nostri vassoi riflette ora la firma del nostro negozio. Noi preferiamo il pretaglio per una serie di motivi: facilita il servizio e i vostri ospiti apprezzeranno la possibilit\u00e0 di servirsi di una variet\u00e0 di piccoli bocconi. Questa scelta ci permette di offrire un assortimento molto pi\u00f9 vario e aggiunge volume ed estetica al vassoio. \u00c8 un'operazione di taglio precisa che richiede esperienza e pazienza!<\/p>\n<p class=\"p1\"><span class=\"s1\"><b>Quali formaggi?<\/b><\/span>  Eccoci qua! Per Erik \u00e8 difficile fare una scelta precisa, perch\u00e9 le variazioni possono essere tante quanti sono i giorni dell'anno. Per un equilibrio perfetto, cerchiamo di giocare sulla stagionalit\u00e0, sulla diversificazione dei tipi di latte, sulla stagionatura del Cr\u00e9mier Fromager e di rappresentare le diverse famiglie di formaggi.<\/p>","image":58538}]},"_links":{"self":[{"href":"https:\/\/foodandgood.fr\/it\/wp-json\/wp\/v2\/etablissement\/57545","targetHints":{"allow":["GET"]}}],"collection":[{"href":"https:\/\/foodandgood.fr\/it\/wp-json\/wp\/v2\/etablissement"}],"about":[{"href":"https:\/\/foodandgood.fr\/it\/wp-json\/wp\/v2\/types\/etablissement"}],"author":[{"embeddable":true,"href":"https:\/\/foodandgood.fr\/it\/wp-json\/wp\/v2\/users\/6"}],"replies":[{"embeddable":true,"href":"https:\/\/foodandgood.fr\/it\/wp-json\/wp\/v2\/comments?post=57545"}],"version-history":[{"count":2,"href":"https:\/\/foodandgood.fr\/it\/wp-json\/wp\/v2\/etablissement\/57545\/revisions"}],"predecessor-version":[{"id":59559,"href":"https:\/\/foodandgood.fr\/it\/wp-json\/wp\/v2\/etablissement\/57545\/revisions\/59559"}],"wp:featuredmedia":[{"embeddable":true,"href":"https:\/\/foodandgood.fr\/it\/wp-json\/wp\/v2\/media\/58530"}],"wp:attachment":[{"href":"https:\/\/foodandgood.fr\/it\/wp-json\/wp\/v2\/media?parent=57545"}],"curies":[{"name":"wp","href":"https:\/\/api.w.org\/{rel}","templated":true}]}}

<p>Il Natale è sempre stato un momento in cui le famiglie si riuniscono e condividono un buon pasto, ed è sempre stato difficile dimenticare il piatto di formaggi, l&#8217;emblematico pasto francese!</p>

<em>Ispirato dal vostro Crémier-Fromager Chi l'avrebbe mai detto a Guebwiller?</em>

Il Natale è sempre stato un momento in cui le famiglie si riuniscono e condividono un buon pasto, ed è sempre stato difficile dimenticare il piatto di formaggi, l'emblematico pasto francese!

Il vostro Crémier Fromager "Qui l'Eût Cru" vi aiuterà a comporre il vostro piatto di formaggi in questo articolo.

Con il Natale alle porte e l'apertura dei "lunghi" menu delle feste, è un vero e proprio grattacapo, tra il numero di invitati, la scelta dei piatti, le proporzioni: quindi, sfruttate al massimo la stravaganza!

45 Rue de la République, 68500 Guebwiller, France

45 Rue de la République

Rue de la République

NEGOZIO
Lunedì chiuso
Martedì 9.00-12.00 / 15.30-18.30
Mercoledì 9.00-12.00 / 15.30-18.30
Giovedì 9.00-18.30
Venerdì 9.00-18.30
Sabato 9.00-18.00
Domenica 9.30-12.00

RISTORAZIONE
Giovedì e venerdì 12:00-14:00
Sabato 12:00-18:00

À Tavolo

<p class="p1"><span class="s1"><b>Quanti formaggi?</b></span>  È una buona idea regolare il numero di formaggi in base al numero di ospiti. Più sono gli invitati, maggiore sarà la varietà del piatto. La tradizione, o i puristi un po' pignoli, impongono di offrire un numero dispari di formaggi: 3, 5, 7... A voi la scelta! Noi di Chez Qui l'eût cru non lesiniamo sulla quantità, soprattutto per un piatto natalizio abbondante, perché se ne avanza... tanto meglio!</p>
<p class="p1"><span class="s1"><b>Quale mezzo di comunicazione?</b></span>  Legno, senza esitazione! risponde Isabelle. Un piatto o una tavola di legno è ancora un "classico nobile", dove i formaggi risalteranno al meglio. E non dimentichiamo che la maggior parte dei formaggi viene stagionata su tavole nel caseificio prima di arrivare in tavola. Quindi è una strizzata d'occhio in termini di servizio!</p>
<p class="p1"><span class="s1">
  <b>Presentazione sul set:</b>
</span> Isabelle ed Erik sono epicurei. Che si tratti di cucinare a casa, di gustare il menu di una buona locanda di montagna o quello di un ristorante stellato, la conclusione è che "mangiamo prima con gli occhi". Lo stesso vale per il vostro tagliere di formaggi: ben apparecchiato, proprio come la vostra tavola: tutto è importante!</p>
<p class="p1">La grafica dei nostri vassoi riflette ora la firma del nostro negozio. Noi preferiamo il pretaglio per una serie di motivi: facilita il servizio e i vostri ospiti apprezzeranno la possibilità di servirsi di una varietà di piccoli bocconi. Questa scelta ci permette di offrire un assortimento molto più vario e aggiunge volume ed estetica al vassoio. È un'operazione di taglio precisa che richiede esperienza e pazienza!</p>
<p class="p1"><span class="s1"><b>Quali formaggi?</b></span>  Eccoci qua! Per Erik è difficile fare una scelta precisa, perché le variazioni possono essere tante quanti sono i giorni dell'anno. Per un equilibrio perfetto, cerchiamo di giocare sulla stagionalità, sulla diversificazione dei tipi di latte, sulla stagionatura del Crémier Fromager e di rappresentare le diverse famiglie di formaggi.</p>
