 {"id":57060,"date":"2022-03-01T10:59:21","date_gmt":"2022-03-01T09:59:21","guid":{"rendered":"https:\/\/foodandgood.fr\/etablissement\/lartemise\/"},"modified":"2024-06-10T15:01:42","modified_gmt":"2024-06-10T13:01:42","slug":"lartemise","status":"publish","type":"etablissement","link":"https:\/\/foodandgood.fr\/it\/lartemise\/","title":{"rendered":"L'Art\u00e9mise"},"excerpt":{"rendered":"","protected":false},"author":1,"comment_status":"closed","ping_status":"closed","template":"","meta":{"_acf_changed":false,"beyondwords_generate_audio":"","beyondwords_integration_method":"","beyondwords_project_id":"","beyondwords_content_id":"","beyondwords_preview_token":"","beyondwords_player_content":"","beyondwords_player_style":"","beyondwords_language_code":"","beyondwords_language_id":"","beyondwords_title_voice_id":"","beyondwords_body_voice_id":"","beyondwords_summary_voice_id":"","beyondwords_error_message":"","beyondwords_disabled":"","beyondwords_delete_content":"","beyondwords_podcast_id":"","beyondwords_hash":"","publish_post_to_speechkit":"","speechkit_hash":"","speechkit_generate_audio":"","speechkit_project_id":"","speechkit_podcast_id":"","speechkit_error_message":"","speechkit_disabled":"","speechkit_access_key":"","speechkit_error":"","speechkit_info":"","speechkit_response":"","speechkit_retries":"","speechkit_status":"","speechkit_updated_at":"","_speechkit_link":"","_speechkit_text":""},"class_list":["post-57060","etablissement","type-etablissement","status-publish","has-post-thumbnail","hentry","type-etablissement-brunch-it","type-etablissement-caffe-sala-da-te","type-etablissement-dolce-pausa"],"acf":{"id_eta_scn":"","id_app_foodandgood":172,"id_exponum":"","abo":[],"etoile_michelin":[],"titre_presentation":"\u00c8 un'ora deliziosa!","presentation":"Accomodatevi nell'atmosfera in stile inglese della sala da t\u00e8 L'Art\u00e9mise a Colmar.\n\nCercate un buon indirizzo per il brunch? Ebbene, fermatevi proprio l\u00ec, a l'Art\u00e9mise!\n\nIn un ambiente delicato con carta da parati floreale e porcellane inglesi, la sala da t\u00e8 L'Art\u00e9mise di Colmar \u00e8 un concept dal respiro internazionale. Il tutto ispirato ai viaggi di Johann e Yeonna. Combina una sala da t\u00e8 con una caffetteria, offrendo deliziosi pasticcini da mangiare o da portare via, oltre a una gamma di piatti salati a seconda dell'ora del giorno.\n\nTutto \u00e8 fatto in casa e sempre di stagione, con un'attenta selezione dei prodotti. Uova da allevamento all'aperto, latte fresco, farina senza additivi, t\u00e8 di nicchia e micro-lotti direttamente dal produttore. Il menu \u00e0 la carte comprende deliziosi pancake e le famose uova alla Benedict. Scoprite le specialit\u00e0 della casa: le superbe crostate di pasta frolla con fleur de sel e i loro squisiti biscotti.","types_prestation":false,"photo":46862,"photo_bis":46829,"photo_3":78876,"adresse":{"address":"L'Art\u00e9mise, Rue des \u00c9coles, Colmar, France","lat":48.0740783,"lng":7.359993400000002,"zoom":7,"place_id":"ChIJefSKKFdlkUcRZZl6CFfSZt0","name":"L'Art\u00e9mise","street_number":10,"street_name":"Rue des \u00c9coles","city":"Colmar","state":"Grand Est","post_code":68000,"country":"France","country_short":"FR"},"horaires":"Luned\u00ec: 09:00 - 18:00\nMarted\u00ec: Chiuso\nMercoled\u00ec: Chiuso\nGioved\u00ec: 09:00 - 18:00\nVenerd\u00ec: 09:00 - 18:00\nSabato: 09:00 - 18:00\nDomenica: 09:00 - 18:00","tel":"03 89 29 57 35","boutons":[{"title":"Sito web","link":"https:\/\/www.lartemise-colmar.fr\/"},{"title":"Menu del brunch","link":"https:\/\/www.lartemise-colmar.fr\/wp-content\/uploads\/2022\/02\/menu-reouverture.pdf"}],"boutons_reservation":"","boutons_social":null,"articles":[{"title":"","text":"","image":""}]},"_links":{"self":[{"href":"https:\/\/foodandgood.fr\/it\/wp-json\/wp\/v2\/etablissement\/57060","targetHints":{"allow":["GET"]}}],"collection":[{"href":"https:\/\/foodandgood.fr\/it\/wp-json\/wp\/v2\/etablissement"}],"about":[{"href":"https:\/\/foodandgood.fr\/it\/wp-json\/wp\/v2\/types\/etablissement"}],"author":[{"embeddable":true,"href":"https:\/\/foodandgood.fr\/it\/wp-json\/wp\/v2\/users\/1"}],"replies":[{"embeddable":true,"href":"https:\/\/foodandgood.fr\/it\/wp-json\/wp\/v2\/comments?post=57060"}],"version-history":[{"count":1,"href":"https:\/\/foodandgood.fr\/it\/wp-json\/wp\/v2\/etablissement\/57060\/revisions"}],"predecessor-version":[{"id":78850,"href":"https:\/\/foodandgood.fr\/it\/wp-json\/wp\/v2\/etablissement\/57060\/revisions\/78850"}],"wp:featuredmedia":[{"embeddable":true,"href":"https:\/\/foodandgood.fr\/it\/wp-json\/wp\/v2\/media\/46862"}],"wp:attachment":[{"href":"https:\/\/foodandgood.fr\/it\/wp-json\/wp\/v2\/media?parent=57060"}],"curies":[{"name":"wp","href":"https:\/\/api.w.org\/{rel}","templated":true}]}}

L'Artémise

È un'ora deliziosa!

Accomodatevi nell'atmosfera in stile inglese della sala da tè L'Artémise a Colmar.

Cercate un buon indirizzo per il brunch? Ebbene, fermatevi proprio lì, a l'Artémise!

In un ambiente delicato con carta da parati floreale e porcellane inglesi, la sala da tè L'Artémise di Colmar è un concept dal respiro internazionale. Il tutto ispirato ai viaggi di Johann e Yeonna. Combina una sala da tè con una caffetteria, offrendo deliziosi pasticcini da mangiare o da portare via, oltre a una gamma di piatti salati a seconda dell'ora del giorno.

Tutto è fatto in casa e sempre di stagione, con un'attenta selezione dei prodotti. Uova da allevamento all'aperto, latte fresco, farina senza additivi, tè di nicchia e micro-lotti direttamente dal produttore. Il menu à la carte comprende deliziosi pancake e le famose uova alla Benedict. Scoprite le specialità della casa: le superbe crostate di pasta frolla con fleur de sel e i loro squisiti biscotti.

L'Artémise, Rue des Écoles, Colmar, France

Rue des Écoles

Lunedì: 09:00 - 18:00
Martedì: Chiuso
Mercoledì: Chiuso
Giovedì: 09:00 - 18:00
Venerdì: 09:00 - 18:00
Sabato: 09:00 - 18:00
Domenica: 09:00 - 18:00
