 {"id":55837,"date":"2023-09-26T14:02:57","date_gmt":"2023-09-26T12:02:57","guid":{"rendered":"https:\/\/foodandgood.fr\/etablissement\/ibis-styles-parigi-boulogne-marcel-sembat\/"},"modified":"2023-09-26T14:17:29","modified_gmt":"2023-09-26T12:17:29","slug":"ibis-styles-parigi-boulogne-marcel-sembat","status":"publish","type":"etablissement","link":"https:\/\/foodandgood.fr\/it\/ibis-styles-parigi-boulogne-marcel-sembat\/","title":{"rendered":"ibis Styles Paris Boulogne<br> Marcel Sembat"},"excerpt":{"rendered":"","protected":false},"author":1,"comment_status":"closed","ping_status":"closed","template":"","meta":{"_acf_changed":false,"beyondwords_generate_audio":"","beyondwords_integration_method":"","beyondwords_project_id":"","beyondwords_content_id":"","beyondwords_preview_token":"","beyondwords_player_content":"","beyondwords_player_style":"","beyondwords_language_code":"","beyondwords_language_id":"","beyondwords_title_voice_id":"","beyondwords_body_voice_id":"","beyondwords_summary_voice_id":"","beyondwords_error_message":"","beyondwords_disabled":"","beyondwords_delete_content":"","beyondwords_podcast_id":"","beyondwords_hash":"","publish_post_to_speechkit":"","speechkit_hash":"","speechkit_generate_audio":"","speechkit_project_id":"","speechkit_podcast_id":"","speechkit_error_message":"","speechkit_disabled":"","speechkit_access_key":"","speechkit_error":"","speechkit_info":"","speechkit_response":"","speechkit_retries":"","speechkit_status":"","speechkit_updated_at":"","_speechkit_link":"","_speechkit_text":""},"class_list":["post-55837","etablissement","type-etablissement","status-publish","has-post-thumbnail","hentry","type-etablissement-dormire"],"acf":{"id_eta_scn":"","id_app_foodandgood":84,"id_exponum":"","abo":[],"etoile_michelin":[],"titre_presentation":"Un hotel economico di design aperto alle menti creative","presentation":"Una volta sistemati, potrete godere di un sonno tranquillo con la nostra biancheria da letto Sweet Bed: non vorrete pi\u00f9 andarvene! Se avete un certo languorino, abbiamo qualcosa anche per voi, con la nostra area gourmet! Se soggiornate da noi per affari o per piacere, tutto \u00e8 a pochi minuti di distanza: la stazione della metropolitana Marcel Sembat ai piedi dell'hotel, il Roland Garros, il Parco dei Principi, la Senna Musicale. I migliori luoghi di Parigi sono facilmente raggiungibili grazie alla linea 9.\n\nParigi \u00e8 vostra. Siamo a 15 minuti dalla Torre Eiffel, direttamente sulla linea 9 della metropolitana. Un ottimo modo per scoprire la capitale dall'alto. La sua squadra gioca contro il PSG al Parco dei Principi o \u00e8 semplicemente un tifoso della squadra della capitale? Siamo a soli 15 minuti a piedi dallo stadio!\n\n\"Posate le valigie, siete arrivati! Se volete staccare la spina e divertirvi un po', siete nel posto giusto. Il nostro hotel, nel cuore di Boulogne Billancourt, vi sorprender\u00e0 con il suo design atipico: \"Retour de voyage\", e il suo team cordiale!\".\n\n<cite>Signora St\u00e9phanie OULOUNA, Gestione alberghiera<\/cite>","types_prestation":false,"photo":55795,"photo_bis":"","photo_3":"","adresse":{"address":"92 boulevard de la r\u00e9publique, 92100, Boulogne","lat":48.8323512,"lng":2.2510667,"zoom":7,"place_id":"ChIJJzkEmux65kcRJFXUrzhOvRE","street_number":null,"street_name":"Boulevard de la R\u00e9publique","city":"Boulogne-Billancourt","state":"\u00cele-de-France","post_code":92100,"country":"France","country_short":"FR"},"horaires":"7 giorni su 7\n\nArrivo dalle 12:00 - Partenza fino alle 12:00","tel":"01 46 08 08 02","boutons":[{"title":"Sito web","link":"https:\/\/all.accor.com\/hotel\/A039\/index.fr.shtml?utm_campaign=seo+maps&utm_medium=seo+maps&utm_source=google+Maps"},{"title":"Camere","link":"https:\/\/all.accor.com\/hotel\/A039\/index.fr.shtml?utm_campaign=seo+maps&utm_medium=seo+maps&utm_source=google+Maps#section-rooms"},{"title":"Servizi alberghieri","link":"https:\/\/all.accor.com\/hotel\/A039\/index.fr.shtml?utm_campaign=seo+maps&utm_medium=seo+maps&utm_source=google+Maps#section-facilities"},{"title":"Gruppo Accor","link":"https:\/\/all.accor.com\/loyalty-program\/reasonstojoin\/index.fr.shtml"}],"boutons_reservation":"","boutons_social":null,"articles":[{"title":"","text":"<h2>Una posizione ideale<\/h2>\nParigi \u00e8 vostra. Siamo a 15 minuti dalla Torre Eiffel, direttamente sulla linea 9 della metropolitana. Un ottimo modo per scoprire la capitale dall'alto. La sua squadra gioca contro il PSG al Parco dei Principi o \u00e8 semplicemente un tifoso della squadra della capitale? Siamo a soli 15 minuti a piedi dallo stadio!","image":55840},{"title":"","text":"<h2>Colazione<\/h2>\nNel nostro hotel ibis Styles, ogni mattina potrete gustare la colazione a buffet a volont\u00e0 nella nostra sala da pranzo.\n\nSarete felici di scoprire un'ampia variet\u00e0 di prodotti freschi da assaggiare, e ce n'\u00e8 per tutti i gusti. Salumi, bevande calde, frutta fresca o pasticceria francese: ce n'\u00e8 per tutti i gusti!","image":55748},{"title":"","text":"<h2>Ibis Styles, per il vostro piacere<\/h2>\nAll'ibis Styles potrete godere di camere spaziose e confortevoli con un design moderno e caldo.\n\nIl nostro team motivato e multilingue vi garantir\u00e0 una piacevole esperienza all'ibis Styles.\n\nSentitevi liberi di rilassarvi nella nostra area relax, dove potrete accoccolarvi su un comodo divano in una stanza elegantemente decorata.","image":55783}]},"_links":{"self":[{"href":"https:\/\/foodandgood.fr\/it\/wp-json\/wp\/v2\/etablissement\/55837","targetHints":{"allow":["GET"]}}],"collection":[{"href":"https:\/\/foodandgood.fr\/it\/wp-json\/wp\/v2\/etablissement"}],"about":[{"href":"https:\/\/foodandgood.fr\/it\/wp-json\/wp\/v2\/types\/etablissement"}],"author":[{"embeddable":true,"href":"https:\/\/foodandgood.fr\/it\/wp-json\/wp\/v2\/users\/1"}],"replies":[{"embeddable":true,"href":"https:\/\/foodandgood.fr\/it\/wp-json\/wp\/v2\/comments?post=55837"}],"version-history":[{"count":1,"href":"https:\/\/foodandgood.fr\/it\/wp-json\/wp\/v2\/etablissement\/55837\/revisions"}],"predecessor-version":[{"id":55859,"href":"https:\/\/foodandgood.fr\/it\/wp-json\/wp\/v2\/etablissement\/55837\/revisions\/55859"}],"wp:featuredmedia":[{"embeddable":true,"href":"https:\/\/foodandgood.fr\/it\/wp-json\/wp\/v2\/media\/55795"}],"wp:attachment":[{"href":"https:\/\/foodandgood.fr\/it\/wp-json\/wp\/v2\/media?parent=55837"}],"curies":[{"name":"wp","href":"https:\/\/api.w.org\/{rel}","templated":true}]}}

Una volta sistemati, potrete godere di un sonno tranquillo con la nostra biancheria da letto Sweet Bed: non vorrete più andarvene! Se avete un certo languorino, abbiamo qualcosa anche per voi, con la nostra area gourmet! Se soggiornate da noi per affari o per piacere, tutto è a pochi minuti di distanza: la stazione della metropolitana Marcel Sembat ai piedi dell'hotel, il Roland Garros, il Parco dei Principi, la Senna Musicale. I migliori luoghi di Parigi sono facilmente raggiungibili grazie alla linea 9.

Parigi è vostra. Siamo a 15 minuti dalla Torre Eiffel, direttamente sulla linea 9 della metropolitana. Un ottimo modo per scoprire la capitale dall'alto. La sua squadra gioca contro il PSG al Parco dei Principi o è semplicemente un tifoso della squadra della capitale? Siamo a soli 15 minuti a piedi dallo stadio!

"Posate le valigie, siete arrivati! Se volete staccare la spina e divertirvi un po', siete nel posto giusto. Il nostro hotel, nel cuore di Boulogne Billancourt, vi sorprenderà con il suo design atipico: "Retour de voyage", e il suo team cordiale!".

<cite>Signora Stéphanie OULOUNA, Gestione alberghiera</cite>

92 boulevard de la république, 92100, Boulogne

Boulevard de la République

Île-de-France

<h2>Una posizione ideale</h2>
Parigi è vostra. Siamo a 15 minuti dalla Torre Eiffel, direttamente sulla linea 9 della metropolitana. Un ottimo modo per scoprire la capitale dall'alto. La sua squadra gioca contro il PSG al Parco dei Principi o è semplicemente un tifoso della squadra della capitale? Siamo a soli 15 minuti a piedi dallo stadio!

<h2>Colazione</h2>
Nel nostro hotel ibis Styles, ogni mattina potrete gustare la colazione a buffet a volontà nella nostra sala da pranzo.

Sarete felici di scoprire un'ampia varietà di prodotti freschi da assaggiare, e ce n'è per tutti i gusti. Salumi, bevande calde, frutta fresca o pasticceria francese: ce n'è per tutti i gusti!

<h2>Ibis Styles, per il vostro piacere</h2>
All'ibis Styles potrete godere di camere spaziose e confortevoli con un design moderno e caldo.

Il nostro team motivato e multilingue vi garantirà una piacevole esperienza all'ibis Styles.

Sentitevi liberi di rilassarvi nella nostra area relax, dove potrete accoccolarvi su un comodo divano in una stanza elegantemente decorata.
