 {"id":50650,"date":"2023-07-04T17:07:43","date_gmt":"2023-07-04T15:07:43","guid":{"rendered":"https:\/\/foodandgood.fr\/etablissement\/herve-gehin\/"},"modified":"2024-07-01T12:12:39","modified_gmt":"2024-07-01T10:12:39","slug":"herve-gehin","status":"publish","type":"etablissement","link":"https:\/\/foodandgood.fr\/it\/herve-gehin\/","title":{"rendered":"Herv\u00e9 GEHIN"},"excerpt":{"rendered":"","protected":false},"author":6,"comment_status":"closed","ping_status":"closed","template":"","meta":{"_acf_changed":false,"beyondwords_generate_audio":"","beyondwords_integration_method":"","beyondwords_project_id":"","beyondwords_content_id":"","beyondwords_preview_token":"","beyondwords_player_content":"","beyondwords_player_style":"","beyondwords_language_code":"","beyondwords_language_id":"","beyondwords_title_voice_id":"","beyondwords_body_voice_id":"","beyondwords_summary_voice_id":"","beyondwords_error_message":"","beyondwords_disabled":"","beyondwords_delete_content":"","beyondwords_podcast_id":"","beyondwords_hash":"","publish_post_to_speechkit":"","speechkit_hash":"","speechkit_generate_audio":"","speechkit_project_id":"","speechkit_podcast_id":"","speechkit_error_message":"","speechkit_disabled":"","speechkit_access_key":"","speechkit_error":"","speechkit_info":"","speechkit_response":"","speechkit_retries":"","speechkit_status":"","speechkit_updated_at":"","_speechkit_link":"","_speechkit_text":""},"class_list":["post-50650","etablissement","type-etablissement","status-publish","has-post-thumbnail","hentry","type-etablissement-acquisti-culinari"],"acf":{"id_eta_scn":"","id_app_foodandgood":"","id_exponum":"","abo":[],"etoile_michelin":[],"titre_presentation":"Una passione per l'energia del legno","presentation":"La storia di <strong>CHEMINEES HERVE GEHIN<\/strong> \u00e8 iniziata il 1\u00b0 gennaio 1981. Questa \u00e8 la storia commovente di una passione per l'energia del legno.\n\nHerv\u00e9 G\u00e9hin ha creato la sua azienda all'et\u00e0 di 21 anni. Il piccolo artigiano progetta, produce e installa caminetti personalizzati. Lavora in un laboratorio a Cornimont, negli Hautes Vosges. Fin da quei primi anni, Herv\u00e9 G\u00e9hin e il suo team hanno seguito lo sviluppo di diversi sistemi, sempre nella stessa direzione, quella del camino e della stufa a legna.\n\nQuesta passione si \u00e8 rafforzata nel 1993 quando si \u00e8 innamorato a prima vista di un prodotto per il quale ha sentito subito che c'era un grande futuro... la stufa finlandese TULIKIVI e il suo straordinario concetto, che \u00e8 diventato rapidamente il punto di riferimento per le stufe ad accumulo.\n\nOggi la sede centrale dell'azienda si trova a <strong>Remiremont<\/strong>, in un edificio accanto alla superstrada Metz-Mulhouse. Il sito comprende uno showroom di 300 m\u00b2, uffici e un'officina e un magazzino di 1.900 m\u00b2.\n\nAbbiamo anche uno showroom a <strong>Colmar<\/strong> e un altro a <strong>Jouy-aux-Arches (Metz)<\/strong>. Quando guardiamo indietro allo sviluppo di questa piccola azienda, siamo felici di vedere i nostri 18 dipendenti lavorare con buon umore per portare il calore naturale delle energie rinnovabili nelle case dei nostri clienti.","types_prestation":false,"photo":50634,"photo_bis":50667,"photo_3":50688,"adresse":{"address":"Cheminees Herve Gehin Colmar, Rue des Fr\u00e8res Lumi\u00e8re, Colmar, France","lat":48.1106961,"lng":7.3704969,"zoom":7,"place_id":"ChIJ8xiliTlmkUcRvurCLBOI78w","name":"Cheminees Herve Gehin Colmar","street_number":10,"street_name":"Rue des Fr\u00e8res Lumi\u00e8re","city":"Colmar","state":"Grand Est","post_code":68000,"country":"France","country_short":"FR"},"horaires":"Luned\u00ec: Chiuso\nMarted\u00ec: 09:30 - 12:30, 14:00 - 18:30\nMercoled\u00ec: 09:30 - 12:30, 14:00 - 18:30\nGioved\u00ec: 09:30 - 12:30, 14:00 - 18:30\nVenerd\u00ec: 09:30 - 12:30, 14:00 - 18:30\nSabato: 09:00 - 18:00\nDomenica: Chiuso","tel":"03 89 29 09 43","boutons":[{"title":"Sito web","link":"http:\/\/herve-gehin.fr\/"}],"boutons_reservation":"","boutons_social":null,"articles":[{"title":"","text":"Il forno a legna CIAO M TOP ha un design pulito e senza tempo, con acciaio inossidabile di alta qualit\u00e0 trattato per resistere alle alte temperature. Con il forno a legna CIAO \u00e8 possibile cuocere 2 pizze in un istante (90 secondi) o 2 chili di pane fatto in casa utilizzando un minimo di legna. La volta in acciaio inox, che consente di raggiungere rapidamente temperature elevate, trattiene a lungo il calore all'interno.\nFacile da maneggiare, la porta del forno si inserisce semplicemente nelle due fessure sul lato inferiore della bocca del forno. Pi\u00f9 o meno otturato, consente di regolare facilmente l'ordinamento del forno per controllare il fuoco. La maniglia in legno consente di afferrare facilmente la porta del forno senza rischiare di bruciarsi.\nIl pirometro indica continuamente la temperatura della camera di combustione e vi d\u00e0 il via libera per infornare le vostre ricette. \u00c8 possibile tenere d'occhio il processo di cottura attraverso la porta di vetro.","image":50723},{"title":"","text":"\"Impressionante\" \u00e8 l'aggettivo che meglio descrive The Bastard Large Classic o Urban. Grazie alle sue dimensioni ideali, potrete presentare in tavola ogni tipo di piatto delizioso per tutta la famiglia e gli amici. \u00c8 fatto per i veri appassionati di cucina, quindi non sorprende che il Large sia il nostro Bastard pi\u00f9 venduto.\n\nLe innovazioni Bastard: disco superiore in ghisa di precisione, sistema di cerniere ad apertura facilitata, griglia di cottura in acciaio inox di spessore extra (7 mm), design olandese migliorato.","image":50731}]},"_links":{"self":[{"href":"https:\/\/foodandgood.fr\/it\/wp-json\/wp\/v2\/etablissement\/50650","targetHints":{"allow":["GET"]}}],"collection":[{"href":"https:\/\/foodandgood.fr\/it\/wp-json\/wp\/v2\/etablissement"}],"about":[{"href":"https:\/\/foodandgood.fr\/it\/wp-json\/wp\/v2\/types\/etablissement"}],"author":[{"embeddable":true,"href":"https:\/\/foodandgood.fr\/it\/wp-json\/wp\/v2\/users\/6"}],"replies":[{"embeddable":true,"href":"https:\/\/foodandgood.fr\/it\/wp-json\/wp\/v2\/comments?post=50650"}],"version-history":[{"count":1,"href":"https:\/\/foodandgood.fr\/it\/wp-json\/wp\/v2\/etablissement\/50650\/revisions"}],"predecessor-version":[{"id":50658,"href":"https:\/\/foodandgood.fr\/it\/wp-json\/wp\/v2\/etablissement\/50650\/revisions\/50658"}],"wp:featuredmedia":[{"embeddable":true,"href":"https:\/\/foodandgood.fr\/it\/wp-json\/wp\/v2\/media\/50634"}],"wp:attachment":[{"href":"https:\/\/foodandgood.fr\/it\/wp-json\/wp\/v2\/media?parent=50650"}],"curies":[{"name":"wp","href":"https:\/\/api.w.org\/{rel}","templated":true}]}}

Hervé GEHIN

La storia di <strong>CHEMINEES HERVE GEHIN</strong> è iniziata il 1° gennaio 1981. Questa è la storia commovente di una passione per l'energia del legno.

Hervé Géhin ha creato la sua azienda all'età di 21 anni. Il piccolo artigiano progetta, produce e installa caminetti personalizzati. Lavora in un laboratorio a Cornimont, negli Hautes Vosges. Fin da quei primi anni, Hervé Géhin e il suo team hanno seguito lo sviluppo di diversi sistemi, sempre nella stessa direzione, quella del camino e della stufa a legna.

Questa passione si è rafforzata nel 1993 quando si è innamorato a prima vista di un prodotto per il quale ha sentito subito che c'era un grande futuro... la stufa finlandese TULIKIVI e il suo straordinario concetto, che è diventato rapidamente il punto di riferimento per le stufe ad accumulo.

Oggi la sede centrale dell'azienda si trova a <strong>Remiremont</strong>, in un edificio accanto alla superstrada Metz-Mulhouse. Il sito comprende uno showroom di 300 m², uffici e un'officina e un magazzino di 1.900 m².

Abbiamo anche uno showroom a <strong>Colmar</strong> e un altro a <strong>Jouy-aux-Arches (Metz)</strong>. Quando guardiamo indietro allo sviluppo di questa piccola azienda, siamo felici di vedere i nostri 18 dipendenti lavorare con buon umore per portare il calore naturale delle energie rinnovabili nelle case dei nostri clienti.

Cheminees Herve Gehin Colmar, Rue des Frères Lumière, Colmar, France

Rue des Frères Lumière

Lunedì: Chiuso
Martedì: 09:30 - 12:30, 14:00 - 18:30
Mercoledì: 09:30 - 12:30, 14:00 - 18:30
Giovedì: 09:30 - 12:30, 14:00 - 18:30
Venerdì: 09:30 - 12:30, 14:00 - 18:30
Sabato: 09:00 - 18:00
Domenica: Chiuso

Il forno a legna CIAO M TOP ha un design pulito e senza tempo, con acciaio inossidabile di alta qualità trattato per resistere alle alte temperature. Con il forno a legna CIAO è possibile cuocere 2 pizze in un istante (90 secondi) o 2 chili di pane fatto in casa utilizzando un minimo di legna. La volta in acciaio inox, che consente di raggiungere rapidamente temperature elevate, trattiene a lungo il calore all'interno.
Facile da maneggiare, la porta del forno si inserisce semplicemente nelle due fessure sul lato inferiore della bocca del forno. Più o meno otturato, consente di regolare facilmente l'ordinamento del forno per controllare il fuoco. La maniglia in legno consente di afferrare facilmente la porta del forno senza rischiare di bruciarsi.
Il pirometro indica continuamente la temperatura della camera di combustione e vi dà il via libera per infornare le vostre ricette. È possibile tenere d'occhio il processo di cottura attraverso la porta di vetro.

"Impressionante" è l'aggettivo che meglio descrive The Bastard Large Classic o Urban. Grazie alle sue dimensioni ideali, potrete presentare in tavola ogni tipo di piatto delizioso per tutta la famiglia e gli amici. È fatto per i veri appassionati di cucina, quindi non sorprende che il Large sia il nostro Bastard più venduto.

Le innovazioni Bastard: disco superiore in ghisa di precisione, sistema di cerniere ad apertura facilitata, griglia di cottura in acciaio inox di spessore extra (7 mm), design olandese migliorato.
