 {"id":50537,"date":"2023-07-03T14:29:22","date_gmt":"2023-07-03T12:29:22","guid":{"rendered":"https:\/\/foodandgood.fr\/etablissement\/la-vieille-porte\/"},"modified":"2024-06-24T11:57:17","modified_gmt":"2024-06-24T09:57:17","slug":"la-vieille-porte","status":"publish","type":"etablissement","link":"https:\/\/foodandgood.fr\/it\/la-vieille-porte\/","title":{"rendered":"La Vieille Porte"},"excerpt":{"rendered":"<p>A La Vieille Porte la cucina \u00e8 semplice e deliziosa, basata su ci\u00f2 che \u00e8 disponibile e con una preferenza per i prodotti locali, e tende alla tradizionale bistronomia francese. Il piccolo menu viene costantemente rinnovato, cos\u00ec come la gamma di vini e bevande, per garantire la freschezza dei piatti e l&#8217;originalit\u00e0 del programma culinario. Ma si pu\u00f2 anche trovare uno dei piatti di punta dello chef: il famoso Cordon Bleu con formaggio Munster in un&#8217;originale forma a palla.<\/p>\n","protected":false},"author":13,"comment_status":"closed","ping_status":"closed","template":"","meta":{"_acf_changed":false,"beyondwords_generate_audio":"","beyondwords_integration_method":"","beyondwords_project_id":"","beyondwords_content_id":"","beyondwords_preview_token":"","beyondwords_player_content":"","beyondwords_player_style":"","beyondwords_language_code":"","beyondwords_language_id":"","beyondwords_title_voice_id":"","beyondwords_body_voice_id":"","beyondwords_summary_voice_id":"","beyondwords_error_message":"","beyondwords_disabled":"","beyondwords_delete_content":"","beyondwords_podcast_id":"","beyondwords_hash":"","publish_post_to_speechkit":"","speechkit_hash":"","speechkit_generate_audio":"","speechkit_project_id":"","speechkit_podcast_id":"","speechkit_error_message":"","speechkit_disabled":"","speechkit_access_key":"","speechkit_error":"","speechkit_info":"","speechkit_response":"","speechkit_retries":"","speechkit_status":"","speechkit_updated_at":"","_speechkit_link":"","_speechkit_text":""},"class_list":["post-50537","etablissement","type-etablissement","status-publish","has-post-thumbnail","hentry","type-etablissement-cucina-gastronomica"],"acf":{"id_eta_scn":"","id_app_foodandgood":"","id_exponum":"","abo":[],"etoile_michelin":[],"titre_presentation":"Piaceri del gusto costantemente rinnovati","presentation":"<p class=\"p1\">A La Vieille Porte la cucina \u00e8 semplice e deliziosa, basata su ci\u00f2 che \u00e8 disponibile e con una preferenza per i prodotti locali, e tende alla tradizionale bistronomia francese. Il piccolo menu viene costantemente rinnovato, cos\u00ec come la gamma di vini e bevande, per garantire la freschezza dei piatti e l'originalit\u00e0 del programma culinario. Ma si pu\u00f2 anche trovare uno dei piatti di punta dello chef: il famoso Cordon Bleu con formaggio Munster in un'originale forma a palla.<\/p>\n<p class=\"p1\">Non resta che brindare con la famiglia e gli amici sulla terrazza di Place de la R\u00e9publique, all'ombra degli ombrelloni.<\/p>","types_prestation":false,"photo":50530,"photo_bis":85853,"photo_3":85847,"adresse":{"address":"Restaurant La Vieille Porte, Place de la R\u00e9publique, Altkirch, France","lat":47.6237417,"lng":7.2367988,"zoom":7,"place_id":"ChIJhcQHY-KPkUcRaUKpmidR7Oo","name":"Restaurant La Vieille Porte","street_number":6,"street_name":"Place de la R\u00e9publique","street_name_short":"Pl. de la R\u00e9publique","city":"Altkirch","state":"Grand Est","post_code":68130,"country":"France","country_short":"FR"},"horaires":"Luned\u00ec: 11:45 - 14:00, 18:45 - 21:30\nMarted\u00ec: 11:45 - 14:00\nMercoled\u00ec: Chiuso\nGioved\u00ec: 11:45 - 14:00, 18:45 - 21:30\nVenerd\u00ec: 11:45 - 14:00, 18:45 - 21:30\nSabato: 11:45 - 14:00, 18:45 - 21:30\ndomenica: 11:45 - 14:00","tel":"03 89 40 03 96","boutons":[{"title":"Sito web","link":"https:\/\/www.restaurant-la-vieilleporte.fr\/"},{"title":"Scheda","link":"https:\/\/www.restaurant-la-vieilleporte.fr\/la-carte\/"}],"boutons_reservation":"","boutons_social":null,"articles":[{"title":"","text":"","image":""}]},"_links":{"self":[{"href":"https:\/\/foodandgood.fr\/it\/wp-json\/wp\/v2\/etablissement\/50537","targetHints":{"allow":["GET"]}}],"collection":[{"href":"https:\/\/foodandgood.fr\/it\/wp-json\/wp\/v2\/etablissement"}],"about":[{"href":"https:\/\/foodandgood.fr\/it\/wp-json\/wp\/v2\/types\/etablissement"}],"author":[{"embeddable":true,"href":"https:\/\/foodandgood.fr\/it\/wp-json\/wp\/v2\/users\/13"}],"replies":[{"embeddable":true,"href":"https:\/\/foodandgood.fr\/it\/wp-json\/wp\/v2\/comments?post=50537"}],"version-history":[{"count":1,"href":"https:\/\/foodandgood.fr\/it\/wp-json\/wp\/v2\/etablissement\/50537\/revisions"}],"predecessor-version":[{"id":55322,"href":"https:\/\/foodandgood.fr\/it\/wp-json\/wp\/v2\/etablissement\/50537\/revisions\/55322"}],"wp:featuredmedia":[{"embeddable":true,"href":"https:\/\/foodandgood.fr\/it\/wp-json\/wp\/v2\/media\/50530"}],"wp:attachment":[{"href":"https:\/\/foodandgood.fr\/it\/wp-json\/wp\/v2\/media?parent=50537"}],"curies":[{"name":"wp","href":"https:\/\/api.w.org\/{rel}","templated":true}]}}

<p>A La Vieille Porte la cucina è semplice e deliziosa, basata su ciò che è disponibile e con una preferenza per i prodotti locali, e tende alla tradizionale bistronomia francese. Il piccolo menu viene costantemente rinnovato, così come la gamma di vini e bevande, per garantire la freschezza dei piatti e l&#8217;originalità del programma culinario. Ma si può anche trovare uno dei piatti di punta dello chef: il famoso Cordon Bleu con formaggio Munster in un&#8217;originale forma a palla.</p>

<p class="p1">A La Vieille Porte la cucina è semplice e deliziosa, basata su ciò che è disponibile e con una preferenza per i prodotti locali, e tende alla tradizionale bistronomia francese. Il piccolo menu viene costantemente rinnovato, così come la gamma di vini e bevande, per garantire la freschezza dei piatti e l'originalità del programma culinario. Ma si può anche trovare uno dei piatti di punta dello chef: il famoso Cordon Bleu con formaggio Munster in un'originale forma a palla.</p>
<p class="p1">Non resta che brindare con la famiglia e gli amici sulla terrazza di Place de la République, all'ombra degli ombrelloni.</p>

Restaurant La Vieille Porte, Place de la République, Altkirch, France

Place de la République

Pl. de la République

Lunedì: 11:45 - 14:00, 18:45 - 21:30
Martedì: 11:45 - 14:00
Mercoledì: Chiuso
Giovedì: 11:45 - 14:00, 18:45 - 21:30
Venerdì: 11:45 - 14:00, 18:45 - 21:30
Sabato: 11:45 - 14:00, 18:45 - 21:30
domenica: 11:45 - 14:00
