 {"id":50397,"date":"2023-07-03T13:53:21","date_gmt":"2023-07-03T11:53:21","guid":{"rendered":"https:\/\/foodandgood.fr\/etablissement\/au-petit-paris\/"},"modified":"2025-04-14T11:07:47","modified_gmt":"2025-04-14T09:07:47","slug":"au-petit-paris","status":"publish","type":"etablissement","link":"https:\/\/foodandgood.fr\/it\/au-petit-paris\/","title":{"rendered":"Au Petit Paris"},"excerpt":{"rendered":"<p>Nel cuore della Vall\u00e9e Noble, l&#8217;Espace des Sources, un edificio storico tutelato risalente alla fine del XIX secolo e un tempo sede della produzione Lisbeth, \u00e8 stato trasformato in un nuovo locale dinamico: Au Petit Paris. Con 600 m2 di spazio interno, magnifici spazi esterni e un parco giochi adiacente, questo \u00e8 un luogo dedicato alla convivialit\u00e0 e alla festa. Au Petit Paris \u00e8 una brasserie, un&#8217;enoteca e un ristorante, ma soprattutto un luogo dove si incontrano persone di tutte le et\u00e0.<\/p>\n","protected":false},"author":13,"comment_status":"closed","ping_status":"closed","template":"","meta":{"_acf_changed":false,"beyondwords_generate_audio":"","beyondwords_integration_method":"","beyondwords_project_id":"","beyondwords_content_id":"","beyondwords_preview_token":"","beyondwords_player_content":"","beyondwords_player_style":"","beyondwords_language_code":"","beyondwords_language_id":"","beyondwords_title_voice_id":"","beyondwords_body_voice_id":"","beyondwords_summary_voice_id":"","beyondwords_error_message":"","beyondwords_disabled":"","beyondwords_delete_content":"","beyondwords_podcast_id":"","beyondwords_hash":"","publish_post_to_speechkit":"","speechkit_hash":"","speechkit_generate_audio":"","speechkit_project_id":"","speechkit_podcast_id":"","speechkit_error_message":"","speechkit_disabled":"","speechkit_access_key":"","speechkit_error":"","speechkit_info":"","speechkit_response":"","speechkit_retries":"","speechkit_status":"","speechkit_updated_at":"","_speechkit_link":"","_speechkit_text":""},"class_list":["post-50397","etablissement","type-etablissement","status-publish","has-post-thumbnail","hentry","type-etablissement-cucina-francese","type-etablissement-cucina-gastronomica"],"acf":{"id_eta_scn":"","id_app_foodandgood":"","id_exponum":"","abo":["APP"],"etoile_michelin":[],"titre_presentation":"Un sito storico reinventato","presentation":"<p class=\"p1\">Nel cuore della Vall\u00e9e Noble, l'Espace des Sources, un edificio storico tutelato risalente alla fine del XIX secolo e un tempo sede della produzione Lisbeth, \u00e8 stato trasformato in un nuovo locale dinamico: Au Petit Paris. Con 600 m2 di spazio interno, magnifici spazi esterni e un parco giochi adiacente, questo \u00e8 un luogo dedicato alla convivialit\u00e0 e alla festa. Au Petit Paris \u00e8 una brasserie, un'enoteca e un ristorante, ma soprattutto un luogo dove si incontrano persone di tutte le et\u00e0.<\/p>\n<p class=\"p1\">Potete godervi il ristorante in qualsiasi momento, 7 giorni su 7! - nonch\u00e9 eventi musicali durante tutto l'anno.<\/p>\n<p class=\"p1\">Nota: non perdetevi le serate barbecue di quest'estate!<\/p>","types_prestation":false,"photo":86194,"photo_bis":86176,"photo_3":86200,"adresse":{"address":"Brasserie au Petit Paris, 11 Avenue Nessel, Soultzmatt, France","lat":47.96919189999999,"lng":7.223116799999999,"zoom":7,"place_id":"ChIJu-5bQ459kUcRPXSCr9Rw82E","name":"Brasserie au Petit Paris","street_number":11,"street_name":"Avenue Nessel","street_name_short":"Av. Nessel","city":"Soultzmatt","state":"Grand Est","post_code":68570,"country":"France","country_short":"FR"},"horaires":"Luned\u00ec: Chiuso\nMarted\u00ec: 18:00 - 22:00\nMercoled\u00ec: 11:00 - 14:00, 18:00 - 22:00\nGioved\u00ec: 11:00 - 14:00, 18:00 - 22:00\nVenerd\u00ec: 11:00 - 14:00, 18:00 - 22:00\nSabato: 11:00 - 14:00, 18:00 - 22:00\nDomenica: 11:00 - 16:00","tel":"03 89 27 48 35","boutons":[{"title":"Sito web","link":"https:\/\/www.aupetitparissoultzmatt.com\/"},{"title":"Scheda","link":"https:\/\/aupetitparissoultzmatt.com\/lacarte"}],"boutons_reservation":"","boutons_social":null,"articles":[{"title":"","text":"","image":""}]},"_links":{"self":[{"href":"https:\/\/foodandgood.fr\/it\/wp-json\/wp\/v2\/etablissement\/50397","targetHints":{"allow":["GET"]}}],"collection":[{"href":"https:\/\/foodandgood.fr\/it\/wp-json\/wp\/v2\/etablissement"}],"about":[{"href":"https:\/\/foodandgood.fr\/it\/wp-json\/wp\/v2\/types\/etablissement"}],"author":[{"embeddable":true,"href":"https:\/\/foodandgood.fr\/it\/wp-json\/wp\/v2\/users\/13"}],"replies":[{"embeddable":true,"href":"https:\/\/foodandgood.fr\/it\/wp-json\/wp\/v2\/comments?post=50397"}],"version-history":[{"count":3,"href":"https:\/\/foodandgood.fr\/it\/wp-json\/wp\/v2\/etablissement\/50397\/revisions"}],"predecessor-version":[{"id":53465,"href":"https:\/\/foodandgood.fr\/it\/wp-json\/wp\/v2\/etablissement\/50397\/revisions\/53465"}],"wp:featuredmedia":[{"embeddable":true,"href":"https:\/\/foodandgood.fr\/it\/wp-json\/wp\/v2\/media\/50390"}],"wp:attachment":[{"href":"https:\/\/foodandgood.fr\/it\/wp-json\/wp\/v2\/media?parent=50397"}],"curies":[{"name":"wp","href":"https:\/\/api.w.org\/{rel}","templated":true}]}}

<p>Nel cuore della Vallée Noble, l&#8217;Espace des Sources, un edificio storico tutelato risalente alla fine del XIX secolo e un tempo sede della produzione Lisbeth, è stato trasformato in un nuovo locale dinamico: Au Petit Paris. Con 600 m2 di spazio interno, magnifici spazi esterni e un parco giochi adiacente, questo è un luogo dedicato alla convivialità e alla festa. Au Petit Paris è una brasserie, un&#8217;enoteca e un ristorante, ma soprattutto un luogo dove si incontrano persone di tutte le età.</p>

<p class="p1">Nel cuore della Vallée Noble, l'Espace des Sources, un edificio storico tutelato risalente alla fine del XIX secolo e un tempo sede della produzione Lisbeth, è stato trasformato in un nuovo locale dinamico: Au Petit Paris. Con 600 m2 di spazio interno, magnifici spazi esterni e un parco giochi adiacente, questo è un luogo dedicato alla convivialità e alla festa. Au Petit Paris è una brasserie, un'enoteca e un ristorante, ma soprattutto un luogo dove si incontrano persone di tutte le età.</p>
<p class="p1">Potete godervi il ristorante in qualsiasi momento, 7 giorni su 7! - nonché eventi musicali durante tutto l'anno.</p>
<p class="p1">Nota: non perdetevi le serate barbecue di quest'estate!</p>

Lunedì: Chiuso
Martedì: 18:00 - 22:00
Mercoledì: 11:00 - 14:00, 18:00 - 22:00
Giovedì: 11:00 - 14:00, 18:00 - 22:00
Venerdì: 11:00 - 14:00, 18:00 - 22:00
Sabato: 11:00 - 14:00, 18:00 - 22:00
Domenica: 11:00 - 16:00
