 {"id":43565,"date":"2022-05-03T13:51:39","date_gmt":"2022-05-03T11:51:39","guid":{"rendered":"https:\/\/foodandgood.fr\/etablissement\/il-giardino-segreto\/"},"modified":"2024-09-02T15:18:20","modified_gmt":"2024-09-02T13:18:20","slug":"il-giardino-segreto","status":"publish","type":"etablissement","link":"https:\/\/foodandgood.fr\/it\/il-giardino-segreto\/","title":{"rendered":"Le Jardin Secret"},"excerpt":{"rendered":"<p>Molto vicino a Strasburgo, nel cuore di La Wantzenau, Le Jardin Secret \u00e8 un paradiso gastronomico che \u00e8 l&#8217;orgoglio del suo villaggio.<\/p>\n","protected":false},"author":1,"comment_status":"closed","ping_status":"closed","template":"","meta":{"_acf_changed":false,"beyondwords_generate_audio":"","beyondwords_integration_method":"","beyondwords_project_id":"","beyondwords_content_id":"","beyondwords_preview_token":"","beyondwords_player_content":"","beyondwords_player_style":"","beyondwords_language_code":"","beyondwords_language_id":"","beyondwords_title_voice_id":"","beyondwords_body_voice_id":"","beyondwords_summary_voice_id":"","beyondwords_error_message":"","beyondwords_disabled":"","beyondwords_delete_content":"","beyondwords_podcast_id":"","beyondwords_hash":"","publish_post_to_speechkit":"","speechkit_hash":"","speechkit_generate_audio":"","speechkit_project_id":"","speechkit_podcast_id":"","speechkit_error_message":"","speechkit_disabled":"","speechkit_access_key":"","speechkit_error":"","speechkit_info":"","speechkit_response":"","speechkit_retries":"","speechkit_status":"","speechkit_updated_at":"","_speechkit_link":"","_speechkit_text":""},"class_list":["post-43565","etablissement","type-etablissement","status-publish","has-post-thumbnail","hentry","type-etablissement-buoni-regalo","type-etablissement-cucina-francese","type-etablissement-cucina-gastronomica","type-etablissement-tabella-eccezionale"],"acf":{"id_eta_scn":"","id_app_foodandgood":506,"id_exponum":"","abo":[],"etoile_michelin":[],"titre_presentation":"I segreti della stella","presentation":"<h3 style=\"font-weight: 400;\">L'orgoglio del villaggio<\/h3>\n<p style=\"font-weight: 400;\">Molto vicino a Strasburgo, nel cuore del Wantzenau, Le Jardin Secret \u00e8 un ristorante gourmet che \u00e8 l'orgoglio del suo villaggio. Al timone, lo chef stellato Gilles Leininger e sua moglie Prasany.<\/p>\n<p style=\"font-weight: 400;\">Gilles Leininger ha iniziato la sua carriera come apprendista al Crocodile di Strasburgo, sotto la guida dello chef Emile Jung, poi incoronato con 3 stelle. Lui e il suo team vogliono offrirvi un'esperienza culinaria unica incentrata sul piacere del gusto.<\/p>  In un ambiente luminoso e intimo, lo chef Gilles Leininger invita i suoi ospiti a vivere un'esperienza culinaria unica. Lo chef stellato offre una cucina creativa e autentica, che combina i grandi classici della gastronomia francese con tecniche moderne. Amante dei prodotti crudi, lo Chef ama particolarmente lavorare con pesce, selvaggina e pezzi interi.","types_prestation":false,"photo":23466,"photo_bis":5700,"photo_3":81709,"adresse":{"address":"Le Jardin Secret [Gilles LEININGER] Restaurant gastronomique - Strasbourg La Wantzenau, Rue de la Gare, La Wantzenau, France","lat":48.664849,"lng":7.825129,"zoom":7,"place_id":"ChIJKaXzUpvGlkcRTz5ILx_xbwA","name":"Le Jardin Secret [Gilles LEININGER] Restaurant gastronomique - Strasbourg La Wantzenau","street_number":32,"street_name":"Rue de la Gare","city":"La Wantzenau","state":"Grand Est","post_code":67610,"country":"France","country_short":"FR"},"horaires":"Luned\u00ec: Chiuso Marted\u00ec: Chiuso Mercoled\u00ec: 12:00 - 13:30, 19:00 - 21:30 Gioved\u00ec: 12:00 - 13:30, 19:00 - 21:30 Venerd\u00ec: 12:00 - 13:30, 19:00 - 21:30 Sabato: 19:00 - 21:30 Domenica: 12:00 - 13:30","tel":"03 88 96 63 44","boutons":[{"title":"Sito web","link":"http:\/\/www.restaurant-jardinsecret.fr\/"},{"title":"Scheda","link":"https:\/\/restaurant-jardinsecret.fr\/nos-menus\/"},{"title":"buoni regali","link":"https:\/\/aji-box.com\/-\/restaurant-le-jardin-secret\/"}],"boutons_reservation":"","boutons_social":null,"articles":[{"title":"","text":"<h2>Uno chef promettente<\/h2>\n<p style=\"font-weight: 400;\">Lo chef ha una doppia laurea in cucina e pasticceria, colleziona diversi premi come: 1 \u00b0 al Troph\u00e9e Masse (2018), 3 \u00b0 al Taittinger Culinary Prize,<sup> 4 \u00b0<sup>al<\/sup> Bocuse d'Or (2019).<sup><\/sup><\/sup> Essendo un concorrente nel cuore, ha ottenuto la sua prima stella nella Guida Michelin nel 2021 e confida di tenere in vista la competizione MOF per il futuro. Grazie a tutti questi riconoscimenti, acquisisce sicurezza, abilit\u00e0 e precisione.<\/p>\n<p style=\"font-weight: 400;\">Nel suo ristorante, assaggia la sua cucina delicata, che declina il meglio del terroir francese e alsaziano. Mette in evidenza due prodotti: selvaggina e pesce.<\/p>","image":5701},{"title":"","text":"<h2>Un ambiente idilliaco<\/h2>\n<p style=\"font-weight: 400;\">Il ristorante offre una sala tranquilla e sofisticata, riecheggia la raffinatezza della cucina dello chef.<\/p>\n<p style=\"font-weight: 400;\">Per le giornate di sole la struttura vi offre di godere della loro splendida terrazza ombreggiata. Rilassati e lasciati trasportare dal team caldo e dedicato del Giardino Segreto.<\/p>","image":5702},{"title":"","text":"<h2>Una cucina che ti aspetta!<\/h2>\n<p style=\"font-weight: 400;\">In inverno, vieni ad assaggiare il tradizionale foie gras d'anatra francese cucinato naturalmente e il suo chutney stagionale!<\/p>\n<p style=\"font-weight: 400;\">All'inizio della primavera, lo chef vi offre un antipasto colorato e fresco: asparagi verdi del Rossiglione stufati, tuorlo d'uovo candito, salsa di mussola.<\/p>\n<p style=\"font-weight: 400;\">Una vera delizia!<\/p>","image":5708}]},"_links":{"self":[{"href":"https:\/\/foodandgood.fr\/it\/wp-json\/wp\/v2\/etablissement\/43565","targetHints":{"allow":["GET"]}}],"collection":[{"href":"https:\/\/foodandgood.fr\/it\/wp-json\/wp\/v2\/etablissement"}],"about":[{"href":"https:\/\/foodandgood.fr\/it\/wp-json\/wp\/v2\/types\/etablissement"}],"author":[{"embeddable":true,"href":"https:\/\/foodandgood.fr\/it\/wp-json\/wp\/v2\/users\/1"}],"replies":[{"embeddable":true,"href":"https:\/\/foodandgood.fr\/it\/wp-json\/wp\/v2\/comments?post=43565"}],"version-history":[{"count":3,"href":"https:\/\/foodandgood.fr\/it\/wp-json\/wp\/v2\/etablissement\/43565\/revisions"}],"predecessor-version":[{"id":113666,"href":"https:\/\/foodandgood.fr\/it\/wp-json\/wp\/v2\/etablissement\/43565\/revisions\/113666"}],"wp:featuredmedia":[{"embeddable":true,"href":"https:\/\/foodandgood.fr\/it\/wp-json\/wp\/v2\/media\/23466"}],"wp:attachment":[{"href":"https:\/\/foodandgood.fr\/it\/wp-json\/wp\/v2\/media?parent=43565"}],"curies":[{"name":"wp","href":"https:\/\/api.w.org\/{rel}","templated":true}]}}

<p>Molto vicino a Strasburgo, nel cuore di La Wantzenau, Le Jardin Secret è un paradiso gastronomico che è l&#8217;orgoglio del suo villaggio.</p>

<h3 style="font-weight: 400;">L'orgoglio del villaggio</h3>
<p style="font-weight: 400;">Molto vicino a Strasburgo, nel cuore del Wantzenau, Le Jardin Secret è un ristorante gourmet che è l'orgoglio del suo villaggio. Al timone, lo chef stellato Gilles Leininger e sua moglie Prasany.</p>
<p style="font-weight: 400;">Gilles Leininger ha iniziato la sua carriera come apprendista al Crocodile di Strasburgo, sotto la guida dello chef Emile Jung, poi incoronato con 3 stelle. Lui e il suo team vogliono offrirvi un'esperienza culinaria unica incentrata sul piacere del gusto.</p>  In un ambiente luminoso e intimo, lo chef Gilles Leininger invita i suoi ospiti a vivere un'esperienza culinaria unica. Lo chef stellato offre una cucina creativa e autentica, che combina i grandi classici della gastronomia francese con tecniche moderne. Amante dei prodotti crudi, lo Chef ama particolarmente lavorare con pesce, selvaggina e pezzi interi.

Lunedì: Chiuso Martedì: Chiuso Mercoledì: 12:00 - 13:30, 19:00 - 21:30 Giovedì: 12:00 - 13:30, 19:00 - 21:30 Venerdì: 12:00 - 13:30, 19:00 - 21:30 Sabato: 19:00 - 21:30 Domenica: 12:00 - 13:30

<h2>Uno chef promettente</h2>
<p style="font-weight: 400;">Lo chef ha una doppia laurea in cucina e pasticceria, colleziona diversi premi come: 1 ° al Trophée Masse (2018), 3 ° al Taittinger Culinary Prize,<sup> 4 °<sup>al</sup> Bocuse d'Or (2019).<sup></sup></sup> Essendo un concorrente nel cuore, ha ottenuto la sua prima stella nella Guida Michelin nel 2021 e confida di tenere in vista la competizione MOF per il futuro. Grazie a tutti questi riconoscimenti, acquisisce sicurezza, abilità e precisione.</p>
<p style="font-weight: 400;">Nel suo ristorante, assaggia la sua cucina delicata, che declina il meglio del terroir francese e alsaziano. Mette in evidenza due prodotti: selvaggina e pesce.</p>
