 {"id":41958,"date":"2023-03-05T16:45:34","date_gmt":"2023-03-05T15:45:34","guid":{"rendered":"https:\/\/foodandgood.fr\/etablissement\/il-grappolo-doro\/"},"modified":"2024-06-19T17:15:25","modified_gmt":"2024-06-19T15:15:25","slug":"il-grappolo-doro-2","status":"publish","type":"etablissement","link":"https:\/\/foodandgood.fr\/it\/il-grappolo-doro-2\/","title":{"rendered":"La Grappe d'Or"},"excerpt":{"rendered":"","protected":false},"author":6,"comment_status":"closed","ping_status":"closed","template":"","meta":{"_acf_changed":false,"beyondwords_generate_audio":"","beyondwords_integration_method":"","beyondwords_project_id":"","beyondwords_content_id":"","beyondwords_preview_token":"","beyondwords_player_content":"","beyondwords_player_style":"","beyondwords_language_code":"","beyondwords_language_id":"","beyondwords_title_voice_id":"","beyondwords_body_voice_id":"","beyondwords_summary_voice_id":"","beyondwords_error_message":"","beyondwords_disabled":"","beyondwords_delete_content":"","beyondwords_podcast_id":"","beyondwords_hash":"","publish_post_to_speechkit":"","speechkit_hash":"","speechkit_generate_audio":"","speechkit_project_id":"","speechkit_podcast_id":"","speechkit_error_message":"","speechkit_disabled":"","speechkit_access_key":"","speechkit_error":"","speechkit_info":"","speechkit_response":"","speechkit_retries":"","speechkit_status":"","speechkit_updated_at":"","_speechkit_link":"","_speechkit_text":""},"class_list":["post-41958","etablissement","type-etablissement","status-publish","has-post-thumbnail","hentry","type-etablissement-cucina-alsaziana","type-etablissement-cucina-gastronomica","type-etablissement-riquewihr-it"],"acf":{"id_eta_scn":"","id_app_foodandgood":206,"id_exponum":"","abo":["APP"],"etoile_michelin":[],"titre_presentation":"Ristorante gourmet a Riquewihr","presentation":"<div class=\"flex flex-grow flex-col gap-3\">\n<div class=\"min-h-[20px] flex flex-col items-start gap-4 whitespace-pre-wrap\">\n<div class=\"markdown prose w-full break-words dark:prose-invert light\">\n\nIl ristorante winstub di raffinata gastronomia alsaziana \u00e8 il luogo ideale per gli amanti della cucina tradizionale alsaziana. Lo chef Francis Becker lavora con cura il suo terroir e porta un tocco personale ai suoi piatti, utilizzando ingredienti come Munster caldo in crosta di sesamo, gamberi e trote salmonate ripiene di paupiettes di trota o albicocche candite in schiena di coniglio ripieno.\n\nL'ambiente del ristorante \u00e8 tipico e riccamente decorato con 3 diverse atmosfere, che permette agli ospiti di scegliere il luogo pi\u00f9 adatto alla loro serata. La sala principale \u00e8 ideale per una cena in famiglia, mentre la volta leggermente seminterrata e l'angolo intimo del soppalco sono perfettamente adatti per una serata romantica o intima.\n\nNel complesso, il ristorante offre un'esperienza gastronomica di alta qualit\u00e0 in un ambiente affascinante, rendendolo un indirizzo da non perdere per coloro che desiderano sperimentare la cucina tradizionale alsaziana.\n\n<\/div>\n<\/div>\n<\/div>","types_prestation":false,"photo":41960,"photo_bis":41967,"photo_3":41974,"adresse":{"address":"La Grappe d'Or - Riquewihr, Rue des \u00c9curies, Riquewihr, France","lat":48.1666406,"lng":7.2988509,"zoom":7,"place_id":"ChIJJ2JpG6pgkUcRL5cTGdh3Q-0","name":"La Grappe d'Or - Riquewihr","street_number":1,"street_name":"Rue des \u00c9curies","city":"Riquewihr","state":"Grand Est","post_code":68340,"country":"France","country_short":"FR"},"horaires":"Luned\u00ec: 12:00 - 13:00, 18:30 - 19:45\nMarted\u00ec: 12:00 - 13:00, 18:30 - 19:45\nMercoled\u00ec: Chiuso\nGioved\u00ec: 18:30 - 19:45\nVenerd\u00ec: 18:30 - 19:45\nSabato: 12:00 - 13:00, 18:30 - 20:00\nDomenica: 12:00 - 13:00, 18:30 - 20:00","tel":"03 89 47 89 52","boutons":[{"title":"Sito web","link":"https:\/\/www.restaurant-grappedor.com\/"},{"title":"Menu e menu alla carta","link":"https:\/\/www.restaurant-grappedor.com\/restaurant\/carte-menus\/"}],"boutons_reservation":"","boutons_social":null,"articles":[{"title":"","text":"","image":""}]},"_links":{"self":[{"href":"https:\/\/foodandgood.fr\/it\/wp-json\/wp\/v2\/etablissement\/41958","targetHints":{"allow":["GET"]}}],"collection":[{"href":"https:\/\/foodandgood.fr\/it\/wp-json\/wp\/v2\/etablissement"}],"about":[{"href":"https:\/\/foodandgood.fr\/it\/wp-json\/wp\/v2\/types\/etablissement"}],"author":[{"embeddable":true,"href":"https:\/\/foodandgood.fr\/it\/wp-json\/wp\/v2\/users\/6"}],"replies":[{"embeddable":true,"href":"https:\/\/foodandgood.fr\/it\/wp-json\/wp\/v2\/comments?post=41958"}],"version-history":[{"count":1,"href":"https:\/\/foodandgood.fr\/it\/wp-json\/wp\/v2\/etablissement\/41958\/revisions"}],"predecessor-version":[{"id":41986,"href":"https:\/\/foodandgood.fr\/it\/wp-json\/wp\/v2\/etablissement\/41958\/revisions\/41986"}],"wp:featuredmedia":[{"embeddable":true,"href":"https:\/\/foodandgood.fr\/it\/wp-json\/wp\/v2\/media\/41965"}],"wp:attachment":[{"href":"https:\/\/foodandgood.fr\/it\/wp-json\/wp\/v2\/media?parent=41958"}],"curies":[{"name":"wp","href":"https:\/\/api.w.org\/{rel}","templated":true}]}}

<div class="flex flex-grow flex-col gap-3">
<div class="min-h-[20px] flex flex-col items-start gap-4 whitespace-pre-wrap">
<div class="markdown prose w-full break-words dark:prose-invert light">

Il ristorante winstub di raffinata gastronomia alsaziana è il luogo ideale per gli amanti della cucina tradizionale alsaziana. Lo chef Francis Becker lavora con cura il suo terroir e porta un tocco personale ai suoi piatti, utilizzando ingredienti come Munster caldo in crosta di sesamo, gamberi e trote salmonate ripiene di paupiettes di trota o albicocche candite in schiena di coniglio ripieno.

L'ambiente del ristorante è tipico e riccamente decorato con 3 diverse atmosfere, che permette agli ospiti di scegliere il luogo più adatto alla loro serata. La sala principale è ideale per una cena in famiglia, mentre la volta leggermente seminterrata e l'angolo intimo del soppalco sono perfettamente adatti per una serata romantica o intima.

Nel complesso, il ristorante offre un'esperienza gastronomica di alta qualità in un ambiente affascinante, rendendolo un indirizzo da non perdere per coloro che desiderano sperimentare la cucina tradizionale alsaziana.

</div>
</div>
</div>

La Grappe d'Or - Riquewihr, Rue des Écuries, Riquewihr, France

Rue des Écuries

Lunedì: 12:00 - 13:00, 18:30 - 19:45
Martedì: 12:00 - 13:00, 18:30 - 19:45
Mercoledì: Chiuso
Giovedì: 18:30 - 19:45
Venerdì: 18:30 - 19:45
Sabato: 12:00 - 13:00, 18:30 - 20:00
Domenica: 12:00 - 13:00, 18:30 - 20:00
