 {"id":41871,"date":"2023-03-05T16:18:03","date_gmt":"2023-03-05T15:18:03","guid":{"rendered":"https:\/\/foodandgood.fr\/etablissement\/ristorante-le-dolder\/"},"modified":"2024-06-19T17:02:46","modified_gmt":"2024-06-19T15:02:46","slug":"ristorante-le-dolder","status":"publish","type":"etablissement","link":"https:\/\/foodandgood.fr\/it\/ristorante-le-dolder\/","title":{"rendered":"Restaurant Le Dolder"},"excerpt":{"rendered":"","protected":false},"author":6,"comment_status":"closed","ping_status":"closed","template":"","meta":{"_acf_changed":false,"beyondwords_generate_audio":"","beyondwords_integration_method":"","beyondwords_project_id":"","beyondwords_content_id":"","beyondwords_preview_token":"","beyondwords_player_content":"","beyondwords_player_style":"","beyondwords_language_code":"","beyondwords_language_id":"","beyondwords_title_voice_id":"","beyondwords_body_voice_id":"","beyondwords_summary_voice_id":"","beyondwords_error_message":"","beyondwords_disabled":"","beyondwords_delete_content":"","beyondwords_podcast_id":"","beyondwords_hash":"","publish_post_to_speechkit":"","speechkit_hash":"","speechkit_generate_audio":"","speechkit_project_id":"","speechkit_podcast_id":"","speechkit_error_message":"","speechkit_disabled":"","speechkit_access_key":"","speechkit_error":"","speechkit_info":"","speechkit_response":"","speechkit_retries":"","speechkit_status":"","speechkit_updated_at":"","_speechkit_link":"","_speechkit_text":""},"class_list":["post-41871","etablissement","type-etablissement","status-publish","has-post-thumbnail","hentry","type-etablissement-cucina-alsaziana","type-etablissement-riquewihr-it"],"acf":{"id_eta_scn":"","id_app_foodandgood":363,"id_exponum":"","abo":["APP"],"etoile_michelin":[],"titre_presentation":"Qui serviamo la Riquewihrienne","presentation":"La cucina di Au Dolder \u00e8 soprattutto un saper fare, una passione, un incontro gustativo di modernit\u00e0 e tradizione nella massima semplicit\u00e0. Situato nel centro di Riquewihr, con tutto il fascino di un edificio alsaziano del 16 \u00b0 secolo, questo ristorante offre cucina locale e vi offre l'opportunit\u00e0 di scoprire ci\u00f2 che rende la reputazione della gastronomia alsaziana.\n\nScopri anche una ricetta unica a Riquewihr: crauti Riquewihrienne.\n\nLa struttura offre anche una terrazza in estate, in modo da poter gustare del buon cibo ai piedi della torre Dolder.","types_prestation":false,"photo":41843,"photo_bis":41850,"photo_3":84782,"adresse":{"address":"Au Dolder - Restaurant Riquewihr Colmar, Rue du G\u00e9n\u00e9ral de Gaulle, Riquewihr, France","lat":48.1672646,"lng":7.296270900000001,"zoom":7,"place_id":"ChIJl83f2algkUcRPsIMYURJbL4","name":"Au Dolder - Restaurant Riquewihr Colmar","street_number":52,"street_name":"Rue du G\u00e9n\u00e9ral de Gaulle","city":"Riquewihr","state":"Grand Est","post_code":68340,"country":"France","country_short":"FR"},"horaires":"Luned\u00ec: 11:30 - 14:15, 18:30 - 21:00\nMarted\u00ec: 11:45 - 14:15, 18:45 - 21:00\nMercoled\u00ec: Chiuso\nGioved\u00ec: Chiuso\nVenerd\u00ec: 11:45 - 14:15, 18:45 - 21:00\nSabato: 11:45 - 14:15, 18:45 - 21:00\nDomenica: 11:45 - 14:15, 18:45 - 21:00","tel":"03 89 47 92 56","boutons":[{"title":"Sito web","link":"http:\/\/www.dolder.fr\/"}],"boutons_reservation":"","boutons_social":null,"articles":[{"title":"","text":"","image":""}]},"_links":{"self":[{"href":"https:\/\/foodandgood.fr\/it\/wp-json\/wp\/v2\/etablissement\/41871","targetHints":{"allow":["GET"]}}],"collection":[{"href":"https:\/\/foodandgood.fr\/it\/wp-json\/wp\/v2\/etablissement"}],"about":[{"href":"https:\/\/foodandgood.fr\/it\/wp-json\/wp\/v2\/types\/etablissement"}],"author":[{"embeddable":true,"href":"https:\/\/foodandgood.fr\/it\/wp-json\/wp\/v2\/users\/6"}],"replies":[{"embeddable":true,"href":"https:\/\/foodandgood.fr\/it\/wp-json\/wp\/v2\/comments?post=41871"}],"version-history":[{"count":1,"href":"https:\/\/foodandgood.fr\/it\/wp-json\/wp\/v2\/etablissement\/41871\/revisions"}],"predecessor-version":[{"id":84790,"href":"https:\/\/foodandgood.fr\/it\/wp-json\/wp\/v2\/etablissement\/41871\/revisions\/84790"}],"wp:featuredmedia":[{"embeddable":true,"href":"https:\/\/foodandgood.fr\/it\/wp-json\/wp\/v2\/media\/41848"}],"wp:attachment":[{"href":"https:\/\/foodandgood.fr\/it\/wp-json\/wp\/v2\/media?parent=41871"}],"curies":[{"name":"wp","href":"https:\/\/api.w.org\/{rel}","templated":true}]}}

La cucina di Au Dolder è soprattutto un saper fare, una passione, un incontro gustativo di modernità e tradizione nella massima semplicità. Situato nel centro di Riquewihr, con tutto il fascino di un edificio alsaziano del 16 ° secolo, questo ristorante offre cucina locale e vi offre l'opportunità di scoprire ciò che rende la reputazione della gastronomia alsaziana.

Scopri anche una ricetta unica a Riquewihr: crauti Riquewihrienne.

La struttura offre anche una terrazza in estate, in modo da poter gustare del buon cibo ai piedi della torre Dolder.

Au Dolder - Restaurant Riquewihr Colmar, Rue du Général de Gaulle, Riquewihr, France

Rue du Général de Gaulle

Lunedì: 11:30 - 14:15, 18:30 - 21:00
Martedì: 11:45 - 14:15, 18:45 - 21:00
Mercoledì: Chiuso
Giovedì: Chiuso
Venerdì: 11:45 - 14:15, 18:45 - 21:00
Sabato: 11:45 - 14:15, 18:45 - 21:00
Domenica: 11:45 - 14:15, 18:45 - 21:00
