 {"id":34427,"date":"2023-01-16T10:51:10","date_gmt":"2023-01-16T09:51:10","guid":{"rendered":"https:\/\/foodandgood.fr\/etablissement\/pasticceria-naegel\/"},"modified":"2024-06-19T13:11:15","modified_gmt":"2024-06-19T11:11:15","slug":"pasticceria-naegel","status":"publish","type":"etablissement","link":"https:\/\/foodandgood.fr\/it\/pasticceria-naegel\/","title":{"rendered":"P\u00e2tisserie Naegel"},"excerpt":{"rendered":"<p>La P\u00e2tisserie Naegel \u00e8 un indirizzo imperdibile a Strasburgo! Esiste dal 1927 e oggi \u00e8 detenuto dalla 3a generazione. Con un team qualificato ed efficiente, la pasticceria vi accoglie con grande gentilezza.<\/p>\n","protected":false},"author":13,"comment_status":"closed","ping_status":"closed","template":"","meta":{"_acf_changed":false,"beyondwords_generate_audio":"","beyondwords_integration_method":"","beyondwords_project_id":"","beyondwords_content_id":"","beyondwords_preview_token":"","beyondwords_player_content":"","beyondwords_player_style":"","beyondwords_language_code":"","beyondwords_language_id":"","beyondwords_title_voice_id":"","beyondwords_body_voice_id":"","beyondwords_summary_voice_id":"","beyondwords_error_message":"","beyondwords_disabled":"","beyondwords_delete_content":"","beyondwords_podcast_id":"","beyondwords_hash":"","publish_post_to_speechkit":"","speechkit_hash":"","speechkit_generate_audio":"","speechkit_project_id":"","speechkit_podcast_id":"","speechkit_error_message":"","speechkit_disabled":"","speechkit_access_key":"","speechkit_error":"","speechkit_info":"","speechkit_response":"","speechkit_retries":"","speechkit_status":"","speechkit_updated_at":"","_speechkit_link":"","_speechkit_text":""},"class_list":["post-34427","etablissement","type-etablissement","status-publish","has-post-thumbnail","hentry","type-etablissement-dolce-pausa"],"acf":{"id_eta_scn":"","id_app_foodandgood":"","id_exponum":"","abo":[],"etoile_michelin":[],"titre_presentation":"Sapori perfettamente padroneggiati","presentation":"La P\u00e2tisserie Naegel \u00e8 un indirizzo imperdibile a Strasburgo! Esiste dal 1927 e oggi \u00e8 detenuto dalla 3a generazione. Con un team qualificato ed efficiente, la pasticceria vi accoglie con grande gentilezza.\n\nFermati a fare una pausa, salata o dolce, i sapori sono sempre giusti e perfettamente padroneggiati. Lo chef Pierre Naegel si ispira ai grandi classici, di cui predilige i gusti e le miscele di consistenze: crema pasticcera cremosa, pralin croccante, mousse aeree.\n\nIn estate, lasciatevi tentare da uno dei loro dessert surgelati, lampone, vaniglia, cocco ... ce n'\u00e8 per tutti i gusti! In pentola o dessert e qualunque sia la fragranza dominante, il gelato artigianale rimane il modo migliore per trovare un po' di freschezza sotto il sole.\n\nQuest'inverno, risveglia i tuoi ricordi d'infanzia! Manneles, bredeles, pan di zenzero con miele di castagno. Festeggia le feste con prodotti gourmet gourmet in versione catering.\n\nSoccombere ai deliziosi tronchi e pasticcini surgelati.","types_prestation":false,"photo":25866,"photo_bis":7024,"photo_3":84044,"adresse":{"address":"Naegel, Rue des Orf\u00e8vres, Strasbourg, France","lat":48.5825548,"lng":7.7490698,"zoom":7,"place_id":"ChIJrQZjQVLIlkcR4odmgZrkQtA","name":"Naegel","street_number":9,"street_name":"Rue des Orf\u00e8vres","city":"Strasbourg","state":"Grand Est","post_code":67000,"country":"France","country_short":"FR"},"horaires":"Luned\u00ec: Chiuso\nMarted\u00ec: 08:30 - 18:00\nMercoled\u00ec: 08:30 - 18:00\nGioved\u00ec: 08:30 - 18:00\nVenerd\u00ec: 08:00 - 18:00\nSabato: 08:00 - 17:00\nDomenica: Chiuso","tel":"03 88 32 82 86","boutons":[{"title":"Sito web","link":"http:\/\/maison-naegel.com\/"},{"title":"Carte des D\u00e9lices","link":"https:\/\/www.maison-naegel.com\/16-la-carte-des-delices"}],"boutons_reservation":"","boutons_social":null,"articles":[{"title":"","text":"","image":""}]},"_links":{"self":[{"href":"https:\/\/foodandgood.fr\/it\/wp-json\/wp\/v2\/etablissement\/34427","targetHints":{"allow":["GET"]}}],"collection":[{"href":"https:\/\/foodandgood.fr\/it\/wp-json\/wp\/v2\/etablissement"}],"about":[{"href":"https:\/\/foodandgood.fr\/it\/wp-json\/wp\/v2\/types\/etablissement"}],"author":[{"embeddable":true,"href":"https:\/\/foodandgood.fr\/it\/wp-json\/wp\/v2\/users\/13"}],"replies":[{"embeddable":true,"href":"https:\/\/foodandgood.fr\/it\/wp-json\/wp\/v2\/comments?post=34427"}],"version-history":[{"count":2,"href":"https:\/\/foodandgood.fr\/it\/wp-json\/wp\/v2\/etablissement\/34427\/revisions"}],"predecessor-version":[{"id":55499,"href":"https:\/\/foodandgood.fr\/it\/wp-json\/wp\/v2\/etablissement\/34427\/revisions\/55499"}],"wp:featuredmedia":[{"embeddable":true,"href":"https:\/\/foodandgood.fr\/it\/wp-json\/wp\/v2\/media\/25866"}],"wp:attachment":[{"href":"https:\/\/foodandgood.fr\/it\/wp-json\/wp\/v2\/media?parent=34427"}],"curies":[{"name":"wp","href":"https:\/\/api.w.org\/{rel}","templated":true}]}}

Pâtisserie Naegel

<p>La Pâtisserie Naegel è un indirizzo imperdibile a Strasburgo! Esiste dal 1927 e oggi è detenuto dalla 3a generazione. Con un team qualificato ed efficiente, la pasticceria vi accoglie con grande gentilezza.</p>

La Pâtisserie Naegel è un indirizzo imperdibile a Strasburgo! Esiste dal 1927 e oggi è detenuto dalla 3a generazione. Con un team qualificato ed efficiente, la pasticceria vi accoglie con grande gentilezza.

Fermati a fare una pausa, salata o dolce, i sapori sono sempre giusti e perfettamente padroneggiati. Lo chef Pierre Naegel si ispira ai grandi classici, di cui predilige i gusti e le miscele di consistenze: crema pasticcera cremosa, pralin croccante, mousse aeree.

In estate, lasciatevi tentare da uno dei loro dessert surgelati, lampone, vaniglia, cocco ... ce n'è per tutti i gusti! In pentola o dessert e qualunque sia la fragranza dominante, il gelato artigianale rimane il modo migliore per trovare un po' di freschezza sotto il sole.

Quest'inverno, risveglia i tuoi ricordi d'infanzia! Manneles, bredeles, pan di zenzero con miele di castagno. Festeggia le feste con prodotti gourmet gourmet in versione catering.

Soccombere ai deliziosi tronchi e pasticcini surgelati.

Naegel, Rue des Orfèvres, Strasbourg, France

Rue des Orfèvres

Lunedì: Chiuso
Martedì: 08:30 - 18:00
Mercoledì: 08:30 - 18:00
Giovedì: 08:30 - 18:00
Venerdì: 08:00 - 18:00
Sabato: 08:00 - 17:00
Domenica: Chiuso

Carte des Délices
