 {"id":33401,"date":"2022-12-19T13:58:29","date_gmt":"2022-12-19T12:58:29","guid":{"rendered":"https:\/\/foodandgood.fr\/etablissement\/alle-armi-di-colmar\/"},"modified":"2024-06-17T16:10:49","modified_gmt":"2024-06-17T14:10:49","slug":"alle-armi-di-colmar","status":"publish","type":"etablissement","link":"https:\/\/foodandgood.fr\/it\/alle-armi-di-colmar\/","title":{"rendered":"Aux Armes de Colmar"},"excerpt":{"rendered":"<p>Questo ristorante si chiama #Aux #Armes #de #Colmar, un luogo accogliente e familiare in un grazioso edificio a graticcio.<\/p>\n","protected":false},"author":13,"comment_status":"closed","ping_status":"closed","template":"","meta":{"_acf_changed":false,"beyondwords_generate_audio":"","beyondwords_integration_method":"","beyondwords_project_id":"","beyondwords_content_id":"","beyondwords_preview_token":"","beyondwords_player_content":"","beyondwords_player_style":"","beyondwords_language_code":"","beyondwords_language_id":"","beyondwords_title_voice_id":"","beyondwords_body_voice_id":"","beyondwords_summary_voice_id":"","beyondwords_error_message":"","beyondwords_disabled":"","beyondwords_delete_content":"","beyondwords_podcast_id":"","beyondwords_hash":"","publish_post_to_speechkit":"","speechkit_hash":"","speechkit_generate_audio":"","speechkit_project_id":"","speechkit_podcast_id":"","speechkit_error_message":"","speechkit_disabled":"","speechkit_access_key":"","speechkit_error":"","speechkit_info":"","speechkit_response":"","speechkit_retries":"","speechkit_status":"","speechkit_updated_at":"","_speechkit_link":"","_speechkit_text":""},"class_list":["post-33401","etablissement","type-etablissement","status-publish","has-post-thumbnail","hentry","type-etablissement-cucina-alsaziana","type-etablissement-cucina-francese"],"acf":{"id_eta_scn":"","id_app_foodandgood":"","id_exponum":"","abo":[],"etoile_michelin":[],"titre_presentation":"Nel cuore della vecchia Colmar","presentation":"#Emmanuel e #Anne-Marie #Delautre e il loro team si stabilirono in un grazioso edificio a graticcio nel cuore della vecchia Colmar. Questo ristorante si chiama #Aux #Armes #de #Colmar, un luogo accogliente e familiare. #Emmanuel \u00e8 alla reception mentre #Anne-Marie prepara una cucina tradizionale e regionale di qualit\u00e0 interamente fatta in casa. Suggerimenti pi\u00f9 contemporanei vengono aggiunti anche ai must-have sulla mappa.\n<p class=\"kt-adv-heading6_80d22b-04 wp-block-kadence-advancedheading\" data-kb-block=\"kb-adv-heading6_80d22b-04\">La Cheffe ti invita a gustare piatti tradizionali preparati con prodotti freschi locali. Cucina locale generosa e gourmet.\nVieni a scoprire la nostra tradizionale Choucroute Royale, la Baeckoeffe con 3 carni, il prosciutto brasato con Munster o su un letto di Choucroute...<\/p>\n\u00a0","types_prestation":false,"photo":43853,"photo_bis":83146,"photo_3":83140,"adresse":{"address":"Aux Armes de Colmar, 2b Rue Rapp, 68000 Colmar, France","lat":48.0792084,"lng":7.359044999999998,"zoom":7,"place_id":"ChIJP-JOMeFlkUcR8rifFMNXaAk","name":"Aux Armes de Colmar","street_number":"2b","street_name":"Rue Rapp","city":"Colmar","state":"Grand Est","post_code":68000,"country":"France","country_short":"FR"},"horaires":"Luned\u00ec: Chiuso\nMarted\u00ec: 12:00 - 14:30, 19:00 - 21:30\nMercoled\u00ec: 12:00 - 14:30, 19:00 - 21:30\nGioved\u00ec: 12:00 - 14:30, 19:00 - 21:30\nVenerd\u00ec: 12:00 - 14:30, 19:00 - 21:30\nSabato: 12:00 - 14:30, 19:00 - 21:30\nDomenica: Chiuso","tel":"03 89 41 46 23","boutons":[{"title":"Sito web","link":"http:\/\/restaurant-auxarmesdecolmar.fr\/"},{"title":"Menu","link":"https:\/\/www.restaurant-auxarmesdecolmar.fr\/menus-du-terroir\/"},{"title":"Scheda","link":"https:\/\/www.restaurant-auxarmesdecolmar.fr\/specialites-du-terroir\/"}],"boutons_reservation":"","boutons_social":null,"articles":[{"title":"","text":"<h2>Piatti che vi lasceranno senza parole!<\/h2>\nIl toast caldo del Munster su un letto di insalata con dorso di salmone al forno e tagliatelle d'Alsazia con dessert una mousse di castagne e il suo coulis di rosa canina ti lascer\u00e0 senza parole.\n\nQuesta primavera, oltre al buon baeckeoffe fatto in casa e alle deliziose tartes flamb\u00e9es, gli asparagi dell'Alsazia della fattoria Clarisse saranno sotto i riflettori.","image":43834}]},"_links":{"self":[{"href":"https:\/\/foodandgood.fr\/it\/wp-json\/wp\/v2\/etablissement\/33401","targetHints":{"allow":["GET"]}}],"collection":[{"href":"https:\/\/foodandgood.fr\/it\/wp-json\/wp\/v2\/etablissement"}],"about":[{"href":"https:\/\/foodandgood.fr\/it\/wp-json\/wp\/v2\/types\/etablissement"}],"author":[{"embeddable":true,"href":"https:\/\/foodandgood.fr\/it\/wp-json\/wp\/v2\/users\/13"}],"replies":[{"embeddable":true,"href":"https:\/\/foodandgood.fr\/it\/wp-json\/wp\/v2\/comments?post=33401"}],"version-history":[{"count":2,"href":"https:\/\/foodandgood.fr\/it\/wp-json\/wp\/v2\/etablissement\/33401\/revisions"}],"predecessor-version":[{"id":81439,"href":"https:\/\/foodandgood.fr\/it\/wp-json\/wp\/v2\/etablissement\/33401\/revisions\/81439"}],"wp:featuredmedia":[{"embeddable":true,"href":"https:\/\/foodandgood.fr\/it\/wp-json\/wp\/v2\/media\/43853"}],"wp:attachment":[{"href":"https:\/\/foodandgood.fr\/it\/wp-json\/wp\/v2\/media?parent=33401"}],"curies":[{"name":"wp","href":"https:\/\/api.w.org\/{rel}","templated":true}]}}

#Emmanuel e #Anne-Marie #Delautre e il loro team si stabilirono in un grazioso edificio a graticcio nel cuore della vecchia Colmar. Questo ristorante si chiama #Aux #Armes #de #Colmar, un luogo accogliente e familiare. #Emmanuel è alla reception mentre #Anne-Marie prepara una cucina tradizionale e regionale di qualità interamente fatta in casa. Suggerimenti più contemporanei vengono aggiunti anche ai must-have sulla mappa.
<p class="kt-adv-heading6_80d22b-04 wp-block-kadence-advancedheading" data-kb-block="kb-adv-heading6_80d22b-04">La Cheffe ti invita a gustare piatti tradizionali preparati con prodotti freschi locali. Cucina locale generosa e gourmet.
Vieni a scoprire la nostra tradizionale Choucroute Royale, la Baeckoeffe con 3 carni, il prosciutto brasato con Munster o su un letto di Choucroute...</p>

Lunedì: Chiuso
Martedì: 12:00 - 14:30, 19:00 - 21:30
Mercoledì: 12:00 - 14:30, 19:00 - 21:30
Giovedì: 12:00 - 14:30, 19:00 - 21:30
Venerdì: 12:00 - 14:30, 19:00 - 21:30
Sabato: 12:00 - 14:30, 19:00 - 21:30
Domenica: Chiuso

<h2>Piatti che vi lasceranno senza parole!</h2>
Il toast caldo del Munster su un letto di insalata con dorso di salmone al forno e tagliatelle d'Alsazia con dessert una mousse di castagne e il suo coulis di rosa canina ti lascerà senza parole.

Questa primavera, oltre al buon baeckeoffe fatto in casa e alle deliziose tartes flambées, gli asparagi dell'Alsazia della fattoria Clarisse saranno sotto i riflettori.
