 {"id":31355,"date":"2022-03-21T16:03:53","date_gmt":"2022-03-21T15:03:53","guid":{"rendered":"https:\/\/foodandgood.fr\/etablissement\/innocenti\/"},"modified":"2024-06-06T14:50:07","modified_gmt":"2024-06-06T12:50:07","slug":"innocenti","status":"publish","type":"etablissement","link":"https:\/\/foodandgood.fr\/it\/innocenti\/","title":{"rendered":"Les Innocents"},"excerpt":{"rendered":"","protected":false},"author":1,"comment_status":"closed","ping_status":"closed","template":"","meta":{"_acf_changed":false,"beyondwords_generate_audio":"","beyondwords_integration_method":"","beyondwords_project_id":"","beyondwords_content_id":"","beyondwords_preview_token":"","beyondwords_player_content":"","beyondwords_player_style":"","beyondwords_language_code":"","beyondwords_language_id":"","beyondwords_title_voice_id":"","beyondwords_body_voice_id":"","beyondwords_summary_voice_id":"","beyondwords_error_message":"","beyondwords_disabled":"","beyondwords_delete_content":"","beyondwords_podcast_id":"","beyondwords_hash":"","publish_post_to_speechkit":"","speechkit_hash":"","speechkit_generate_audio":"","speechkit_project_id":"","speechkit_podcast_id":"","speechkit_error_message":"","speechkit_disabled":"","speechkit_access_key":"","speechkit_error":"","speechkit_info":"","speechkit_response":"","speechkit_retries":"","speechkit_status":"","speechkit_updated_at":"","_speechkit_link":"","_speechkit_text":""},"class_list":["post-31355","etablissement","type-etablissement","status-publish","has-post-thumbnail","hentry","type-etablissement-bistronomia-it","type-etablissement-cucina-francese"],"acf":{"id_eta_scn":"","id_app_foodandgood":"","id_exponum":"","abo":[],"etoile_michelin":[],"titre_presentation":"Enoteca bistronomica Les Innocents a Strasburgo","presentation":"Il ristorante Les Innocents vi accoglie con ottimi piatti preparati con prodotti freschi.\n\nAtipico e accogliente, il ristorante bistronomico Les Innocents a Strasburgo vi accoglie a pranzo, aperitivo e cena. Questo Wine-bar situato nel quartiere del tribunale di Strasburgo, offre un piccolo menu originale, preparato con prodotti freschi di qualit\u00e0.\n\nL'arredamento ti riporta all'era del proibizionismo degli anni '30 a Chicago. Base pannellata, sedie da bistrot, carta da parati con il tipico motivo delle palmette, cantinetta sotto le sbarre... Un lavoro di buon gusto realizzato in collaborazione con gli interior designer \"Les Agenceurs\".\n\nSe stai cercando un bel posto per i tuoi incontri di lavoro, un piccolo angolo da privatizzare per i tuoi eventi professionali e privati o una terrazza per bere un drink dopo il lavoro, \u00e8 proprio qui!","types_prestation":false,"photo":19891,"photo_bis":3405,"photo_3":3407,"adresse":{"address":"Les Innocents, Rue Paul Muller Simonis, Strasbourg, France","lat":48.5892496,"lng":7.749435699999999,"zoom":7,"place_id":"ChIJUf22rlrIlkcRtGKXOc-Cm3I","name":"Les Innocents","street_number":4,"street_name":"Rue Paul Muller Simonis","city":"Strasbourg","state":"Grand Est","post_code":67000,"country":"France","country_short":"FR"},"horaires":"Luned\u00ec: Chiuso\nMarted\u00ec: 12:00 - 14:00, 19:00 - 22:00\nMercoled\u00ec: 12:00 - 14:00, 19:00 - 22:00\nGioved\u00ec: 12:00 - 14:00, 19:00 - 22:00\nVenerd\u00ec: 12:00 - 14:00, 19:00 - 22:00\nSabato: 19:00 - 22:00\nDomenica: Chiuso","tel":"03 88 24 63 01","boutons":[{"title":"Sito web","link":"https:\/\/les-innocents.fr\/"},{"title":"Menu","link":"https:\/\/les-innocents.fr\/menus\/menus.html"}],"boutons_reservation":"","boutons_social":null,"articles":[{"title":"","text":"<h2>Due chef associati a Strasburgo<\/h2>\nThierry Bendler e S\u00e9bastien Herterle hanno molti anni di esperienza professionale. Hanno gi\u00e0 lavorato insieme per 10 anni, prima al ristorante Arsenal a Strasburgo, poi al ristorante C\u00f4t\u00e9 Lac a Schiltigheim. Thierry Bendler viene premiato in particolare con il <u>titolo di \"Young Talent<\/u> 2008\" e con l'ottenimento di un Gault Millau d'Or nel 2011. I due chef hanno poi unito le forze per creare Les Innocents per offrire nuove esperienze alle papille gustative pi\u00f9 raffinate.\n\nIl duo \u00e8 anche solidamente supportato in sala da un team di professionisti che assicurano il comfort e un buon servizio ai clienti.","image":5570},{"title":"","text":"<h2>Nel menu di un ristorante bistronomico<\/h2>\nLes Innocents vi accoglie a pranzo dal marted\u00ec al venerd\u00ec dalle 12:00 alle 14:00 e a cena dal marted\u00ec al sabato dalle 19:00 alle 23:00.\n\nIl menu di questo ristorante bistronomico di Strasburgo \u00e8 breve ma originale e di alta qualit\u00e0. \u00c8 facile lasciarsi tentare dai Roublardise come aperitivo, tra formaggi e salumi da condividere. Come antipasto esitiamo tra il foie gras d'anatra con fava tonka, condimento di frutta di stagione o il salmone marinato con perle giapponesi \u201csemi del paradiso\u201d e latte di cocco. E perch\u00e9 no la testa di vitello croccante al gusto BBQ, l'insalata di verdure... Per il piatto scegliamo il pezzo di vitello della Dordogna cotto a 58\u00b0C, gnocchi al burro, asparagi verdi delle nostre regioni, emulsione di un choron e succo corposo. E infine, per dessert, potremmo soccombere ai mascalzoni, tra cui spicca il Chiboust di formaggio bianco caramellato, mele cotogne e sciroppo d'acero!","image":5569}]},"_links":{"self":[{"href":"https:\/\/foodandgood.fr\/it\/wp-json\/wp\/v2\/etablissement\/31355","targetHints":{"allow":["GET"]}}],"collection":[{"href":"https:\/\/foodandgood.fr\/it\/wp-json\/wp\/v2\/etablissement"}],"about":[{"href":"https:\/\/foodandgood.fr\/it\/wp-json\/wp\/v2\/types\/etablissement"}],"author":[{"embeddable":true,"href":"https:\/\/foodandgood.fr\/it\/wp-json\/wp\/v2\/users\/1"}],"replies":[{"embeddable":true,"href":"https:\/\/foodandgood.fr\/it\/wp-json\/wp\/v2\/comments?post=31355"}],"version-history":[{"count":1,"href":"https:\/\/foodandgood.fr\/it\/wp-json\/wp\/v2\/etablissement\/31355\/revisions"}],"predecessor-version":[{"id":57040,"href":"https:\/\/foodandgood.fr\/it\/wp-json\/wp\/v2\/etablissement\/31355\/revisions\/57040"}],"wp:featuredmedia":[{"embeddable":true,"href":"https:\/\/foodandgood.fr\/it\/wp-json\/wp\/v2\/media\/19891"}],"wp:attachment":[{"href":"https:\/\/foodandgood.fr\/it\/wp-json\/wp\/v2\/media?parent=31355"}],"curies":[{"name":"wp","href":"https:\/\/api.w.org\/{rel}","templated":true}]}}

Il ristorante Les Innocents vi accoglie con ottimi piatti preparati con prodotti freschi.

Atipico e accogliente, il ristorante bistronomico Les Innocents a Strasburgo vi accoglie a pranzo, aperitivo e cena. Questo Wine-bar situato nel quartiere del tribunale di Strasburgo, offre un piccolo menu originale, preparato con prodotti freschi di qualità.

L'arredamento ti riporta all'era del proibizionismo degli anni '30 a Chicago. Base pannellata, sedie da bistrot, carta da parati con il tipico motivo delle palmette, cantinetta sotto le sbarre... Un lavoro di buon gusto realizzato in collaborazione con gli interior designer "Les Agenceurs".

Se stai cercando un bel posto per i tuoi incontri di lavoro, un piccolo angolo da privatizzare per i tuoi eventi professionali e privati o una terrazza per bere un drink dopo il lavoro, è proprio qui!

Lunedì: Chiuso
Martedì: 12:00 - 14:00, 19:00 - 22:00
Mercoledì: 12:00 - 14:00, 19:00 - 22:00
Giovedì: 12:00 - 14:00, 19:00 - 22:00
Venerdì: 12:00 - 14:00, 19:00 - 22:00
Sabato: 19:00 - 22:00
Domenica: Chiuso

<h2>Due chef associati a Strasburgo</h2>
Thierry Bendler e Sébastien Herterle hanno molti anni di esperienza professionale. Hanno già lavorato insieme per 10 anni, prima al ristorante Arsenal a Strasburgo, poi al ristorante Côté Lac a Schiltigheim. Thierry Bendler viene premiato in particolare con il <u>titolo di "Young Talent</u> 2008" e con l'ottenimento di un Gault Millau d'Or nel 2011. I due chef hanno poi unito le forze per creare Les Innocents per offrire nuove esperienze alle papille gustative più raffinate.

Il duo è anche solidamente supportato in sala da un team di professionisti che assicurano il comfort e un buon servizio ai clienti.

<h2>Nel menu di un ristorante bistronomico</h2>
Les Innocents vi accoglie a pranzo dal martedì al venerdì dalle 12:00 alle 14:00 e a cena dal martedì al sabato dalle 19:00 alle 23:00.

Il menu di questo ristorante bistronomico di Strasburgo è breve ma originale e di alta qualità. È facile lasciarsi tentare dai Roublardise come aperitivo, tra formaggi e salumi da condividere. Come antipasto esitiamo tra il foie gras d'anatra con fava tonka, condimento di frutta di stagione o il salmone marinato con perle giapponesi “semi del paradiso” e latte di cocco. E perché no la testa di vitello croccante al gusto BBQ, l'insalata di verdure... Per il piatto scegliamo il pezzo di vitello della Dordogna cotto a 58°C, gnocchi al burro, asparagi verdi delle nostre regioni, emulsione di un choron e succo corposo. E infine, per dessert, potremmo soccombere ai mascalzoni, tra cui spicca il Chiboust di formaggio bianco caramellato, mele cotogne e sciroppo d'acero!
