 {"id":31082,"date":"2022-01-13T10:50:37","date_gmt":"2022-01-13T09:50:37","guid":{"rendered":"https:\/\/foodandgood.fr\/etablissement\/il-cortile\/"},"modified":"2024-09-02T15:13:36","modified_gmt":"2024-09-02T13:13:36","slug":"restaurant-il-cortile-mulhouse","status":"publish","type":"etablissement","link":"https:\/\/foodandgood.fr\/it\/restaurant-il-cortile-mulhouse\/","title":{"rendered":"Il Cortile"},"excerpt":{"rendered":"","protected":false},"author":1,"comment_status":"closed","ping_status":"closed","template":"","meta":{"_acf_changed":false,"beyondwords_generate_audio":"","beyondwords_integration_method":"","beyondwords_project_id":"","beyondwords_content_id":"","beyondwords_preview_token":"","beyondwords_player_content":"","beyondwords_player_style":"","beyondwords_language_code":"","beyondwords_language_id":"","beyondwords_title_voice_id":"","beyondwords_body_voice_id":"","beyondwords_summary_voice_id":"","beyondwords_error_message":"","beyondwords_disabled":"","beyondwords_delete_content":"","beyondwords_podcast_id":"","beyondwords_hash":"","publish_post_to_speechkit":"","speechkit_hash":"","speechkit_generate_audio":"","speechkit_project_id":"","speechkit_podcast_id":"","speechkit_error_message":"","speechkit_disabled":"","speechkit_access_key":"","speechkit_error":"","speechkit_info":"","speechkit_response":"","speechkit_retries":"","speechkit_status":"","speechkit_updated_at":"","_speechkit_link":"","_speechkit_text":""},"class_list":["post-31082","etablissement","type-etablissement","status-publish","has-post-thumbnail","hentry","type-etablissement-cibo-italiano","type-etablissement-cucina-gastronomica","type-etablissement-tabella-eccezionale"],"acf":{"id_eta_scn":"","id_app_foodandgood":491,"id_exponum":"","abo":[],"etoile_michelin":[],"titre_presentation":"Un cambio di scenario garantito!","presentation":"Lo chef Jean-Michel Feger sviluppa una cucina mediterranea autentica, fresca e creativa in un ambiente sottile e contemporaneo, circondato dagli ultimi bastioni di Mulhouse, dove si mescolano i profumi di limoni e aranci. Nel cuore della Vecchia Mulhouse, emana un delicato aroma di raffinata e creativa cucina mediterranea che si sposa perfettamente con il terroir locale. Questo \u00e8 il ristorante mediterraneo Il Cortile. Succeduto alla famiglia D'Onghia, Jean-Michel Feger, chef premiato con una stella nella guida Michelin e in cucina dall'apertura del ristorante nel 2001, ha preso in mano la fiaccola del locale all'inizio del 2018. Da questo rinnovamento nasce una cucina appassionata. Pi\u00f9 semplice e generoso, come lo chef. Anche un servizio meno solenne e pi\u00f9 caloroso che delizier\u00e0 sia i clienti abituali che i nuovi arrivati.","types_prestation":false,"photo":17831,"photo_bis":75169,"photo_3":75163,"adresse":{"address":"Restaurant Il Cortile | \u00c9toil\u00e9 Michelin, Rue des Franciscains, Mulhouse, France","lat":47.74752679999999,"lng":7.3338101,"zoom":7,"place_id":"ChIJn5BgSHObkUcRbwexHCarHpo","name":"Restaurant Il Cortile | \u00c9toil\u00e9 Michelin","street_number":11,"street_name":"Rue des Franciscains","city":"Mulhouse","state":"Grand Est","post_code":68100,"country":"France","country_short":"FR"},"horaires":"Luned\u00ec: Chiuso Marted\u00ec: 12:00 - 13:30, 19:30 - 21:30 Mercoled\u00ec: 12:00 - 13:30, 19:30 - 21:30 Gioved\u00ec: 12:00 - 13:30, 19:30 - 21:30 Venerd\u00ec: 12:00 - 13:30, 19:30 - 21:30 Sabato: 12:00 - 13:30, 19:30 - 21:30 Domenica: Chiuso","tel":"03 89 66 39 79","boutons":[{"title":"Sito web","link":"https:\/\/ilcortile-mulhouse.fr\/"},{"title":"Menu e menu alla carta","link":"https:\/\/ilcortile-mulhouse.fr\/#menu"},{"title":"buoni regali","link":"https:\/\/aji-box.com\/-\/restaurant-il-cortile"}],"boutons_reservation":"","boutons_social":null,"articles":[{"title":"","text":"<h2>Ai grandi mezzi, ai buoni men\u00f9<\/h2>  Il ristorante mediterraneo Il Cortile di Mulhouse offre una cucina inventiva e saporita, da non perdere <u>per gli amanti della carne e del pesce<\/u>.\n. Lo chef Jean-Michel Feger sta ampliando il suo menu con due nuovi menu. Oltre al men\u00f9 business \u2013 disponibile a pranzo durante la settimana, dal marted\u00ec al venerd\u00ec \u2013 e al men\u00f9 \u201cLa petite cour\u201d, i men\u00f9 \u201cRiviera\u201d e \u201cCortile\u201d aprono ai piaceri. Se dovessimo ricordare solo tre creazioni del ristorante, abbiamo ottimi ricordi di questi piatti: il Vitello tonnato, sedano, capperi e pomodoro secco. A seguire una Suprema di piccione, carota e yuzu, finferli e succo di aceto di fiori di sambuco. Per finire con il biscotto all'olio, fragole e mousse al basilico.","image":2970},{"title":"","text":"<h2>Ristorante mediterraneo: sembra il Sud\u2026<\/h2>  La canzone di Nino Ferrer accompagna l'idea di questa oasi circondata dagli ultimi bastioni della citt\u00e0. Il ristorante mediterraneo di Mulhouse ha senza dubbio la terrazza pi\u00f9 bella della citt\u00e0. Aperto fino a fine agosto, \u00e8 un angolo tranquillo esposto ai profumi di limoni e aranci. La terrazza vi invita a fare un delizioso viaggio sulle rive del Mediterraneo. Si potrebbe anche credere che sia una creazione del Cielo!","image":2964}]},"_links":{"self":[{"href":"https:\/\/foodandgood.fr\/it\/wp-json\/wp\/v2\/etablissement\/31082","targetHints":{"allow":["GET"]}}],"collection":[{"href":"https:\/\/foodandgood.fr\/it\/wp-json\/wp\/v2\/etablissement"}],"about":[{"href":"https:\/\/foodandgood.fr\/it\/wp-json\/wp\/v2\/types\/etablissement"}],"author":[{"embeddable":true,"href":"https:\/\/foodandgood.fr\/it\/wp-json\/wp\/v2\/users\/1"}],"replies":[{"embeddable":true,"href":"https:\/\/foodandgood.fr\/it\/wp-json\/wp\/v2\/comments?post=31082"}],"version-history":[{"count":3,"href":"https:\/\/foodandgood.fr\/it\/wp-json\/wp\/v2\/etablissement\/31082\/revisions"}],"predecessor-version":[{"id":113632,"href":"https:\/\/foodandgood.fr\/it\/wp-json\/wp\/v2\/etablissement\/31082\/revisions\/113632"}],"wp:featuredmedia":[{"embeddable":true,"href":"https:\/\/foodandgood.fr\/it\/wp-json\/wp\/v2\/media\/17831"}],"wp:attachment":[{"href":"https:\/\/foodandgood.fr\/it\/wp-json\/wp\/v2\/media?parent=31082"}],"curies":[{"name":"wp","href":"https:\/\/api.w.org\/{rel}","templated":true}]}}

Lo chef Jean-Michel Feger sviluppa una cucina mediterranea autentica, fresca e creativa in un ambiente sottile e contemporaneo, circondato dagli ultimi bastioni di Mulhouse, dove si mescolano i profumi di limoni e aranci. Nel cuore della Vecchia Mulhouse, emana un delicato aroma di raffinata e creativa cucina mediterranea che si sposa perfettamente con il terroir locale. Questo è il ristorante mediterraneo Il Cortile. Succeduto alla famiglia D'Onghia, Jean-Michel Feger, chef premiato con una stella nella guida Michelin e in cucina dall'apertura del ristorante nel 2001, ha preso in mano la fiaccola del locale all'inizio del 2018. Da questo rinnovamento nasce una cucina appassionata. Più semplice e generoso, come lo chef. Anche un servizio meno solenne e più caloroso che delizierà sia i clienti abituali che i nuovi arrivati.

Restaurant Il Cortile | Étoilé Michelin, Rue des Franciscains, Mulhouse, France

Restaurant Il Cortile | Étoilé Michelin

Lunedì: Chiuso Martedì: 12:00 - 13:30, 19:30 - 21:30 Mercoledì: 12:00 - 13:30, 19:30 - 21:30 Giovedì: 12:00 - 13:30, 19:30 - 21:30 Venerdì: 12:00 - 13:30, 19:30 - 21:30 Sabato: 12:00 - 13:30, 19:30 - 21:30 Domenica: Chiuso

<h2>Ai grandi mezzi, ai buoni menù</h2>  Il ristorante mediterraneo Il Cortile di Mulhouse offre una cucina inventiva e saporita, da non perdere <u>per gli amanti della carne e del pesce</u>.
. Lo chef Jean-Michel Feger sta ampliando il suo menu con due nuovi menu. Oltre al menù business – disponibile a pranzo durante la settimana, dal martedì al venerdì – e al menù “La petite cour”, i menù “Riviera” e “Cortile” aprono ai piaceri. Se dovessimo ricordare solo tre creazioni del ristorante, abbiamo ottimi ricordi di questi piatti: il Vitello tonnato, sedano, capperi e pomodoro secco. A seguire una Suprema di piccione, carota e yuzu, finferli e succo di aceto di fiori di sambuco. Per finire con il biscotto all'olio, fragole e mousse al basilico.

<h2>Ristorante mediterraneo: sembra il Sud…</h2>  La canzone di Nino Ferrer accompagna l'idea di questa oasi circondata dagli ultimi bastioni della città. Il ristorante mediterraneo di Mulhouse ha senza dubbio la terrazza più bella della città. Aperto fino a fine agosto, è un angolo tranquillo esposto ai profumi di limoni e aranci. La terrazza vi invita a fare un delizioso viaggio sulle rive del Mediterraneo. Si potrebbe anche credere che sia una creazione del Cielo!
