 {"id":152441,"date":"2025-03-20T10:25:54","date_gmt":"2025-03-20T09:25:54","guid":{"rendered":"https:\/\/foodandgood.fr\/etablissement\/cibo\/"},"modified":"2025-03-20T10:25:54","modified_gmt":"2025-03-20T09:25:54","slug":"cibo","status":"publish","type":"etablissement","link":"https:\/\/foodandgood.fr\/it\/etablissement\/cibo\/","title":{"rendered":"Cibo"},"excerpt":{"rendered":"","protected":false},"author":14,"comment_status":"closed","ping_status":"closed","template":"","meta":{"_acf_changed":false,"beyondwords_generate_audio":"","beyondwords_integration_method":"","beyondwords_project_id":"","beyondwords_content_id":"","beyondwords_preview_token":"","beyondwords_player_content":"","beyondwords_player_style":"","beyondwords_language_code":"","beyondwords_language_id":"","beyondwords_title_voice_id":"","beyondwords_body_voice_id":"","beyondwords_summary_voice_id":"","beyondwords_error_message":"","beyondwords_disabled":"","beyondwords_delete_content":"","beyondwords_podcast_id":"","beyondwords_hash":"","publish_post_to_speechkit":"","speechkit_hash":"","speechkit_generate_audio":"","speechkit_project_id":"","speechkit_podcast_id":"","speechkit_error_message":"","speechkit_disabled":"","speechkit_access_key":"","speechkit_error":"","speechkit_info":"","speechkit_response":"","speechkit_retries":"","speechkit_status":"","speechkit_updated_at":"","_speechkit_link":"","_speechkit_text":""},"class_list":["post-152441","etablissement","type-etablissement","status-publish","hentry","type-etablissement-cucina-gastronomica","type-etablissement-tabella-eccezionale"],"acf":{"id_eta_scn":"","id_app_foodandgood":"","id_exponum":"","abo":["VIP"],"etoile_michelin":["1"],"titre_presentation":"Nel cuore della capitale dei Duchi di Borgogna","presentation":"Il ristorante gourmet CIBO \u00e8 ospitato in un edificio in pietra della Borgogna del XVII secolo. Inondato di luce dall'ampio tetto in vetro, il ristorante si trasforma in una magnifica sala da pranzo all'aperto una volta aperto. Lo stile raffinato e contemporaneo si ispira alla tendenza Wabi-Sabi: materiali come il parquet provengono dalla regione e sono stati scelti per il loro aspetto patinato. La combinazione di questi materiali naturali crea un'atmosfera intima e rilassante in cui gustare piatti da gourmet.   \n\nLo chef Angelo Ferrigno propone una cucina moderna e giudiziosamente creativa, che non gli impedisce di lavorare esclusivamente con prodotti locali selezionati nel raggio di 200 km. La sua cucina \u00e8 naturale e di tendenza, di ispirazione nordica, con accenti crudi ma con una rara eleganza nel modo in cui veste i suoi piatti. ","types_prestation":false,"photo":117919,"photo_bis":117925,"photo_3":117931,"adresse":{"address":"CIBO restaurant gastronomique \u00e0 Dijon, Rue Jeannin, Dijon, France","lat":47.3219246,"lng":5.045547,"zoom":7,"place_id":"ChIJwSK1aoGd8kcR-5Iw7_F62xE","name":"CIBO restaurant gastronomique \u00e0 Dijon","street_number":24,"street_name":"Rue Jeannin","city":"Dijon","state":"Bourgogne-Franche-Comt\u00e9","post_code":21000,"country":"France","country_short":"FR"},"horaires":"Luned\u00ec: Chiuso\nMarted\u00ec: 12:00 - 13:00, 19:30 - 21:00\nMercoled\u00ec: 12:00 - 13:00, 19:30 - 21:00\nGioved\u00ec: 12:00 - 13:00, 19:30 - 21:00\nVenerd\u00ec: 12:00 - 13:00, 19:30 - 21:00\nSabato: Chiuso\nDomenica: Chiuso","tel":"03 80 28 80 76","boutons":[{"title":"Sito web","link":"https:\/\/www.cibo.restaurant\/"}],"boutons_reservation":"","boutons_social":null,"articles":[{"title":"","text":"La sua cucina \u00e8 diversa da tutte le altre e per una buona ragione: Angelo Ferrigno ha avuto una carriera relativamente semplice. \"Mi sono formato ad Auxois. Cerco di essere un autodidatta. I miei colleghi che sono passati per le grandi case hanno pi\u00f9 esperienza e strutture di me, ma io difendo il mio percorso professionale, che dimostra che ci sono altri modi per aprire un ristorante. \n\nA soli 14 anni, l'adolescente si \u00e8 formato presso il CFA di La Noue-Bourgogne, vicino a Digione, e ha scoperto il mondo dei ristoranti della Borgogna. Si \u00e8 fatto le ossa presso L'Hostellerie d'Aussois, a Semur-en-Auxois, e L'Hostellerie de Levernois, a Beaune. \n\nNel 2012 \u00e8 entrato a far parte de La Maison des Cariatides, a Digione, e ha fatto carriera fino a diventare chef nel 2015. \"Mi sentivo a casa, ma sentivo regolarmente dire: 'Da Angelo si mangia bene'\". Di conseguenza, nel 2018 e a soli 26 anni, ha deciso di aprire il suo ristorante, ma solo dopo due anni di lavoro il CIBO ha visto la luce. \"Volevo sentirmi a casa; ho dovuto rifare tutto, dal pavimento al soffitto, per creare una cucina secondo i miei gusti\".  \n\nNel piatto, lo chef borgognone mette al primo posto la sua terra d'origine, ma trae ispirazione anche dalle sue origini italiane e portoghesi. \"\u00c8 una cucina al passo con i tempi. Mi affido a produttori situati nel raggio di 200 km, ma perch\u00e9 non affidarsi anche a un'azienda locale specializzata in prodotti giapponesi? \u00c8 stato premiato con 3 toques e promosso a Grand de Demain nella guida France 2022. ","image":117912}]},"_links":{"self":[{"href":"https:\/\/foodandgood.fr\/it\/wp-json\/wp\/v2\/etablissement\/152441","targetHints":{"allow":["GET"]}}],"collection":[{"href":"https:\/\/foodandgood.fr\/it\/wp-json\/wp\/v2\/etablissement"}],"about":[{"href":"https:\/\/foodandgood.fr\/it\/wp-json\/wp\/v2\/types\/etablissement"}],"author":[{"embeddable":true,"href":"https:\/\/foodandgood.fr\/it\/wp-json\/wp\/v2\/users\/14"}],"replies":[{"embeddable":true,"href":"https:\/\/foodandgood.fr\/it\/wp-json\/wp\/v2\/comments?post=152441"}],"version-history":[{"count":0,"href":"https:\/\/foodandgood.fr\/it\/wp-json\/wp\/v2\/etablissement\/152441\/revisions"}],"wp:attachment":[{"href":"https:\/\/foodandgood.fr\/it\/wp-json\/wp\/v2\/media?parent=152441"}],"curies":[{"name":"wp","href":"https:\/\/api.w.org\/{rel}","templated":true}]}}

Il ristorante gourmet CIBO è ospitato in un edificio in pietra della Borgogna del XVII secolo. Inondato di luce dall'ampio tetto in vetro, il ristorante si trasforma in una magnifica sala da pranzo all'aperto una volta aperto. Lo stile raffinato e contemporaneo si ispira alla tendenza Wabi-Sabi: materiali come il parquet provengono dalla regione e sono stati scelti per il loro aspetto patinato. La combinazione di questi materiali naturali crea un'atmosfera intima e rilassante in cui gustare piatti da gourmet.   

Lo chef Angelo Ferrigno propone una cucina moderna e giudiziosamente creativa, che non gli impedisce di lavorare esclusivamente con prodotti locali selezionati nel raggio di 200 km. La sua cucina è naturale e di tendenza, di ispirazione nordica, con accenti crudi ma con una rara eleganza nel modo in cui veste i suoi piatti.

CIBO restaurant gastronomique à Dijon, Rue Jeannin, Dijon, France

CIBO restaurant gastronomique à Dijon

Bourgogne-Franche-Comté

Lunedì: Chiuso
Martedì: 12:00 - 13:00, 19:30 - 21:00
Mercoledì: 12:00 - 13:00, 19:30 - 21:00
Giovedì: 12:00 - 13:00, 19:30 - 21:00
Venerdì: 12:00 - 13:00, 19:30 - 21:00
Sabato: Chiuso
Domenica: Chiuso

La sua cucina è diversa da tutte le altre e per una buona ragione: Angelo Ferrigno ha avuto una carriera relativamente semplice. "Mi sono formato ad Auxois. Cerco di essere un autodidatta. I miei colleghi che sono passati per le grandi case hanno più esperienza e strutture di me, ma io difendo il mio percorso professionale, che dimostra che ci sono altri modi per aprire un ristorante. 

A soli 14 anni, l'adolescente si è formato presso il CFA di La Noue-Bourgogne, vicino a Digione, e ha scoperto il mondo dei ristoranti della Borgogna. Si è fatto le ossa presso L'Hostellerie d'Aussois, a Semur-en-Auxois, e L'Hostellerie de Levernois, a Beaune. 

Nel 2012 è entrato a far parte de La Maison des Cariatides, a Digione, e ha fatto carriera fino a diventare chef nel 2015. "Mi sentivo a casa, ma sentivo regolarmente dire: 'Da Angelo si mangia bene'". Di conseguenza, nel 2018 e a soli 26 anni, ha deciso di aprire il suo ristorante, ma solo dopo due anni di lavoro il CIBO ha visto la luce. "Volevo sentirmi a casa; ho dovuto rifare tutto, dal pavimento al soffitto, per creare una cucina secondo i miei gusti".  

Nel piatto, lo chef borgognone mette al primo posto la sua terra d'origine, ma trae ispirazione anche dalle sue origini italiane e portoghesi. "È una cucina al passo con i tempi. Mi affido a produttori situati nel raggio di 200 km, ma perché non affidarsi anche a un'azienda locale specializzata in prodotti giapponesi? È stato premiato con 3 toques e promosso a Grand de Demain nella guida France 2022.
