 {"id":152112,"date":"2025-03-20T10:29:38","date_gmt":"2025-03-20T09:29:38","guid":{"rendered":"https:\/\/foodandgood.fr\/etablissement\/la-madeleine\/"},"modified":"2025-03-20T10:29:38","modified_gmt":"2025-03-20T09:29:38","slug":"la-madeleine","status":"publish","type":"etablissement","link":"https:\/\/foodandgood.fr\/it\/la-madeleine\/","title":{"rendered":"La Madeleine"},"excerpt":{"rendered":"","protected":false},"author":14,"comment_status":"closed","ping_status":"closed","template":"","meta":{"_acf_changed":false,"beyondwords_generate_audio":"","beyondwords_integration_method":"","beyondwords_project_id":"","beyondwords_content_id":"","beyondwords_preview_token":"","beyondwords_player_content":"","beyondwords_player_style":"","beyondwords_language_code":"","beyondwords_language_id":"","beyondwords_title_voice_id":"","beyondwords_body_voice_id":"","beyondwords_summary_voice_id":"","beyondwords_error_message":"","beyondwords_disabled":"","beyondwords_delete_content":"","beyondwords_podcast_id":"","beyondwords_hash":"","publish_post_to_speechkit":"","speechkit_hash":"","speechkit_generate_audio":"","speechkit_project_id":"","speechkit_podcast_id":"","speechkit_error_message":"","speechkit_disabled":"","speechkit_access_key":"","speechkit_error":"","speechkit_info":"","speechkit_response":"","speechkit_retries":"","speechkit_status":"","speechkit_updated_at":"","_speechkit_link":"","_speechkit_text":""},"class_list":["post-152112","etablissement","type-etablissement","status-publish","hentry","type-etablissement-cucina-gastronomica","type-etablissement-tabella-eccezionale"],"acf":{"id_eta_scn":"","id_app_foodandgood":"","id_exponum":"","abo":["VIP"],"etoile_michelin":["1"],"titre_presentation":"Sulla punta dell'isola","presentation":"Il nostro ristorante si trova sulla punta dell'Ile d'Yonne. Ti sembrer\u00e0 di pranzare o cenare su un transatlantico, con una vista mozzafiato sulla Yonne e sul falso fiume.\nLa nostra cucina si basa su prodotti di stagione e su una selezione rigorosa.\nL'atmosfera che troverai \u00e8 professionale e amichevole.\nIl ristorante ti accoglie in un ambiente sontuoso. Il nostro team sar\u00e0 lieto di aiutarti a scoprire i migliori piatti locali.  \n\nConcediti un momento al ristorante La Madeleine, sulla punta dell'isola.\nVieni a scoprire il mondo dello chef Patrick Gauthier, nato a Sens, che ti accoglier\u00e0 nel suo locale della Borgogna nel cuore della citt\u00e0 e, pi\u00f9 recentemente, sulle rive della Yonne.","types_prestation":false,"photo":120027,"photo_bis":120033,"photo_3":120039,"adresse":{"address":"Restaurant La Madeleine, Quai Boffrand, Sens, France","lat":48.1955608,"lng":3.2740411,"zoom":7,"place_id":"ChIJh53Y3qka70cR9pp-n7LcjO0","name":"Restaurant La Madeleine","street_name":"Quai Boffrand","city":"Sens","state":"Bourgogne-Franche-Comt\u00e9","post_code":89100,"country":"France","country_short":"FR"},"horaires":"Luned\u00ec: Chiuso\nMarted\u00ec: Chiuso\nMercoled\u00ec: 12:30 - 13:15, 20:00 - 21:15\nGioved\u00ec: 12:30 - 13:15, 20:00 - 21:15\nVenerd\u00ec: 12:30 - 13:15, 20:00 - 21:15\nSabato: 12:30 - 21:15\nDomenica: Chiuso","tel":"03 86 65 09 31","boutons":[{"title":"Sito web","link":"http:\/\/www.restaurant-lamadeleine.fr\/"}],"boutons_reservation":"","boutons_social":null,"articles":[{"title":"","text":"Per questo amante del Giappone e del design, che ha iniziato la sua carriera a Parigi, espandere le sue radici a Sens \u00e8 sempre stata una scelta ovvia. Riflettori puntati su uno chef con radici in Borgogna, ma con uno spirito errante. \n\nDopo 25 anni di attivit\u00e0 nel centro di Sens, in Borgogna, nel 2017 lo chef Patrick Gauthier ha deciso di trasferire il suo ristorante su un'isola sulle rive dell'Yonne. Prima di allora, dieci anni di occasioni mancate avevano vanificato tutti i piani di trasferimento del locale stellato Michelin. Il fatto che si sia innamorato dell'edificio, e soprattutto dei suoi dintorni e della sua vista ininterrotta, \u00e8 stato il fattore decisivo per il cambiamento. \u00c8 come una reminiscenza della Tour d'Argent, dove lo chef ha lavorato agli esordi e dove \u00e8 rimasto per sempre segnato dal suo panorama eccezionale.   \n\nLo chef Patrick Gauthier ha viaggiato molto negli ultimi vent'anni. Due destinazioni sono particolarmente popolari per lui: il Giappone, che ha visitato 38 volte, e la Scandinavia. Cosa hanno in comune? Un forte senso estetico. Senza mai ricorrere all'adattamento letterale, Patrick Gauthier si \u00e8 liberamente ispirato a certi codici, con la loro attenzione ai dettagli, il gioco dei materiali e la sobriet\u00e0, per progettare il suo nuovo spazio.    ","image":120045}]},"_links":{"self":[{"href":"https:\/\/foodandgood.fr\/it\/wp-json\/wp\/v2\/etablissement\/152112","targetHints":{"allow":["GET"]}}],"collection":[{"href":"https:\/\/foodandgood.fr\/it\/wp-json\/wp\/v2\/etablissement"}],"about":[{"href":"https:\/\/foodandgood.fr\/it\/wp-json\/wp\/v2\/types\/etablissement"}],"author":[{"embeddable":true,"href":"https:\/\/foodandgood.fr\/it\/wp-json\/wp\/v2\/users\/14"}],"replies":[{"embeddable":true,"href":"https:\/\/foodandgood.fr\/it\/wp-json\/wp\/v2\/comments?post=152112"}],"version-history":[{"count":0,"href":"https:\/\/foodandgood.fr\/it\/wp-json\/wp\/v2\/etablissement\/152112\/revisions"}],"wp:attachment":[{"href":"https:\/\/foodandgood.fr\/it\/wp-json\/wp\/v2\/media?parent=152112"}],"curies":[{"name":"wp","href":"https:\/\/api.w.org\/{rel}","templated":true}]}}

Il nostro ristorante si trova sulla punta dell'Ile d'Yonne. Ti sembrerà di pranzare o cenare su un transatlantico, con una vista mozzafiato sulla Yonne e sul falso fiume.
La nostra cucina si basa su prodotti di stagione e su una selezione rigorosa.
L'atmosfera che troverai è professionale e amichevole.
Il ristorante ti accoglie in un ambiente sontuoso. Il nostro team sarà lieto di aiutarti a scoprire i migliori piatti locali.  

Concediti un momento al ristorante La Madeleine, sulla punta dell'isola.
Vieni a scoprire il mondo dello chef Patrick Gauthier, nato a Sens, che ti accoglierà nel suo locale della Borgogna nel cuore della città e, più recentemente, sulle rive della Yonne.

Bourgogne-Franche-Comté

Lunedì: Chiuso
Martedì: Chiuso
Mercoledì: 12:30 - 13:15, 20:00 - 21:15
Giovedì: 12:30 - 13:15, 20:00 - 21:15
Venerdì: 12:30 - 13:15, 20:00 - 21:15
Sabato: 12:30 - 21:15
Domenica: Chiuso

Per questo amante del Giappone e del design, che ha iniziato la sua carriera a Parigi, espandere le sue radici a Sens è sempre stata una scelta ovvia. Riflettori puntati su uno chef con radici in Borgogna, ma con uno spirito errante. 

Dopo 25 anni di attività nel centro di Sens, in Borgogna, nel 2017 lo chef Patrick Gauthier ha deciso di trasferire il suo ristorante su un'isola sulle rive dell'Yonne. Prima di allora, dieci anni di occasioni mancate avevano vanificato tutti i piani di trasferimento del locale stellato Michelin. Il fatto che si sia innamorato dell'edificio, e soprattutto dei suoi dintorni e della sua vista ininterrotta, è stato il fattore decisivo per il cambiamento. È come una reminiscenza della Tour d'Argent, dove lo chef ha lavorato agli esordi e dove è rimasto per sempre segnato dal suo panorama eccezionale.   

Lo chef Patrick Gauthier ha viaggiato molto negli ultimi vent'anni. Due destinazioni sono particolarmente popolari per lui: il Giappone, che ha visitato 38 volte, e la Scandinavia. Cosa hanno in comune? Un forte senso estetico. Senza mai ricorrere all'adattamento letterale, Patrick Gauthier si è liberamente ispirato a certi codici, con la loro attenzione ai dettagli, il gioco dei materiali e la sobrietà, per progettare il suo nuovo spazio.
