 {"id":151803,"date":"2024-10-29T09:55:52","date_gmt":"2024-10-29T08:55:52","guid":{"rendered":"https:\/\/foodandgood.fr\/etablissement\/patisserie-schmitt\/"},"modified":"2024-10-29T09:55:52","modified_gmt":"2024-10-29T08:55:52","slug":"patisserie-schmitt","status":"publish","type":"etablissement","link":"https:\/\/foodandgood.fr\/it\/etablissement\/patisserie-schmitt\/","title":{"rendered":"P\u00e2tisserie Schmitt"},"excerpt":{"rendered":"","protected":false},"author":10,"comment_status":"closed","ping_status":"closed","template":"","meta":{"_acf_changed":false,"beyondwords_generate_audio":"","beyondwords_integration_method":"","beyondwords_project_id":"","beyondwords_content_id":"","beyondwords_preview_token":"","beyondwords_player_content":"","beyondwords_player_style":"","beyondwords_language_code":"","beyondwords_language_id":"","beyondwords_title_voice_id":"","beyondwords_body_voice_id":"","beyondwords_summary_voice_id":"","beyondwords_error_message":"","beyondwords_disabled":"","beyondwords_delete_content":"","beyondwords_podcast_id":"","beyondwords_hash":"","publish_post_to_speechkit":"","speechkit_hash":"","speechkit_generate_audio":"","speechkit_project_id":"","speechkit_podcast_id":"","speechkit_error_message":"","speechkit_disabled":"","speechkit_access_key":"","speechkit_error":"","speechkit_info":"","speechkit_response":"","speechkit_retries":"","speechkit_status":"","speechkit_updated_at":"","_speechkit_link":"","_speechkit_text":""},"class_list":["post-151803","etablissement","type-etablissement","status-publish","hentry","type-etablissement-pasticceria"],"acf":{"id_eta_scn":"","id_app_foodandgood":"","id_exponum":"","abo":[],"etoile_michelin":[],"titre_presentation":"La casa di Charles Schmitt","presentation":"Da oltre 40 anni, condividiamo con\n\nil nostro amore per la gastronomia e per il gusto \"vero\" e gourmet, senza additivi o elementi superflui.\n\nCharles SCHMITT \u00e8 un Maestro P\u00e2tissier dal 1981 e risiede a Colmar da oltre 30 anni. Da qualche anno \u00e8 stato affiancato dalla figlia e dal genero, quindi \u00e8 una grande storia di famiglia.\n\n \n\nInsieme, offrono una gamma di prodotti fatti in casa, realizzati nel rispetto delle tradizioni artigianali a loro care.\n\n\n\n Le parole d'ordine sono semplici:\n\nfai da te e fai bene.","types_prestation":false,"photo":124613,"photo_bis":124591,"photo_3":124561,"adresse":{"address":"P\u00e2tisserie Schmitt, Avenue de la R\u00e9publique, Colmar, France","lat":48.07670539999999,"lng":7.352165599999999,"zoom":7,"place_id":"ChIJ_W3XoN1lkUcRVDg3WiX40gw","name":"P\u00e2tisserie Schmitt","street_number":30,"street_name":"Avenue de la R\u00e9publique","street_name_short":"Av. de la R\u00e9publique","city":"Colmar","state":"Grand Est","post_code":68000,"country":"France","country_short":"FR"},"horaires":"Luned\u00ec: Chiuso\nMarted\u00ec: 07:00 - 19:00\nMercoled\u00ec: 07:00 - 19:00\nGioved\u00ec: 07:00 - 19:00\nVenerd\u00ec: 07:00 - 19:00\nSabato: 07:00 - 17:00\nDomenica: 07:00 - 12:30","tel":"03 89 41 23 29","boutons":[{"title":"Sito web","link":"http:\/\/www.patisserie-schmitt.com\/"}],"boutons_reservation":"","boutons_social":null,"articles":[{"title":"","text":"","image":""}]},"_links":{"self":[{"href":"https:\/\/foodandgood.fr\/it\/wp-json\/wp\/v2\/etablissement\/151803","targetHints":{"allow":["GET"]}}],"collection":[{"href":"https:\/\/foodandgood.fr\/it\/wp-json\/wp\/v2\/etablissement"}],"about":[{"href":"https:\/\/foodandgood.fr\/it\/wp-json\/wp\/v2\/types\/etablissement"}],"author":[{"embeddable":true,"href":"https:\/\/foodandgood.fr\/it\/wp-json\/wp\/v2\/users\/10"}],"replies":[{"embeddable":true,"href":"https:\/\/foodandgood.fr\/it\/wp-json\/wp\/v2\/comments?post=151803"}],"version-history":[{"count":0,"href":"https:\/\/foodandgood.fr\/it\/wp-json\/wp\/v2\/etablissement\/151803\/revisions"}],"wp:attachment":[{"href":"https:\/\/foodandgood.fr\/it\/wp-json\/wp\/v2\/media?parent=151803"}],"curies":[{"name":"wp","href":"https:\/\/api.w.org\/{rel}","templated":true}]}}

Pâtisserie Schmitt

Da oltre 40 anni, condividiamo con

il nostro amore per la gastronomia e per il gusto "vero" e gourmet, senza additivi o elementi superflui.

Charles SCHMITT è un Maestro Pâtissier dal 1981 e risiede a Colmar da oltre 30 anni. Da qualche anno è stato affiancato dalla figlia e dal genero, quindi è una grande storia di famiglia.

 

Insieme, offrono una gamma di prodotti fatti in casa, realizzati nel rispetto delle tradizioni artigianali a loro care.



 Le parole d'ordine sono semplici:

fai da te e fai bene.

Pâtisserie Schmitt, Avenue de la République, Colmar, France

Avenue de la République

Av. de la République

Lunedì: Chiuso
Martedì: 07:00 - 19:00
Mercoledì: 07:00 - 19:00
Giovedì: 07:00 - 19:00
Venerdì: 07:00 - 19:00
Sabato: 07:00 - 17:00
Domenica: 07:00 - 12:30
