 {"id":149725,"date":"2025-02-24T11:07:34","date_gmt":"2025-02-24T10:07:34","guid":{"rendered":"https:\/\/foodandgood.fr\/etablissement\/santuario-di-mont-sainte-odile\/"},"modified":"2025-04-14T12:18:51","modified_gmt":"2025-04-14T10:18:51","slug":"santuario-di-mont-sainte-odile","status":"publish","type":"etablissement","link":"https:\/\/foodandgood.fr\/it\/santuario-di-mont-sainte-odile\/","title":{"rendered":"Sanctuaire du Mont Sainte-Odile"},"excerpt":{"rendered":"","protected":false},"author":13,"comment_status":"closed","ping_status":"closed","template":"","meta":{"_acf_changed":false,"beyondwords_generate_audio":"","beyondwords_integration_method":"","beyondwords_project_id":"","beyondwords_content_id":"","beyondwords_preview_token":"","beyondwords_player_content":"","beyondwords_player_style":"","beyondwords_language_code":"","beyondwords_language_id":"","beyondwords_title_voice_id":"","beyondwords_body_voice_id":"","beyondwords_summary_voice_id":"","beyondwords_error_message":"","beyondwords_disabled":"","beyondwords_delete_content":"","beyondwords_podcast_id":"","beyondwords_hash":"","publish_post_to_speechkit":"","speechkit_hash":"","speechkit_generate_audio":"","speechkit_project_id":"","speechkit_podcast_id":"","speechkit_error_message":"","speechkit_disabled":"","speechkit_access_key":"","speechkit_error":"","speechkit_info":"","speechkit_response":"","speechkit_retries":"","speechkit_status":"","speechkit_updated_at":"","_speechkit_link":"","_speechkit_text":""},"class_list":["post-149725","etablissement","type-etablissement","status-publish","hentry","type-etablissement-la-cultura"],"acf":{"id_eta_scn":"","id_app_foodandgood":"","id_exponum":"","abo":[],"etoile_michelin":[],"titre_presentation":"Un sito spirituale e panoramico ricco di storia","presentation":"<p data-start=\"65\" data-end=\"482\">Arroccato a 763 metri di altezza, il Mont Sainte-Odile \u00e8 uno dei luoghi pi\u00f9 emblematici dell'Alsazia. Questo santuario, dedicato a Sainte Odile, patrona della regione, \u00e8 un importante luogo di pellegrinaggio oltre che un sito naturale di una bellezza mozzafiato. Dal momento in cui arrivi, il panorama sulla pianura alsaziana e sulla Foresta Nera \u00e8 mozzafiato e ti invita a rilassarti e a contemplare.  <\/p>\n<p data-start=\"65\" data-end=\"482\">Fondato nel Medioevo, questo monastero \u00e8 sopravvissuto ai secoli per diventare un simbolo spirituale e culturale. I visitatori possono scoprire la Cappella delle Lacrime, la Cappella degli Angeli e la famosa sorgente miracolosa, legata alla leggenda di Sainte Odile. Un vero e proprio viaggio nella storia e nella fede, in un ambiente naturale rilassante.  <\/p>","types_prestation":false,"photo":140559,"photo_bis":140527,"photo_3":140540,"adresse":{"address":"Sanctuaire du Mont Sainte Odile, Mont Sainte-Odile, Ottrott, France","lat":48.43764199999999,"lng":7.404859099999999,"zoom":7,"place_id":"ChIJJ2eN19NTkUcRXoB--MiKG9w","name":"Sanctuaire du Mont Sainte Odile","city":"Ottrott","state":"Grand Est","post_code":67530,"country":"France","country_short":"FR"},"horaires":"Luned\u00ec: 07:30 - 21:00\nMarted\u00ec: 07:30 - 21:00\nMercoled\u00ec: 07:30 - 21:00\nGioved\u00ec: 07:30 - 21:00\nVenerd\u00ec: 07:30 - 21:00\nSabato: 07:30 - 21:00\nDomenica: 07:30 - 21:00","tel":"03 88 95 80 53","boutons":[{"title":"Sito web","link":"https:\/\/www.mont-sainte-odile.com\/"}],"boutons_reservation":"","boutons_social":null,"articles":null},"_links":{"self":[{"href":"https:\/\/foodandgood.fr\/it\/wp-json\/wp\/v2\/etablissement\/149725","targetHints":{"allow":["GET"]}}],"collection":[{"href":"https:\/\/foodandgood.fr\/it\/wp-json\/wp\/v2\/etablissement"}],"about":[{"href":"https:\/\/foodandgood.fr\/it\/wp-json\/wp\/v2\/types\/etablissement"}],"author":[{"embeddable":true,"href":"https:\/\/foodandgood.fr\/it\/wp-json\/wp\/v2\/users\/13"}],"replies":[{"embeddable":true,"href":"https:\/\/foodandgood.fr\/it\/wp-json\/wp\/v2\/comments?post=149725"}],"version-history":[{"count":1,"href":"https:\/\/foodandgood.fr\/it\/wp-json\/wp\/v2\/etablissement\/149725\/revisions"}],"predecessor-version":[{"id":150338,"href":"https:\/\/foodandgood.fr\/it\/wp-json\/wp\/v2\/etablissement\/149725\/revisions\/150338"}],"wp:attachment":[{"href":"https:\/\/foodandgood.fr\/it\/wp-json\/wp\/v2\/media?parent=149725"}],"curies":[{"name":"wp","href":"https:\/\/api.w.org\/{rel}","templated":true}]}}

<p data-start="65" data-end="482">Arroccato a 763 metri di altezza, il Mont Sainte-Odile è uno dei luoghi più emblematici dell'Alsazia. Questo santuario, dedicato a Sainte Odile, patrona della regione, è un importante luogo di pellegrinaggio oltre che un sito naturale di una bellezza mozzafiato. Dal momento in cui arrivi, il panorama sulla pianura alsaziana e sulla Foresta Nera è mozzafiato e ti invita a rilassarti e a contemplare.  </p>
<p data-start="65" data-end="482">Fondato nel Medioevo, questo monastero è sopravvissuto ai secoli per diventare un simbolo spirituale e culturale. I visitatori possono scoprire la Cappella delle Lacrime, la Cappella degli Angeli e la famosa sorgente miracolosa, legata alla leggenda di Sainte Odile. Un vero e proprio viaggio nella storia e nella fede, in un ambiente naturale rilassante.  </p>

Lunedì: 07:30 - 21:00
Martedì: 07:30 - 21:00
Mercoledì: 07:30 - 21:00
Giovedì: 07:30 - 21:00
Venerdì: 07:30 - 21:00
Sabato: 07:30 - 21:00
Domenica: 07:30 - 21:00
