 {"id":117300,"date":"2024-09-17T11:14:56","date_gmt":"2024-09-17T09:14:56","guid":{"rendered":"https:\/\/foodandgood.fr\/etablissement\/le-comptoir-de-georges\/"},"modified":"2024-09-17T14:46:43","modified_gmt":"2024-09-17T12:46:43","slug":"le-comptoir-de-georges","status":"publish","type":"etablissement","link":"https:\/\/foodandgood.fr\/it\/le-comptoir-de-georges\/","title":{"rendered":"Le Comptoir de Georges"},"excerpt":{"rendered":"","protected":false},"author":6,"comment_status":"closed","ping_status":"closed","template":"","meta":{"_acf_changed":false,"beyondwords_generate_audio":"","beyondwords_integration_method":"","beyondwords_project_id":"","beyondwords_content_id":"","beyondwords_preview_token":"","beyondwords_player_content":"","beyondwords_player_style":"","beyondwords_language_code":"","beyondwords_language_id":"","beyondwords_title_voice_id":"","beyondwords_body_voice_id":"","beyondwords_summary_voice_id":"","beyondwords_error_message":"","beyondwords_disabled":"","beyondwords_delete_content":"","beyondwords_podcast_id":"","beyondwords_hash":"","publish_post_to_speechkit":"","speechkit_hash":"","speechkit_generate_audio":"","speechkit_project_id":"","speechkit_podcast_id":"","speechkit_error_message":"","speechkit_disabled":"","speechkit_access_key":"","speechkit_error":"","speechkit_info":"","speechkit_response":"","speechkit_retries":"","speechkit_status":"","speechkit_updated_at":"","_speechkit_link":"","_speechkit_text":""},"class_list":["post-117300","etablissement","type-etablissement","status-publish","hentry","type-etablissement-cucina-alsaziana","type-etablissement-cucina-francese"],"acf":{"id_eta_scn":"","id_app_foodandgood":"","id_exponum":"","abo":[],"etoile_michelin":[],"titre_presentation":"","presentation":"Situato nel cuore della Piccola Venezia di Colmar, Le Comptoir de Georges ti invita a gustare una cucina tradizionale a base di carne di macelleria e una serie di piatti tradizionali alsaziani.\nUna terrazza con vista sul fiume Petite Venise.\nIl meglio della cucina tradizionale alsaziana per soddisfare i buongustai pi\u00f9 esigenti.\nPuoi scegliere tra piatti caldi e freddi.\nQualunque sia la tua scelta, sarai sicuramente immerso nei sapori dell'Alsazia.\nE per godere al meglio del tuo pasto, non dimenticare di prenotare un posto a sedere sulla terrazza con vista sull'acqua.     ","types_prestation":false,"photo":null,"photo_bis":117358,"photo_3":117384,"adresse":{"address":"Le Comptoir de Georges, Place des 6 Montagnes Noires, Colmar, France","lat":48.073965,"lng":7.357012999999999,"zoom":7,"place_id":"ChIJ1S0nKeZlkUcRuhMEG9RqxYI","name":"Le Comptoir de Georges","street_number":1,"street_name":"Place des 6 Montagnes Noires","street_name_short":"Pl. des 6 Montagnes Noires","city":"Colmar","state":"Grand Est","post_code":68000,"country":"France","country_short":"FR"},"horaires":"Luned\u00ec: 12:00 - 16:00, 19:00 - 22:00 Marted\u00ec: 12:00 - 16:00, 19:00 - 22:00 Mercoled\u00ec: 12:00 - 16:00, 19:00 - 22:00 Gioved\u00ec: 12:00 - 16:00, 19:00 - 22:00 Venerd\u00ec: 12:00 - 16:00, 19:00 - 22:00 Sabato: 12:00 - 16:00, 19:00 - 22:00 Domenica: 12:00 - 16:00, 19:00 - 22:00","tel":"03 89 20 60 72","boutons":[{"title":"Sito web","link":"https:\/\/foodandgood.fr\/le-comptoir-de-georges"}],"boutons_reservation":"","boutons_social":null,"articles":[{"title":"","text":"<strong>All'interno del ristorante, scopri il banco di gastronomia da asporto<\/strong> Il ristorante Comptoirs si trova nei locali della storica macelleria e salumeria di Colmar creata da Georges Herrscher nel 1955.\nQui puoi acquistare prodotti di salumeria freschi e locali. <strong>Prodotti locali e catering a Colmar<\/strong> Il Comptoir de Georges charcuterie ti invita a scoprire un mondo di sapori autentici e di conoscenze tradizionali.\nPer questo appassionato salumiere \u00e8 un punto d'onore offrirti prodotti di alta qualit\u00e0, preparati con cura e nel rispetto della tradizione.\nUna selezione rigorosa dei migliori ingredienti per creare gustosi piatti di salumeria e gastronomia che delizieranno il tuo palato.   ","image":117304}]},"_links":{"self":[{"href":"https:\/\/foodandgood.fr\/it\/wp-json\/wp\/v2\/etablissement\/117300","targetHints":{"allow":["GET"]}}],"collection":[{"href":"https:\/\/foodandgood.fr\/it\/wp-json\/wp\/v2\/etablissement"}],"about":[{"href":"https:\/\/foodandgood.fr\/it\/wp-json\/wp\/v2\/types\/etablissement"}],"author":[{"embeddable":true,"href":"https:\/\/foodandgood.fr\/it\/wp-json\/wp\/v2\/users\/6"}],"replies":[{"embeddable":true,"href":"https:\/\/foodandgood.fr\/it\/wp-json\/wp\/v2\/comments?post=117300"}],"version-history":[{"count":1,"href":"https:\/\/foodandgood.fr\/it\/wp-json\/wp\/v2\/etablissement\/117300\/revisions"}],"predecessor-version":[{"id":117373,"href":"https:\/\/foodandgood.fr\/it\/wp-json\/wp\/v2\/etablissement\/117300\/revisions\/117373"}],"wp:attachment":[{"href":"https:\/\/foodandgood.fr\/it\/wp-json\/wp\/v2\/media?parent=117300"}],"curies":[{"name":"wp","href":"https:\/\/api.w.org\/{rel}","templated":true}]}}

Situato nel cuore della Piccola Venezia di Colmar, Le Comptoir de Georges ti invita a gustare una cucina tradizionale a base di carne di macelleria e una serie di piatti tradizionali alsaziani.
Una terrazza con vista sul fiume Petite Venise.
Il meglio della cucina tradizionale alsaziana per soddisfare i buongustai più esigenti.
Puoi scegliere tra piatti caldi e freddi.
Qualunque sia la tua scelta, sarai sicuramente immerso nei sapori dell'Alsazia.
E per godere al meglio del tuo pasto, non dimenticare di prenotare un posto a sedere sulla terrazza con vista sull'acqua.

Lunedì: 12:00 - 16:00, 19:00 - 22:00 Martedì: 12:00 - 16:00, 19:00 - 22:00 Mercoledì: 12:00 - 16:00, 19:00 - 22:00 Giovedì: 12:00 - 16:00, 19:00 - 22:00 Venerdì: 12:00 - 16:00, 19:00 - 22:00 Sabato: 12:00 - 16:00, 19:00 - 22:00 Domenica: 12:00 - 16:00, 19:00 - 22:00

<strong>All'interno del ristorante, scopri il banco di gastronomia da asporto</strong> Il ristorante Comptoirs si trova nei locali della storica macelleria e salumeria di Colmar creata da Georges Herrscher nel 1955.
Qui puoi acquistare prodotti di salumeria freschi e locali. <strong>Prodotti locali e catering a Colmar</strong> Il Comptoir de Georges charcuterie ti invita a scoprire un mondo di sapori autentici e di conoscenze tradizionali.
Per questo appassionato salumiere è un punto d'onore offrirti prodotti di alta qualità, preparati con cura e nel rispetto della tradizione.
Una selezione rigorosa dei migliori ingredienti per creare gustosi piatti di salumeria e gastronomia che delizieranno il tuo palato.
