 {"id":115721,"date":"2024-09-05T18:58:57","date_gmt":"2024-09-05T16:58:57","guid":{"rendered":"https:\/\/foodandgood.fr\/etablissement\/auberge-saint-walfrid\/"},"modified":"2024-09-05T18:58:57","modified_gmt":"2024-09-05T16:58:57","slug":"auberge-saint-walfrid","status":"publish","type":"etablissement","link":"https:\/\/foodandgood.fr\/it\/auberge-saint-walfrid\/","title":{"rendered":"Auberge Saint-Walfrid"},"excerpt":{"rendered":"","protected":false},"author":14,"comment_status":"closed","ping_status":"closed","template":"","meta":{"_acf_changed":false,"beyondwords_generate_audio":"","beyondwords_integration_method":"","beyondwords_project_id":"","beyondwords_content_id":"","beyondwords_preview_token":"","beyondwords_player_content":"","beyondwords_player_style":"","beyondwords_language_code":"","beyondwords_language_id":"","beyondwords_title_voice_id":"","beyondwords_body_voice_id":"","beyondwords_summary_voice_id":"","beyondwords_error_message":"","beyondwords_disabled":"","beyondwords_delete_content":"","beyondwords_podcast_id":"","beyondwords_hash":"","publish_post_to_speechkit":"","speechkit_hash":"","speechkit_generate_audio":"","speechkit_project_id":"","speechkit_podcast_id":"","speechkit_error_message":"","speechkit_disabled":"","speechkit_access_key":"","speechkit_error":"","speechkit_info":"","speechkit_response":"","speechkit_retries":"","speechkit_status":"","speechkit_updated_at":"","_speechkit_link":"","_speechkit_text":""},"class_list":["post-115721","etablissement","type-etablissement","status-publish","hentry","type-etablissement-cucina-gastronomica","type-etablissement-tabella-eccezionale"],"acf":{"id_eta_scn":"","id_app_foodandgood":"","id_exponum":"","abo":[],"etoile_michelin":[],"titre_presentation":"Cucina raffinata  ","presentation":"Il ristorante dell'Auberge Saint-Walfrid dispone di due sale da pranzo decorate con terracotta di Sarreguemines e cristallo di Saint-Louis.\nLa raffinata cucina di St\u00e9phan Schneider comprende piatti tradizionali della Lorena, rivisitati e modernizzati.\nQuando il tempo \u00e8 bello, approfitta della bella terrazza ombreggiata che si affaccia sul parco alberato.    \u00a0","types_prestation":false,"photo":null,"photo_bis":115029,"photo_3":115041,"adresse":{"address":"Auberge Saint Walfrid H\u00f4tel Restaurant & Spa, Rue de Grosbliederstroff, Sarreguemines, France","lat":49.11468800000001,"lng":7.045217,"zoom":7,"place_id":"ChIJb3wI4ZlKlEcR7f3ARAqIoJw","name":"Auberge Saint Walfrid H\u00f4tel Restaurant & Spa","street_number":58,"street_name":"Rue de Grosbliederstroff","city":"Sarreguemines","state":"Grand Est","post_code":57200,"country":"France","country_short":"FR"},"horaires":"Luned\u00ec: Chiuso Marted\u00ec: 19:00 - 21:30 Mercoled\u00ec: 12:00 - 13:30, 19:00 - 21:30 Gioved\u00ec: 12:00 - 13:30, 19:00 - 21:30 Venerd\u00ec: 12:00 - 13:30, 19:00 - 21:30 Sabato: 12:00 - 13:30, 19:00 - 21:30 Domenica: 12:00 - 13:30","tel":"03 87 98 43 75","boutons":[{"title":"Sito web","link":"https:\/\/mymenuweb.com\/fr\/restaurants\/217124\/?utm_source=google_profile&utm_medium=google_profile&utm_campaign=admin"},{"title":"","link":"https:\/\/www.stwalfrid.fr\/fr\/"}],"boutons_reservation":"","boutons_social":null,"articles":[{"title":"","text":"Fedele allo spirito di suo padre, difensore delle tradizioni familiari e del patrimonio della sua citt\u00e0, Stephan Schneider rimane aperto alle nuove tecnologie e tendenze.\nIncorpora prodotti provenienti da altri paesi senza perdere il gusto per l'autentico.\nI piatti esprimono tutta la generosit\u00e0 di quest'uomo dal cuore gentile che si impegna a trasmettere le sue conoscenze.\nLa sua cucina creativa si basa sui prodotti locali e rispetta le stagioni.\nAmante del vino e con un'inclinazione non celata per i vigneti della Borgogna, la sua superba cantina \u00e8 un tributo a Bacco.    ","image":115022}]},"_links":{"self":[{"href":"https:\/\/foodandgood.fr\/it\/wp-json\/wp\/v2\/etablissement\/115721","targetHints":{"allow":["GET"]}}],"collection":[{"href":"https:\/\/foodandgood.fr\/it\/wp-json\/wp\/v2\/etablissement"}],"about":[{"href":"https:\/\/foodandgood.fr\/it\/wp-json\/wp\/v2\/types\/etablissement"}],"author":[{"embeddable":true,"href":"https:\/\/foodandgood.fr\/it\/wp-json\/wp\/v2\/users\/14"}],"replies":[{"embeddable":true,"href":"https:\/\/foodandgood.fr\/it\/wp-json\/wp\/v2\/comments?post=115721"}],"version-history":[{"count":0,"href":"https:\/\/foodandgood.fr\/it\/wp-json\/wp\/v2\/etablissement\/115721\/revisions"}],"wp:attachment":[{"href":"https:\/\/foodandgood.fr\/it\/wp-json\/wp\/v2\/media?parent=115721"}],"curies":[{"name":"wp","href":"https:\/\/api.w.org\/{rel}","templated":true}]}}

Il ristorante dell'Auberge Saint-Walfrid dispone di due sale da pranzo decorate con terracotta di Sarreguemines e cristallo di Saint-Louis.
La raffinata cucina di Stéphan Schneider comprende piatti tradizionali della Lorena, rivisitati e modernizzati.
Quando il tempo è bello, approfitta della bella terrazza ombreggiata che si affaccia sul parco alberato.

Auberge Saint Walfrid Hôtel Restaurant & Spa, Rue de Grosbliederstroff, Sarreguemines, France

Auberge Saint Walfrid Hôtel Restaurant & Spa

Lunedì: Chiuso Martedì: 19:00 - 21:30 Mercoledì: 12:00 - 13:30, 19:00 - 21:30 Giovedì: 12:00 - 13:30, 19:00 - 21:30 Venerdì: 12:00 - 13:30, 19:00 - 21:30 Sabato: 12:00 - 13:30, 19:00 - 21:30 Domenica: 12:00 - 13:30

Fedele allo spirito di suo padre, difensore delle tradizioni familiari e del patrimonio della sua città, Stephan Schneider rimane aperto alle nuove tecnologie e tendenze.
Incorpora prodotti provenienti da altri paesi senza perdere il gusto per l'autentico.
I piatti esprimono tutta la generosità di quest'uomo dal cuore gentile che si impegna a trasmettere le sue conoscenze.
La sua cucina creativa si basa sui prodotti locali e rispetta le stagioni.
Amante del vino e con un'inclinazione non celata per i vigneti della Borgogna, la sua superba cantina è un tributo a Bacco.
