 {"id":115709,"date":"2024-09-05T18:53:43","date_gmt":"2024-09-05T16:53:43","guid":{"rendered":"https:\/\/foodandgood.fr\/etablissement\/il-cervo\/"},"modified":"2024-09-05T18:53:43","modified_gmt":"2024-09-05T16:53:43","slug":"il-cervo","status":"publish","type":"etablissement","link":"https:\/\/foodandgood.fr\/it\/il-cervo\/","title":{"rendered":"Le Cerf"},"excerpt":{"rendered":"","protected":false},"author":14,"comment_status":"closed","ping_status":"closed","template":"","meta":{"_acf_changed":false,"beyondwords_generate_audio":"","beyondwords_integration_method":"","beyondwords_project_id":"","beyondwords_content_id":"","beyondwords_preview_token":"","beyondwords_player_content":"","beyondwords_player_style":"","beyondwords_language_code":"","beyondwords_language_id":"","beyondwords_title_voice_id":"","beyondwords_body_voice_id":"","beyondwords_summary_voice_id":"","beyondwords_error_message":"","beyondwords_disabled":"","beyondwords_delete_content":"","beyondwords_podcast_id":"","beyondwords_hash":"","publish_post_to_speechkit":"","speechkit_hash":"","speechkit_generate_audio":"","speechkit_project_id":"","speechkit_podcast_id":"","speechkit_error_message":"","speechkit_disabled":"","speechkit_access_key":"","speechkit_error":"","speechkit_info":"","speechkit_response":"","speechkit_retries":"","speechkit_status":"","speechkit_updated_at":"","_speechkit_link":"","_speechkit_text":""},"class_list":["post-115709","etablissement","type-etablissement","status-publish","hentry","type-etablissement-cucina-gastronomica","type-etablissement-tabella-eccezionale"],"acf":{"id_eta_scn":"","id_app_foodandgood":"","id_exponum":"","abo":[],"etoile_michelin":[],"titre_presentation":"Sapori che sanno di benessere!","presentation":"Alle porte della strada del vino, 20 km a ovest di Strasburgo, Le Cerf continua a scrivere la sua storia in questo affascinante edificio alsaziano, premiato con stelle Michelin dal 1936.\nCon le sue solide basi, Joel Philipps crea una cucina che fonde tradizione e modernit\u00e0, con una padronanza della tecnica che privilegia i prodotti di stagione di qualit\u00e0.\nQui, ai piedi dei vigneti Grands Crus, la famiglia Husser coltiva il suo senso dell'ospitalit\u00e0.  ","types_prestation":false,"photo":null,"photo_bis":115309,"photo_3":115315,"adresse":{"address":"Le Cerf Restaurant - Marlenheim, Rue du G\u00e9n\u00e9ral de Gaulle, Marlenheim, France","lat":48.6210031,"lng":7.493637,"zoom":7,"place_id":"ChIJazaQfpSvlkcRIKpPhnujeg0","name":"Le Cerf Restaurant - Marlenheim","street_number":30,"street_name":"Rue du G\u00e9n\u00e9ral de Gaulle","city":"Marlenheim","state":"Grand Est","post_code":67520,"country":"France","country_short":"FR"},"horaires":"Luned\u00ec: 12:00 - 13:30, 19:00 - 20:30 Marted\u00ec: Chiuso Mercoled\u00ec: Chiuso Gioved\u00ec: 12:00 - 13:30, 19:00 - 20:30 Venerd\u00ec: 12:00 - 13:30, 19:00 - 20:30 Sabato: 12:00 - 13:30, 19:00 - 20:30 Domenica: 12:00 - 13:30, 19:00 - 20:30","tel":"03 88 87 73 73","boutons":[{"title":"Sito web","link":"https:\/\/www.lecerf.com\/"}],"boutons_reservation":"","boutons_social":null,"articles":[{"title":"","text":"Jo\u00ebl Philipps \u00e8 uno chef di talento a capo del ristorante Le Cerf di Marlenheim, in Alsazia, Francia.\nLe Cerf \u00e8 un'istituzione gastronomica che celebra la cucina alsaziana con un tocco contemporaneo.\nJo\u00ebl Philipps, con la sua grande esperienza e passione per la cucina, propone piatti creativi con prodotti locali e di stagione.\nIl suo approccio culinario \u00e8 caratterizzato da un equilibrio tra tradizione e modernit\u00e0, combinando tecniche classiche con sottili innovazioni.   ","image":115380}]},"_links":{"self":[{"href":"https:\/\/foodandgood.fr\/it\/wp-json\/wp\/v2\/etablissement\/115709","targetHints":{"allow":["GET"]}}],"collection":[{"href":"https:\/\/foodandgood.fr\/it\/wp-json\/wp\/v2\/etablissement"}],"about":[{"href":"https:\/\/foodandgood.fr\/it\/wp-json\/wp\/v2\/types\/etablissement"}],"author":[{"embeddable":true,"href":"https:\/\/foodandgood.fr\/it\/wp-json\/wp\/v2\/users\/14"}],"replies":[{"embeddable":true,"href":"https:\/\/foodandgood.fr\/it\/wp-json\/wp\/v2\/comments?post=115709"}],"version-history":[{"count":0,"href":"https:\/\/foodandgood.fr\/it\/wp-json\/wp\/v2\/etablissement\/115709\/revisions"}],"wp:attachment":[{"href":"https:\/\/foodandgood.fr\/it\/wp-json\/wp\/v2\/media?parent=115709"}],"curies":[{"name":"wp","href":"https:\/\/api.w.org\/{rel}","templated":true}]}}

Alle porte della strada del vino, 20 km a ovest di Strasburgo, Le Cerf continua a scrivere la sua storia in questo affascinante edificio alsaziano, premiato con stelle Michelin dal 1936.
Con le sue solide basi, Joel Philipps crea una cucina che fonde tradizione e modernità, con una padronanza della tecnica che privilegia i prodotti di stagione di qualità.
Qui, ai piedi dei vigneti Grands Crus, la famiglia Husser coltiva il suo senso dell'ospitalità.

Le Cerf Restaurant - Marlenheim, Rue du Général de Gaulle, Marlenheim, France

Rue du Général de Gaulle

Lunedì: 12:00 - 13:30, 19:00 - 20:30 Martedì: Chiuso Mercoledì: Chiuso Giovedì: 12:00 - 13:30, 19:00 - 20:30 Venerdì: 12:00 - 13:30, 19:00 - 20:30 Sabato: 12:00 - 13:30, 19:00 - 20:30 Domenica: 12:00 - 13:30, 19:00 - 20:30

Joël Philipps è uno chef di talento a capo del ristorante Le Cerf di Marlenheim, in Alsazia, Francia.
Le Cerf è un'istituzione gastronomica che celebra la cucina alsaziana con un tocco contemporaneo.
Joël Philipps, con la sua grande esperienza e passione per la cucina, propone piatti creativi con prodotti locali e di stagione.
Il suo approccio culinario è caratterizzato da un equilibrio tra tradizione e modernità, combinando tecniche classiche con sottili innovazioni.
