 {"id":114826,"date":"2024-09-04T18:23:42","date_gmt":"2024-09-04T16:23:42","guid":{"rendered":"https:\/\/foodandgood.fr\/etablissement\/brasserie-tumulte\/"},"modified":"2024-09-11T08:24:20","modified_gmt":"2024-09-11T06:24:20","slug":"brasserie-tumulte","status":"publish","type":"etablissement","link":"https:\/\/foodandgood.fr\/it\/brasserie-tumulte\/","title":{"rendered":"Brasserie Tumulte"},"excerpt":{"rendered":"","protected":false},"author":1,"comment_status":"closed","ping_status":"closed","template":"","meta":{"_acf_changed":false,"beyondwords_generate_audio":"","beyondwords_integration_method":"","beyondwords_project_id":"","beyondwords_content_id":"","beyondwords_preview_token":"","beyondwords_player_content":"","beyondwords_player_style":"","beyondwords_language_code":"","beyondwords_language_id":"","beyondwords_title_voice_id":"","beyondwords_body_voice_id":"","beyondwords_summary_voice_id":"","beyondwords_error_message":"","beyondwords_disabled":"","beyondwords_delete_content":"","beyondwords_podcast_id":"","beyondwords_hash":"","publish_post_to_speechkit":"","speechkit_hash":"","speechkit_generate_audio":"","speechkit_project_id":"","speechkit_podcast_id":"","speechkit_error_message":"","speechkit_disabled":"","speechkit_access_key":"","speechkit_error":"","speechkit_info":"","speechkit_response":"","speechkit_retries":"","speechkit_status":"","speechkit_updated_at":"","_speechkit_link":"","_speechkit_text":""},"class_list":["post-114826","etablissement","type-etablissement","status-publish","has-post-thumbnail","hentry","type-etablissement-birrificio-artigianale"],"acf":{"id_eta_scn":"","id_app_foodandgood":"","id_exponum":"","abo":[],"etoile_michelin":[],"titre_presentation":"Birrificio artigianale in Lorena","presentation":"<p>Una birra \u00e8 soprattutto un desiderio, un'idea, un progetto.<\/p>\n<p>La Tumulte \u00e8 un birrificio di campagna che lavora a livello locale, direttamente e con orgoglio.\nTutte le vendite vengono effettuate attraverso canali di distribuzione brevi. <\/p>\n<p>Le nostre birre sono pensate per un consumo quotidiano senza compromessi.\nLe ricette sono state accuratamente studiate per produrre birre originali e decise che possono essere gustate con parsimonia.\nLa maggior parte delle nostre birre \u00e8 certificata come biologica.\nBuon divertimento!   <\/p>\n<p>Attraverso questo progetto, cerchiamo anche di costruire un mondo libero, equo e pacifico.\nFacciamo del nostro meglio per sostenere le iniziative locali che ci interessano. <\/p>\n<p>\u00a0<\/p>\n","types_prestation":false,"photo":116692,"photo_bis":116697,"photo_3":116702,"adresse":{"address":"Brasserie Tumulte, Grande Rue, Magni\u00e8res, France","lat":48.4471977,"lng":6.5636219,"zoom":7,"place_id":"ChIJVVVFf9mDk0cRFx4530On7Fw","name":"Brasserie Tumulte","street_number":19,"street_name":"Grande Rue","city":"Magni\u00e8res","state":"Grand Est","post_code":54129,"country":"France","country_short":"FR"},"horaires":"<p><br><br> Mercoled\u00ec: 17:00 - 19:00 Venerd\u00ec: 17:00 - 19:00 Non appena la porta \u00e8 aperta.<\/p>\n","tel":"","boutons":[{"title":"Sito web","link":"http:\/\/www.brasserietumulte.fr\/"}],"boutons_reservation":"","boutons_social":null,"articles":[{"title":"","text":"","image":""}]},"_links":{"self":[{"href":"https:\/\/foodandgood.fr\/it\/wp-json\/wp\/v2\/etablissement\/114826","targetHints":{"allow":["GET"]}}],"collection":[{"href":"https:\/\/foodandgood.fr\/it\/wp-json\/wp\/v2\/etablissement"}],"about":[{"href":"https:\/\/foodandgood.fr\/it\/wp-json\/wp\/v2\/types\/etablissement"}],"author":[{"embeddable":true,"href":"https:\/\/foodandgood.fr\/it\/wp-json\/wp\/v2\/users\/1"}],"replies":[{"embeddable":true,"href":"https:\/\/foodandgood.fr\/it\/wp-json\/wp\/v2\/comments?post=114826"}],"version-history":[{"count":1,"href":"https:\/\/foodandgood.fr\/it\/wp-json\/wp\/v2\/etablissement\/114826\/revisions"}],"predecessor-version":[{"id":114830,"href":"https:\/\/foodandgood.fr\/it\/wp-json\/wp\/v2\/etablissement\/114826\/revisions\/114830"}],"wp:featuredmedia":[{"embeddable":true,"href":"https:\/\/foodandgood.fr\/it\/wp-json\/wp\/v2\/media\/116692"}],"wp:attachment":[{"href":"https:\/\/foodandgood.fr\/it\/wp-json\/wp\/v2\/media?parent=114826"}],"curies":[{"name":"wp","href":"https:\/\/api.w.org\/{rel}","templated":true}]}}

<p>Una birra è soprattutto un desiderio, un'idea, un progetto.</p>
<p>La Tumulte è un birrificio di campagna che lavora a livello locale, direttamente e con orgoglio.
Tutte le vendite vengono effettuate attraverso canali di distribuzione brevi. </p>
<p>Le nostre birre sono pensate per un consumo quotidiano senza compromessi.
Le ricette sono state accuratamente studiate per produrre birre originali e decise che possono essere gustate con parsimonia.
La maggior parte delle nostre birre è certificata come biologica.
Buon divertimento!   </p>
<p>Attraverso questo progetto, cerchiamo anche di costruire un mondo libero, equo e pacifico.
Facciamo del nostro meglio per sostenere le iniziative locali che ci interessano. </p>
<p> </p>

Brasserie Tumulte, Grande Rue, Magnières, France

Magnières

<p><br><br> Mercoledì: 17:00 - 19:00 Venerdì: 17:00 - 19:00 Non appena la porta è aperta.</p>
