 {"id":114709,"date":"2024-09-04T17:35:19","date_gmt":"2024-09-04T15:35:19","guid":{"rendered":"https:\/\/foodandgood.fr\/etablissement\/au-palais-des-abeilles\/"},"modified":"2024-09-05T18:40:43","modified_gmt":"2024-09-05T16:40:43","slug":"au-palais-des-abeilles","status":"publish","type":"etablissement","link":"https:\/\/foodandgood.fr\/it\/au-palais-des-abeilles\/","title":{"rendered":"Au Palais Des Abeilles"},"excerpt":{"rendered":"","protected":false},"author":1,"comment_status":"closed","ping_status":"closed","template":"","meta":{"_acf_changed":false,"beyondwords_generate_audio":"","beyondwords_integration_method":"","beyondwords_project_id":"","beyondwords_content_id":"","beyondwords_preview_token":"","beyondwords_player_content":"","beyondwords_player_style":"","beyondwords_language_code":"","beyondwords_language_id":"","beyondwords_title_voice_id":"","beyondwords_body_voice_id":"","beyondwords_summary_voice_id":"","beyondwords_error_message":"","beyondwords_disabled":"","beyondwords_delete_content":"","beyondwords_podcast_id":"","beyondwords_hash":"","publish_post_to_speechkit":"","speechkit_hash":"","speechkit_generate_audio":"","speechkit_project_id":"","speechkit_podcast_id":"","speechkit_error_message":"","speechkit_disabled":"","speechkit_access_key":"","speechkit_error":"","speechkit_info":"","speechkit_response":"","speechkit_retries":"","speechkit_status":"","speechkit_updated_at":"","_speechkit_link":"","_speechkit_text":""},"class_list":["post-114709","etablissement","type-etablissement","status-publish","has-post-thumbnail","hentry","type-etablissement-prodotti-locali"],"acf":{"id_eta_scn":"","id_app_foodandgood":"","id_exponum":51058,"abo":["GRAT"],"etoile_michelin":[],"titre_presentation":"Al Palazzo delle Api, tutte le api sono regine","presentation":"Questa azienda a conduzione familiare produce miele francese artigianale a Rozi\u00e8res-sur-Mouzon, vicino a Vittel nei Vosgi.\nCome apicoltori, offrono mieli deliziosi ed etici, raccolti e imbottigliati da noi.\nPuoi trovare i prodotti dell'alveare e una gamma di mieli dell'apicoltore nel Bas-Rhin (67), nel negozio di Mittelbergheim!\nA Le Palais des Abeilles facciamo tutto il possibile per proteggere il benessere e la sopravvivenza a lungo termine delle api.\nAl di l\u00e0 delle preoccupazioni degli apicoltori, le api sono soprattutto i custodi della biodiversit\u00e0 per le generazioni future.\nPer prenderci cura della loro salute e della tua, gli alveari sono situati nel cuore di un ambiente sano e incontaminato.\nI nostri apiari sono distribuiti nella regione dei Trois Pays (Vosges, Haute-Sa\u00f4ne e Haute-Marne) e sulle montagne dei Vosgi.\nQuesto ambiente eccezionale permette alle api di foraggiarsi in ampi spazi naturali, senza i pesticidi utilizzati nelle aree di coltivazione intensiva.\nQuesto approccio \u00e8 in linea con i nostri valori e ci permette di offrirti un miele autentico, gustoso e responsabile.        ","types_prestation":false,"photo":115661,"photo_bis":115662,"photo_3":115663,"adresse":{"address":"Au Palais Des Abeilles, Rue Rotland, Mittelbergheim, France","lat":48.3969086,"lng":7.441744399999999,"zoom":7,"place_id":"ChIJGUOtvPVRkUcRCsUMSCELbRA","name":"Au Palais Des Abeilles","street_number":11,"street_name":"Rue Rotland","city":"Mittelbergheim","state":"Grand Est","post_code":67140,"country":"France","country_short":"FR"},"horaires":"Luned\u00ec: 08:30 - 19:30 Marted\u00ec: 09:00 - 19:00 Mercoled\u00ec: 09:00 - 19:00 Gioved\u00ec: 09:00 - 17:00 Venerd\u00ec: 09:00 - 19:00 Sabato: 09:00 - 19:00 Domenica: 09:00 - 19:00","tel":"06 28 73 64 93","boutons":[{"title":"Sito web","link":"https:\/\/www.aupalaisdesabeilles.com\/"}],"boutons_reservation":"","boutons_social":null,"articles":[{"title":"","text":"","image":""}]},"_links":{"self":[{"href":"https:\/\/foodandgood.fr\/it\/wp-json\/wp\/v2\/etablissement\/114709","targetHints":{"allow":["GET"]}}],"collection":[{"href":"https:\/\/foodandgood.fr\/it\/wp-json\/wp\/v2\/etablissement"}],"about":[{"href":"https:\/\/foodandgood.fr\/it\/wp-json\/wp\/v2\/types\/etablissement"}],"author":[{"embeddable":true,"href":"https:\/\/foodandgood.fr\/it\/wp-json\/wp\/v2\/users\/1"}],"replies":[{"embeddable":true,"href":"https:\/\/foodandgood.fr\/it\/wp-json\/wp\/v2\/comments?post=114709"}],"version-history":[{"count":1,"href":"https:\/\/foodandgood.fr\/it\/wp-json\/wp\/v2\/etablissement\/114709\/revisions"}],"predecessor-version":[{"id":115673,"href":"https:\/\/foodandgood.fr\/it\/wp-json\/wp\/v2\/etablissement\/114709\/revisions\/115673"}],"wp:featuredmedia":[{"embeddable":true,"href":"https:\/\/foodandgood.fr\/it\/wp-json\/wp\/v2\/media\/114650"}],"wp:attachment":[{"href":"https:\/\/foodandgood.fr\/it\/wp-json\/wp\/v2\/media?parent=114709"}],"curies":[{"name":"wp","href":"https:\/\/api.w.org\/{rel}","templated":true}]}}

Questa azienda a conduzione familiare produce miele francese artigianale a Rozières-sur-Mouzon, vicino a Vittel nei Vosgi.
Come apicoltori, offrono mieli deliziosi ed etici, raccolti e imbottigliati da noi.
Puoi trovare i prodotti dell'alveare e una gamma di mieli dell'apicoltore nel Bas-Rhin (67), nel negozio di Mittelbergheim!
A Le Palais des Abeilles facciamo tutto il possibile per proteggere il benessere e la sopravvivenza a lungo termine delle api.
Al di là delle preoccupazioni degli apicoltori, le api sono soprattutto i custodi della biodiversità per le generazioni future.
Per prenderci cura della loro salute e della tua, gli alveari sono situati nel cuore di un ambiente sano e incontaminato.
I nostri apiari sono distribuiti nella regione dei Trois Pays (Vosges, Haute-Saône e Haute-Marne) e sulle montagne dei Vosgi.
Questo ambiente eccezionale permette alle api di foraggiarsi in ampi spazi naturali, senza i pesticidi utilizzati nelle aree di coltivazione intensiva.
Questo approccio è in linea con i nostri valori e ci permette di offrirti un miele autentico, gustoso e responsabile.

Lunedì: 08:30 - 19:30 Martedì: 09:00 - 19:00 Mercoledì: 09:00 - 19:00 Giovedì: 09:00 - 17:00 Venerdì: 09:00 - 19:00 Sabato: 09:00 - 19:00 Domenica: 09:00 - 19:00
