 {"id":114404,"date":"2024-09-03T11:12:35","date_gmt":"2024-09-03T09:12:35","guid":{"rendered":"https:\/\/foodandgood.fr\/etablissement\/larnsbourg\/"},"modified":"2024-09-03T11:12:35","modified_gmt":"2024-09-03T09:12:35","slug":"larnsbourg","status":"publish","type":"etablissement","link":"https:\/\/foodandgood.fr\/it\/larnsbourg\/","title":{"rendered":"L'Arnsbourg"},"excerpt":{"rendered":"","protected":false},"author":14,"comment_status":"closed","ping_status":"closed","template":"","meta":{"_acf_changed":false,"beyondwords_generate_audio":"","beyondwords_integration_method":"","beyondwords_project_id":"","beyondwords_content_id":"","beyondwords_preview_token":"","beyondwords_player_content":"","beyondwords_player_style":"","beyondwords_language_code":"","beyondwords_language_id":"","beyondwords_title_voice_id":"","beyondwords_body_voice_id":"","beyondwords_summary_voice_id":"","beyondwords_error_message":"","beyondwords_disabled":"","beyondwords_delete_content":"","beyondwords_podcast_id":"","beyondwords_hash":"","publish_post_to_speechkit":"","speechkit_hash":"","speechkit_generate_audio":"","speechkit_project_id":"","speechkit_podcast_id":"","speechkit_error_message":"","speechkit_disabled":"","speechkit_access_key":"","speechkit_error":"","speechkit_info":"","speechkit_response":"","speechkit_retries":"","speechkit_status":"","speechkit_updated_at":"","_speechkit_link":"","_speechkit_text":""},"class_list":["post-114404","etablissement","type-etablissement","status-publish","hentry","type-etablissement-cucina-gastronomica","type-etablissement-table-dexception"],"acf":{"id_eta_scn":"","id_app_foodandgood":"","id_exponum":"","abo":[],"etoile_michelin":[],"titre_presentation":"Il ristorante gourmet Arnsbourg","presentation":"La sontuosa Maison de L'Arnsbourg sorge nel mezzo di una natura lussureggiante.\nVera e propria istituzione tramandata di generazione in generazione dalla famiglia Klein, L'Arnsbourg \u00e8 uno dei ristoranti pi\u00f9 stellati di Francia.\nMeta obbligata per i viaggiatori in cerca di eccellenza, emozioni e serenit\u00e0, questa istituzione della Lorena si \u00e8 unita alla famiglia Laure e Fabien Mengus nell'agosto 2016, aggiungendo una dimensione sensoriale senza precedenti.\nA immagine della coppia, la tavola rivaleggia in eccellenza, poesia e precisione.\nL'audacia dei trentenni si unisce all'umilt\u00e0 e al rispetto per questa tavola emblematica.\nCi sediamo con emozione e ce ne andiamo con la promessa di tornare.\nLa maestosa sala da pranzo ha ricevuto una nuova vita.\nI rivestimenti in legno sono stati sostituiti da toni contemporanei, come se si volesse apprezzare meglio il lussureggiante ambiente naturale che si pu\u00f2 ammirare con impareggiabile generosit\u00e0 attraverso le numerose finestre a golfo.\nIl servizio in sala \u00e8 impeccabile, proprio come la raffinata e impareggiabile delicatezza di Laure Mengus.\nLa carta dei vini \u00e8 straordinaria per profondit\u00e0 e ricchezza.\nI piatti tipici dello chef Mengus, come la trilogia di Foie Gras o la declinazione di scampi, assumono qui una dimensione del tutto nuova.\nQui, la firma dello chef Mengus si combina con una nuova audacia, giusta e armoniosa.           ","types_prestation":false,"photo":null,"photo_bis":114086,"photo_3":114092,"adresse":{"address":"l'Arnsbourg, Untermuhlthal, Baerenthal, France","lat":48.950154,"lng":7.544255,"zoom":10,"place_id":"ChIJk43l-OKElkcRRW-RZdxe4lg","name":"l'Arnsbourg","street_number":18,"street_name":"Untermuhlthal","city":"Baerenthal","state":"Grand Est","post_code":57230,"country":"France","country_short":"FR"},"horaires":"Luned\u00ec: Chiuso Marted\u00ec: Chiuso Mercoled\u00ec: 19:15 - 21:00 Gioved\u00ec: 12:00 - 13:30, 19:15 - 21:00 Venerd\u00ec: 12:00 - 13:30, 19:15 - 21:00 Sabato: 12:00 - 13:30, 19:15 - 21:00 Domenica: 12:00 - 13:30, 19:15 - 21:00","tel":"03 87 06 50 85","boutons":[{"title":"Sito web","link":"https:\/\/www.arnsbourg.com\/fr\/"}],"boutons_reservation":"","boutons_social":null,"articles":[{"title":"","text":"Fabien Mengus ha iniziato la sua carriera con Fran\u00e7ois Golla al B\u0153uf Rouge di Niederschaeffolsheim.\nDopo essersi diplomato, si \u00e8 subito trasferito ad Ascona, in Svizzera, dove ha lavorato presso il famoso Castelo Del Sol Relais & Ch\u00e2teaux.\nQualche anno dopo, nel 2001, \u00e8 tornato in patria e si \u00e8 unito al team dello chef Fran\u00e7ois Paul presso Le Cygne a Gundershoffen, come Chef de Partie Poisson.\nQuando arriv\u00f2, il ristorante aveva gi\u00e0 una stella nella Guida Michelin e lui e il team fecero di tutto per ottenere la seconda stella, che fu assegnata nel 2005.\nIl talento e la forte personalit\u00e0 di Fabien stupirono Monsieur Paul, che vide in lui un enorme potenziale.\nNel 2008, la famiglia Mengus decise di unire il proprio destino a quello di Le Cygne firmando una promessa di vendita di 3 anni.\nL'acquisto \u00e8 stato siglato nel 2011 e lo Chef, circondato da una brigata che gi\u00e0 conosceva bene, ha confermato la seconda stella la stagione successiva, nel marzo 2012.\nNel corso degli anni, lo Chef ha perseguito la sua ricerca dell'eccellenza, collaborando con la moglie per sviluppare un progetto tanto audace quanto ambizioso.\nNell'aprile 2016, dopo diversi mesi di trattative, Fabien e Laure Mengus hanno concluso l'acquisizione del prestigioso ristorante L'Arnsbourg.\nPer questo chef originario della regione, estendere il suo territorio di espressione alla Lorena e trarre ispirazione dall'Europa orientale e settentrionale \u00e8 fonte di infinita creativit\u00e0.\nPer quasi 4 mesi, lo chef ha domato, abbozzato e messo a punto un menu tanto sensoriale quanto accurato per questo ristorante che ha ottenuto tre stelle.\nAllo stesso tempo, ha dato il tocco finale a un progetto di lunga data: creare un'esperienza raffinata, gourmet e accessibile trasformando Le Cygne in un ristorante bistronomico elegante e senza fronzoli.\nPer Fabien Mengus, stagionalit\u00e0 fa rima con emozione.\nCon il passare dei mesi e lo svolgersi degli eterni cicli della natura, i prodotti offrono colori, sapori e consistenze diverse, promettendo sensazioni sempre nuove.\nLo Chef stellato sceglie questi prodotti con cura e passione, sublimandoli con la sua personale creativit\u00e0.\nOgni men\u00f9 creato dallo Chef ha una sua particolare poesia... ma sempre all'insegna dell'autenticit\u00e0 e del rispetto.               ","image":114101}]},"_links":{"self":[{"href":"https:\/\/foodandgood.fr\/it\/wp-json\/wp\/v2\/etablissement\/114404","targetHints":{"allow":["GET"]}}],"collection":[{"href":"https:\/\/foodandgood.fr\/it\/wp-json\/wp\/v2\/etablissement"}],"about":[{"href":"https:\/\/foodandgood.fr\/it\/wp-json\/wp\/v2\/types\/etablissement"}],"author":[{"embeddable":true,"href":"https:\/\/foodandgood.fr\/it\/wp-json\/wp\/v2\/users\/14"}],"replies":[{"embeddable":true,"href":"https:\/\/foodandgood.fr\/it\/wp-json\/wp\/v2\/comments?post=114404"}],"version-history":[{"count":0,"href":"https:\/\/foodandgood.fr\/it\/wp-json\/wp\/v2\/etablissement\/114404\/revisions"}],"wp:attachment":[{"href":"https:\/\/foodandgood.fr\/it\/wp-json\/wp\/v2\/media?parent=114404"}],"curies":[{"name":"wp","href":"https:\/\/api.w.org\/{rel}","templated":true}]}}

La sontuosa Maison de L'Arnsbourg sorge nel mezzo di una natura lussureggiante.
Vera e propria istituzione tramandata di generazione in generazione dalla famiglia Klein, L'Arnsbourg è uno dei ristoranti più stellati di Francia.
Meta obbligata per i viaggiatori in cerca di eccellenza, emozioni e serenità, questa istituzione della Lorena si è unita alla famiglia Laure e Fabien Mengus nell'agosto 2016, aggiungendo una dimensione sensoriale senza precedenti.
A immagine della coppia, la tavola rivaleggia in eccellenza, poesia e precisione.
L'audacia dei trentenni si unisce all'umiltà e al rispetto per questa tavola emblematica.
Ci sediamo con emozione e ce ne andiamo con la promessa di tornare.
La maestosa sala da pranzo ha ricevuto una nuova vita.
I rivestimenti in legno sono stati sostituiti da toni contemporanei, come se si volesse apprezzare meglio il lussureggiante ambiente naturale che si può ammirare con impareggiabile generosità attraverso le numerose finestre a golfo.
Il servizio in sala è impeccabile, proprio come la raffinata e impareggiabile delicatezza di Laure Mengus.
La carta dei vini è straordinaria per profondità e ricchezza.
I piatti tipici dello chef Mengus, come la trilogia di Foie Gras o la declinazione di scampi, assumono qui una dimensione del tutto nuova.
Qui, la firma dello chef Mengus si combina con una nuova audacia, giusta e armoniosa.

Lunedì: Chiuso Martedì: Chiuso Mercoledì: 19:15 - 21:00 Giovedì: 12:00 - 13:30, 19:15 - 21:00 Venerdì: 12:00 - 13:30, 19:15 - 21:00 Sabato: 12:00 - 13:30, 19:15 - 21:00 Domenica: 12:00 - 13:30, 19:15 - 21:00

Fabien Mengus ha iniziato la sua carriera con François Golla al Bœuf Rouge di Niederschaeffolsheim.
Dopo essersi diplomato, si è subito trasferito ad Ascona, in Svizzera, dove ha lavorato presso il famoso Castelo Del Sol Relais & Châteaux.
Qualche anno dopo, nel 2001, è tornato in patria e si è unito al team dello chef François Paul presso Le Cygne a Gundershoffen, come Chef de Partie Poisson.
Quando arrivò, il ristorante aveva già una stella nella Guida Michelin e lui e il team fecero di tutto per ottenere la seconda stella, che fu assegnata nel 2005.
Il talento e la forte personalità di Fabien stupirono Monsieur Paul, che vide in lui un enorme potenziale.
Nel 2008, la famiglia Mengus decise di unire il proprio destino a quello di Le Cygne firmando una promessa di vendita di 3 anni.
L'acquisto è stato siglato nel 2011 e lo Chef, circondato da una brigata che già conosceva bene, ha confermato la seconda stella la stagione successiva, nel marzo 2012.
Nel corso degli anni, lo Chef ha perseguito la sua ricerca dell'eccellenza, collaborando con la moglie per sviluppare un progetto tanto audace quanto ambizioso.
Nell'aprile 2016, dopo diversi mesi di trattative, Fabien e Laure Mengus hanno concluso l'acquisizione del prestigioso ristorante L'Arnsbourg.
Per questo chef originario della regione, estendere il suo territorio di espressione alla Lorena e trarre ispirazione dall'Europa orientale e settentrionale è fonte di infinita creatività.
Per quasi 4 mesi, lo chef ha domato, abbozzato e messo a punto un menu tanto sensoriale quanto accurato per questo ristorante che ha ottenuto tre stelle.
Allo stesso tempo, ha dato il tocco finale a un progetto di lunga data: creare un'esperienza raffinata, gourmet e accessibile trasformando Le Cygne in un ristorante bistronomico elegante e senza fronzoli.
Per Fabien Mengus, stagionalità fa rima con emozione.
Con il passare dei mesi e lo svolgersi degli eterni cicli della natura, i prodotti offrono colori, sapori e consistenze diverse, promettendo sensazioni sempre nuove.
Lo Chef stellato sceglie questi prodotti con cura e passione, sublimandoli con la sua personale creatività.
Ogni menù creato dallo Chef ha una sua particolare poesia... ma sempre all'insegna dell'autenticità e del rispetto.
