 {"id":110465,"date":"2024-08-08T16:04:03","date_gmt":"2024-08-08T14:04:03","guid":{"rendered":"https:\/\/foodandgood.fr\/etablissement\/o-kam-du-terroir\/"},"modified":"2024-09-03T15:06:20","modified_gmt":"2024-09-03T13:06:20","slug":"o-kam-du-terroir","status":"publish","type":"etablissement","link":"https:\/\/foodandgood.fr\/it\/o-kam-du-terroir\/","title":{"rendered":"O Kam Du Terroir"},"excerpt":{"rendered":"","protected":false},"author":1,"comment_status":"closed","ping_status":"closed","template":"","meta":{"_acf_changed":false,"beyondwords_generate_audio":"","beyondwords_integration_method":"","beyondwords_project_id":"","beyondwords_content_id":"","beyondwords_preview_token":"","beyondwords_player_content":"","beyondwords_player_style":"","beyondwords_language_code":"","beyondwords_language_id":"","beyondwords_title_voice_id":"","beyondwords_body_voice_id":"","beyondwords_summary_voice_id":"","beyondwords_error_message":"","beyondwords_disabled":"","beyondwords_delete_content":"","beyondwords_podcast_id":"","beyondwords_hash":"","publish_post_to_speechkit":"","speechkit_hash":"","speechkit_generate_audio":"","speechkit_project_id":"","speechkit_podcast_id":"","speechkit_error_message":"","speechkit_disabled":"","speechkit_access_key":"","speechkit_error":"","speechkit_info":"","speechkit_response":"","speechkit_retries":"","speechkit_status":"","speechkit_updated_at":"","_speechkit_link":"","_speechkit_text":""},"class_list":["post-110465","etablissement","type-etablissement","status-publish","has-post-thumbnail","hentry","type-etablissement-fast-food-it"],"acf":{"id_eta_scn":"","id_app_foodandgood":"","id_exponum":49951,"abo":[],"etoile_michelin":[],"titre_presentation":"Fatto in casa","presentation":"<p>O Kam du terroir, gestito da Guillaume, nasce dalla fusione di due passioni: la cucina e l'agricoltura.\nIl desiderio di condividere e scoprire la ricchezza del terroir dei Vosgi con chiunque si fermi al food truck o lo prenda in privato, sempre con le parole d'ordine \"fatto in casa\" e \"prodotti locali\". <\/p>\n<p>Tutto ci\u00f2 che viene cucinato da O Kam du Terroir (dal manzo ai falafel e alle salse fatte in casa) \u00e8 avvolto in una galette di grano e segale, la galette vosgienne, piegata come un involucro, da gustare senza moderazione.\nPer i pi\u00f9 golosi o per chi ha voglia di qualcosa di croccante, le nostre patatine fatte in casa con una scelta di salse sono l'accompagnamento perfetto per le galette in stile Vosges. <\/p>\n","types_prestation":false,"photo":111079,"photo_bis":111080,"photo_3":111081,"adresse":{"address":"O Kam du Terroir-Food truck Vosgien, route du chemin d\u00e9partemental 417, La Forge, France","lat":48.06495579999999,"lng":6.723936499999999,"zoom":7,"place_id":"ChIJx_2zXL25k0cRWbm5SYng2qg","name":"O Kam du Terroir-Food truck Vosgien","street_number":11,"street_name":"route du chemin d\u00e9partemental 417","city":"La Forge","state":"Grand Est","post_code":88530,"country":"France","country_short":"FR"},"horaires":"<p><br><br><br><br><br><br> Luned\u00ec: Chiuso Marted\u00ec: 18:00 - 20:30 Mercoled\u00ec: 18:00 - 20:30 Gioved\u00ec: 18:00 - 20:30 Venerd\u00ec: 18:00 - 20:30 Sabato: 18:00 - 20:30 Domenica: Chiuso<\/p>\n","tel":"07 67 78 63 33","boutons":[{"title":"Sito web","link":"https:\/\/foodtruckvosgiens.wordpress.com\/"}],"boutons_reservation":"","boutons_social":null,"articles":[{"title":"","text":"","image":""}]},"_links":{"self":[{"href":"https:\/\/foodandgood.fr\/it\/wp-json\/wp\/v2\/etablissement\/110465","targetHints":{"allow":["GET"]}}],"collection":[{"href":"https:\/\/foodandgood.fr\/it\/wp-json\/wp\/v2\/etablissement"}],"about":[{"href":"https:\/\/foodandgood.fr\/it\/wp-json\/wp\/v2\/types\/etablissement"}],"author":[{"embeddable":true,"href":"https:\/\/foodandgood.fr\/it\/wp-json\/wp\/v2\/users\/1"}],"replies":[{"embeddable":true,"href":"https:\/\/foodandgood.fr\/it\/wp-json\/wp\/v2\/comments?post=110465"}],"version-history":[{"count":1,"href":"https:\/\/foodandgood.fr\/it\/wp-json\/wp\/v2\/etablissement\/110465\/revisions"}],"predecessor-version":[{"id":111088,"href":"https:\/\/foodandgood.fr\/it\/wp-json\/wp\/v2\/etablissement\/110465\/revisions\/111088"}],"wp:featuredmedia":[{"embeddable":true,"href":"https:\/\/foodandgood.fr\/it\/wp-json\/wp\/v2\/media\/110424"}],"wp:attachment":[{"href":"https:\/\/foodandgood.fr\/it\/wp-json\/wp\/v2\/media?parent=110465"}],"curies":[{"name":"wp","href":"https:\/\/api.w.org\/{rel}","templated":true}]}}

<p>O Kam du terroir, gestito da Guillaume, nasce dalla fusione di due passioni: la cucina e l'agricoltura.
Il desiderio di condividere e scoprire la ricchezza del terroir dei Vosgi con chiunque si fermi al food truck o lo prenda in privato, sempre con le parole d'ordine "fatto in casa" e "prodotti locali". </p>
<p>Tutto ciò che viene cucinato da O Kam du Terroir (dal manzo ai falafel e alle salse fatte in casa) è avvolto in una galette di grano e segale, la galette vosgienne, piegata come un involucro, da gustare senza moderazione.
Per i più golosi o per chi ha voglia di qualcosa di croccante, le nostre patatine fatte in casa con una scelta di salse sono l'accompagnamento perfetto per le galette in stile Vosges. </p>

O Kam du Terroir-Food truck Vosgien, route du chemin départemental 417, La Forge, France

route du chemin départemental 417

<p><br><br><br><br><br><br> Lunedì: Chiuso Martedì: 18:00 - 20:30 Mercoledì: 18:00 - 20:30 Giovedì: 18:00 - 20:30 Venerdì: 18:00 - 20:30 Sabato: 18:00 - 20:30 Domenica: Chiuso</p>
