 {"id":110229,"date":"2024-08-08T15:15:28","date_gmt":"2024-08-08T13:15:28","guid":{"rendered":"https:\/\/foodandgood.fr\/etablissement\/les-creas-de-la-grange\/"},"modified":"2025-04-14T11:13:55","modified_gmt":"2025-04-14T09:13:55","slug":"les-creas-de-la-grange","status":"publish","type":"etablissement","link":"https:\/\/foodandgood.fr\/it\/les-creas-de-la-grange\/","title":{"rendered":"Les Creas De La Grange"},"excerpt":{"rendered":"","protected":false},"author":1,"comment_status":"closed","ping_status":"closed","template":"","meta":{"_acf_changed":false,"beyondwords_generate_audio":"","beyondwords_integration_method":"","beyondwords_project_id":"","beyondwords_content_id":"","beyondwords_preview_token":"","beyondwords_player_content":"","beyondwords_player_style":"","beyondwords_language_code":"","beyondwords_language_id":"","beyondwords_title_voice_id":"","beyondwords_body_voice_id":"","beyondwords_summary_voice_id":"","beyondwords_error_message":"","beyondwords_disabled":"","beyondwords_delete_content":"","beyondwords_podcast_id":"","beyondwords_hash":"","publish_post_to_speechkit":"","speechkit_hash":"","speechkit_generate_audio":"","speechkit_project_id":"","speechkit_podcast_id":"","speechkit_error_message":"","speechkit_disabled":"","speechkit_access_key":"","speechkit_error":"","speechkit_info":"","speechkit_response":"","speechkit_retries":"","speechkit_status":"","speechkit_updated_at":"","_speechkit_link":"","_speechkit_text":""},"class_list":["post-110229","etablissement","type-etablissement","status-publish","has-post-thumbnail","hentry","type-etablissement-decorazione-di-design","type-etablissement-shopping-in-stile-deco"],"acf":{"id_eta_scn":"","id_app_foodandgood":"","id_exponum":"","abo":[],"etoile_michelin":[],"titre_presentation":"Artigiano creatore di oggetti in legno","presentation":"Les cr\u00e9as de la grange \u00e8 una piccola azienda artigianale che produce e vende oggetti in legno. Con sede a Moyen, nella regione francese della Lorena, privilegio la filiera corta, acquistando il legno da una segheria dei Vosgi e lavorando con specie locali. \n\nVendo principalmente articoli per la casa come taglieri, vassoi di presentazione e sottopentole, ma anche oggetti decorativi e giochi in legno.\n\nLes cr\u00e9as de la grange offre anche un servizio di incisione personalizzata: un messaggio, un'immagine o un logo da incidere su una superficie di legno? Un portachiavi o un segnalibro personalizzato?  Siete nel posto giusto!","types_prestation":false,"photo":110173,"photo_bis":110178,"photo_3":110183,"adresse":{"address":"Les cr\u00e9as de la grange, Rue du Ch\u00e2teau, Moyen, France","lat":48.4821631,"lng":6.5708847,"zoom":7,"place_id":"ChIJb3YwieGBk0cRIK97E8hFU0o","name":"Les cr\u00e9as de la grange","street_number":15,"street_name":"Rue du Ch\u00e2teau","city":"Moyen","state":"Grand Est","post_code":54118,"country":"France","country_short":"FR"},"horaires":"Luned\u00ec: 09:00 - 19:00\nMarted\u00ec: 09:00 - 19:00\nMercoled\u00ec: 09:00 - 19:00\nGioved\u00ec: 09:00 - 19:00\nVenerd\u00ec: 09:00 - 19:00\nSabato: Chiuso\nDomenica: Chiuso","tel":"07 55 63 45 44","boutons":[{"title":"Sito web","link":"https:\/\/www.lescreasdelagrange.fr\/"}],"boutons_reservation":"","boutons_social":null,"articles":[{"title":"","text":"","image":""}]},"_links":{"self":[{"href":"https:\/\/foodandgood.fr\/it\/wp-json\/wp\/v2\/etablissement\/110229","targetHints":{"allow":["GET"]}}],"collection":[{"href":"https:\/\/foodandgood.fr\/it\/wp-json\/wp\/v2\/etablissement"}],"about":[{"href":"https:\/\/foodandgood.fr\/it\/wp-json\/wp\/v2\/types\/etablissement"}],"author":[{"embeddable":true,"href":"https:\/\/foodandgood.fr\/it\/wp-json\/wp\/v2\/users\/1"}],"replies":[{"embeddable":true,"href":"https:\/\/foodandgood.fr\/it\/wp-json\/wp\/v2\/comments?post=110229"}],"version-history":[{"count":1,"href":"https:\/\/foodandgood.fr\/it\/wp-json\/wp\/v2\/etablissement\/110229\/revisions"}],"predecessor-version":[{"id":120610,"href":"https:\/\/foodandgood.fr\/it\/wp-json\/wp\/v2\/etablissement\/110229\/revisions\/120610"}],"wp:featuredmedia":[{"embeddable":true,"href":"https:\/\/foodandgood.fr\/it\/wp-json\/wp\/v2\/media\/110173"}],"wp:attachment":[{"href":"https:\/\/foodandgood.fr\/it\/wp-json\/wp\/v2\/media?parent=110229"}],"curies":[{"name":"wp","href":"https:\/\/api.w.org\/{rel}","templated":true}]}}

Les créas de la grange è una piccola azienda artigianale che produce e vende oggetti in legno. Con sede a Moyen, nella regione francese della Lorena, privilegio la filiera corta, acquistando il legno da una segheria dei Vosgi e lavorando con specie locali. 

Vendo principalmente articoli per la casa come taglieri, vassoi di presentazione e sottopentole, ma anche oggetti decorativi e giochi in legno.

Les créas de la grange offre anche un servizio di incisione personalizzata: un messaggio, un'immagine o un logo da incidere su una superficie di legno? Un portachiavi o un segnalibro personalizzato?  Siete nel posto giusto!

Les créas de la grange, Rue du Château, Moyen, France

Les créas de la grange

Rue du Château

Lunedì: 09:00 - 19:00
Martedì: 09:00 - 19:00
Mercoledì: 09:00 - 19:00
Giovedì: 09:00 - 19:00
Venerdì: 09:00 - 19:00
Sabato: Chiuso
Domenica: Chiuso
