 {"id":108907,"date":"2024-08-07T15:59:13","date_gmt":"2024-08-07T13:59:13","guid":{"rendered":"https:\/\/foodandgood.fr\/etablissement\/brasserie-la-fouillotte\/"},"modified":"2024-09-11T10:46:21","modified_gmt":"2024-09-11T08:46:21","slug":"brasserie-la-fouillotte","status":"publish","type":"etablissement","link":"https:\/\/foodandgood.fr\/it\/brasserie-la-fouillotte\/","title":{"rendered":"Brasserie La Fouillotte"},"excerpt":{"rendered":"","protected":false},"author":1,"comment_status":"closed","ping_status":"closed","template":"","meta":{"_acf_changed":false,"beyondwords_generate_audio":"","beyondwords_integration_method":"","beyondwords_project_id":"","beyondwords_content_id":"","beyondwords_preview_token":"","beyondwords_player_content":"","beyondwords_player_style":"","beyondwords_language_code":"","beyondwords_language_id":"","beyondwords_title_voice_id":"","beyondwords_body_voice_id":"","beyondwords_summary_voice_id":"","beyondwords_error_message":"","beyondwords_disabled":"","beyondwords_delete_content":"","beyondwords_podcast_id":"","beyondwords_hash":"","publish_post_to_speechkit":"","speechkit_hash":"","speechkit_generate_audio":"","speechkit_project_id":"","speechkit_podcast_id":"","speechkit_error_message":"","speechkit_disabled":"","speechkit_access_key":"","speechkit_error":"","speechkit_info":"","speechkit_response":"","speechkit_retries":"","speechkit_status":"","speechkit_updated_at":"","_speechkit_link":"","_speechkit_text":""},"class_list":["post-108907","etablissement","type-etablissement","status-publish","has-post-thumbnail","hentry","type-etablissement-birrificio-artigianale"],"acf":{"id_eta_scn":"","id_app_foodandgood":"","id_exponum":49471,"abo":["GRAT"],"etoile_michelin":[],"titre_presentation":"Creazione di birre artigianali","presentation":"<p>Offriamo un'ampia gamma di birre, prodotte con amore nel nostro birrificio di Epinal.\nSono tutte prodotte con i migliori malti e luppoli e non vengono pastorizzate per conservare tutto il loro potere aromatico.\nBionda, bianca, ambrata, stout, IPA o alla frutta, c'\u00e8 sicuramente la Fouillotte che fa per te!  <\/p>\n","types_prestation":false,"photo":109075,"photo_bis":109076,"photo_3":109077,"adresse":{"address":"Brasserie La Fouillotte, Rue Christophe Denis, \u00c9pinal, France","lat":48.1631636,"lng":6.4527297,"zoom":7,"place_id":"ChIJh2-JDoCgk0cRxYirMsSBv-Y","name":"Brasserie La Fouillotte","street_number":8,"street_name":"Rue Christophe Denis","city":"\u00c9pinal","state":"Grand Est","post_code":88000,"country":"France","country_short":"FR"},"horaires":"<p><br><br><br><br><br><br> Luned\u00ec: Chiuso Marted\u00ec: 10:00 - 18:00 Mercoled\u00ec: 10:00 - 18:00 Gioved\u00ec: 10:00 - 18:00 Venerd\u00ec: 10:00 - 18:00 Sabato: 10:00 - 17:00 Domenica: Chiuso<\/p>\n","tel":"03 29 33 03 74","boutons":[{"title":"Sito web","link":"http:\/\/www.lafouillotte.fr\/"}],"boutons_reservation":"","boutons_social":null,"articles":[{"title":"","text":"<p>La Fouillotte organizza regolarmente eventi, concerti e giornate a porte aperte presso la brasserie.<\/p>\n<h1>4 e 5 ottobre l'octoFou, il birrificio celebra il suo 8\u00b0 anniversario<\/h1>\n<p>per maggiori informazioni consulta la nostra pagina Facebook: brasserielafouilotte<\/p>\n","image":109078}]},"_links":{"self":[{"href":"https:\/\/foodandgood.fr\/it\/wp-json\/wp\/v2\/etablissement\/108907","targetHints":{"allow":["GET"]}}],"collection":[{"href":"https:\/\/foodandgood.fr\/it\/wp-json\/wp\/v2\/etablissement"}],"about":[{"href":"https:\/\/foodandgood.fr\/it\/wp-json\/wp\/v2\/types\/etablissement"}],"author":[{"embeddable":true,"href":"https:\/\/foodandgood.fr\/it\/wp-json\/wp\/v2\/users\/1"}],"replies":[{"embeddable":true,"href":"https:\/\/foodandgood.fr\/it\/wp-json\/wp\/v2\/comments?post=108907"}],"version-history":[{"count":1,"href":"https:\/\/foodandgood.fr\/it\/wp-json\/wp\/v2\/etablissement\/108907\/revisions"}],"predecessor-version":[{"id":109088,"href":"https:\/\/foodandgood.fr\/it\/wp-json\/wp\/v2\/etablissement\/108907\/revisions\/109088"}],"wp:featuredmedia":[{"embeddable":true,"href":"https:\/\/foodandgood.fr\/it\/wp-json\/wp\/v2\/media\/108843"}],"wp:attachment":[{"href":"https:\/\/foodandgood.fr\/it\/wp-json\/wp\/v2\/media?parent=108907"}],"curies":[{"name":"wp","href":"https:\/\/api.w.org\/{rel}","templated":true}]}}

<p>Offriamo un'ampia gamma di birre, prodotte con amore nel nostro birrificio di Epinal.
Sono tutte prodotte con i migliori malti e luppoli e non vengono pastorizzate per conservare tutto il loro potere aromatico.
Bionda, bianca, ambrata, stout, IPA o alla frutta, c'è sicuramente la Fouillotte che fa per te!  </p>

Brasserie La Fouillotte, Rue Christophe Denis, Épinal, France

Épinal

<p><br><br><br><br><br><br> Lunedì: Chiuso Martedì: 10:00 - 18:00 Mercoledì: 10:00 - 18:00 Giovedì: 10:00 - 18:00 Venerdì: 10:00 - 18:00 Sabato: 10:00 - 17:00 Domenica: Chiuso</p>
