 {"id":108731,"date":"2024-08-07T15:06:52","date_gmt":"2024-08-07T13:06:52","guid":{"rendered":"https:\/\/foodandgood.fr\/etablissement\/brasserie-coop-grenaille\/"},"modified":"2024-10-16T14:35:01","modified_gmt":"2024-10-16T12:35:01","slug":"brasserie-coop-grenaille","status":"publish","type":"etablissement","link":"https:\/\/foodandgood.fr\/it\/brasserie-coop-grenaille\/","title":{"rendered":"Brasserie Grenaille"},"excerpt":{"rendered":"","protected":false},"author":1,"comment_status":"closed","ping_status":"closed","template":"","meta":{"_acf_changed":false,"beyondwords_generate_audio":"","beyondwords_integration_method":"","beyondwords_project_id":"","beyondwords_content_id":"","beyondwords_preview_token":"","beyondwords_player_content":"","beyondwords_player_style":"","beyondwords_language_code":"","beyondwords_language_id":"","beyondwords_title_voice_id":"","beyondwords_body_voice_id":"","beyondwords_summary_voice_id":"","beyondwords_error_message":"","beyondwords_disabled":"","beyondwords_delete_content":"","beyondwords_podcast_id":"","beyondwords_hash":"","publish_post_to_speechkit":"","speechkit_hash":"","speechkit_generate_audio":"","speechkit_project_id":"","speechkit_podcast_id":"","speechkit_error_message":"","speechkit_disabled":"","speechkit_access_key":"","speechkit_error":"","speechkit_info":"","speechkit_response":"","speechkit_retries":"","speechkit_status":"","speechkit_updated_at":"","_speechkit_link":"","_speechkit_text":""},"class_list":["post-108731","etablissement","type-etablissement","status-publish","has-post-thumbnail","hentry","type-etablissement-birrificio-artigianale"],"acf":{"id_eta_scn":"","id_app_foodandgood":"","id_exponum":"","abo":[],"etoile_michelin":[],"titre_presentation":"Birrificio cooperativo","presentation":"<p>Tutte le birre della Brasserie GRENAILLE sono prodotte in loco a Rosi\u00e8res aux Salines, con un metodo tradizionale, a mano.<\/p>\n<p>Si tratta di birre ad alta fermentazione, non filtrate, non pastorizzate e rifermentate in bottiglia.\nSono prodotte con il marchio \"Nature & Progr\u00e8s\". <\/p>\n<p>Le birre Grenaille sono quindi prodotte secondo un disciplinare che tiene conto di un approccio ecologico globale e solidale.<\/p>\n<p>I malti e i luppoli vengono scelti in base alla loro qualit\u00e0 e alla loro origine (coltivati biologicamente e il pi\u00f9 possibile locali).<\/p>\n","types_prestation":false,"photo":108685,"photo_bis":109064,"photo_3":109065,"adresse":{"address":"Brasserie Grenaille, Rue du Capitaine Malhorty, Rosi\u00e8res-aux-Salines, France","lat":48.5961453,"lng":6.335283200000001,"zoom":7,"place_id":"ChIJy9dnj32dlEcRP7zmsWoWsok","name":"Brasserie Grenaille","street_number":39,"street_name":"Rue du Capitaine Malhorty","city":"Rosi\u00e8res-aux-Salines","state":"Grand Est","post_code":54110,"country":"France","country_short":"FR"},"horaires":"<p><br><br><br><br><br><br> Luned\u00ec: Chiuso Marted\u00ec: Chiuso Mercoled\u00ec: Chiuso Gioved\u00ec: Chiuso Venerd\u00ec: 16:00 - 20:00 Sabato: Chiuso Domenica: Chiuso<\/p>\n","tel":"06 49 92 89 83","boutons":[{"title":"Sito web","link":"https:\/\/www.grenaille.fr"}],"boutons_reservation":"","boutons_social":null,"articles":[{"title":"","text":"<p><br><br><br> Mercati biologici Concerti Mostre ecc.<\/p>\n","image":122786}]},"_links":{"self":[{"href":"https:\/\/foodandgood.fr\/it\/wp-json\/wp\/v2\/etablissement\/108731","targetHints":{"allow":["GET"]}}],"collection":[{"href":"https:\/\/foodandgood.fr\/it\/wp-json\/wp\/v2\/etablissement"}],"about":[{"href":"https:\/\/foodandgood.fr\/it\/wp-json\/wp\/v2\/types\/etablissement"}],"author":[{"embeddable":true,"href":"https:\/\/foodandgood.fr\/it\/wp-json\/wp\/v2\/users\/1"}],"replies":[{"embeddable":true,"href":"https:\/\/foodandgood.fr\/it\/wp-json\/wp\/v2\/comments?post=108731"}],"version-history":[{"count":1,"href":"https:\/\/foodandgood.fr\/it\/wp-json\/wp\/v2\/etablissement\/108731\/revisions"}],"predecessor-version":[{"id":109061,"href":"https:\/\/foodandgood.fr\/it\/wp-json\/wp\/v2\/etablissement\/108731\/revisions\/109061"}],"wp:featuredmedia":[{"embeddable":true,"href":"https:\/\/foodandgood.fr\/it\/wp-json\/wp\/v2\/media\/108685"}],"wp:attachment":[{"href":"https:\/\/foodandgood.fr\/it\/wp-json\/wp\/v2\/media?parent=108731"}],"curies":[{"name":"wp","href":"https:\/\/api.w.org\/{rel}","templated":true}]}}

<p>Tutte le birre della Brasserie GRENAILLE sono prodotte in loco a Rosières aux Salines, con un metodo tradizionale, a mano.</p>
<p>Si tratta di birre ad alta fermentazione, non filtrate, non pastorizzate e rifermentate in bottiglia.
Sono prodotte con il marchio "Nature & Progrès". </p>
<p>Le birre Grenaille sono quindi prodotte secondo un disciplinare che tiene conto di un approccio ecologico globale e solidale.</p>
<p>I malti e i luppoli vengono scelti in base alla loro qualità e alla loro origine (coltivati biologicamente e il più possibile locali).</p>

Brasserie Grenaille, Rue du Capitaine Malhorty, Rosières-aux-Salines, France

Rosières-aux-Salines

<p><br><br><br><br><br><br> Lunedì: Chiuso Martedì: Chiuso Mercoledì: Chiuso Giovedì: Chiuso Venerdì: 16:00 - 20:00 Sabato: Chiuso Domenica: Chiuso</p>
